000
CXUS54 KBMX 011010
CF6TCL
PRELIMINARY LOCAL CLIMATOLOGICAL DATA (WS FORM: F-6)
STATION: TUSCALOOSA
MONTH: AUGUST
YEAR: 2022
LATITUDE: 33 13 N
LONGITUDE: 87 37 W
TEMPERATURE IN F: :PCPN: SNOW: WIND :SUNSHINE: SKY :PK WND
================================================================================
1 2 3 4 5 6A 6B 7 8 9 10 11 12 13 14 15 16 17 18
12Z AVG MX 2MIN
DY MAX MIN AVG DEP HDD CDD WTR SNW DPTH SPD SPD DIR MIN PSBL S-S WX SPD DR
================================================================================
1 91 74 83 1 0 18 T 0.0 0 4.1 15 190 M M 1 19 190
2 91 74 83 1 0 18 0.01 0.0 0 4.8 21 190 M M 4 3 26 210
3 89 74 82 0 0 17 0.00 0.0 0 4.2 10 190 M M 6 1 13 200
4 90 73 82 0 0 17 0.02 0.0 0 3.2 14 140 M M 4 1 19 150
5 94 72 83 1 0 18 0.00 0.0 0 2.5 12 210 M M 0 1 15 210
6 92 73 83 1 0 18 T 0.0 0 3.1 16 100 M M 1 3 27 90
7 93 73 83 1 0 18 0.00 0.0 0 3.9 24 30 M M 1 3 28 30
8 92 73 83 1 0 18 0.00 0.0 0 3.7 14 180 M M 0 138 20 170
9 91 72 82 0 0 17 0.00 0.0 0 3.3 12 170 M M 3 17 160
10 87 74 81 -1 0 16 0.55 0.0 0 4.6 20 240 M M 3 1238 24 250
11 90 73 82 0 0 17 T 0.0 0 3.4 14 150 M M 5 3 19 150
12 93 73 83 1 0 18 0.00 0.0 0 2.9 13 20 M M 4 1 15 30
13 93 68 81 -1 0 16 0.00 0.0 0 2.5 8 350 M M 0 11 260
14 94 71 83 1 0 18 0.00 0.0 0 2.4 8 210 M M 0 1 11 190
15 95 73 84 2 0 19 T 0.0 0 4.1 13 40 M M 1 13 17 30
16 92 69 81 -1 0 16 0.00 0.0 0 4.2 14 30 M M 0 1 20 30
17 80 71 76 -6 0 11 0.23 0.0 0 3.3 10 20 M M 7 1 13 20
18 88 70 79 -3 0 14 0.00 0.0 0 3.8 8 60 M M 5 11 80
19 89 72 81 0 0 16 T 0.0 0 4.6 13 200 M M 5 1 16 200
20 89 72 81 0 0 16 2.19 0.0 0 5.1 16 240 M M 6 13 22 260
21 87 72 80 -1 0 15 0.28 0.0 0 2.6 18 230 M M 7 13 25 240
22 80 74 77 -4 0 12 0.16 0.0 0 2.3 9 30 M M 8 1 12 20
23 80 71 76 -5 0 11 0.29 0.0 0 1.3 8 240 M M 8 1 10 240
24 76 72 74 -7 0 9 0.60 0.0 0 3.4 10 100 M M 7 1 13 100
25 85 73 79 -2 0 14 T 0.0 0 3.9 15 190 M M 7 19 180
26 89 74 82 1 0 17 0.00 0.0 0 1.5 8 250 M M 5 1 11 260
27 91 75 83 2 0 18 0.00 0.0 0 1.9 14 230 M M 4 123 17 230
28 91 72 82 2 0 17 0.00 0.0 0 2.5 12 200 M M 3 1 13 210
29 93 73 83 3 0 18 0.00 0.0 0 2.6 10 200 M M 2 1 13 200
30 89 72 81 1 0 16 0.20 0.0 0 2.2 25 360 M M 2 138 34 340
31 92 70 81 1 0 16 0.00 0.0 0 3.4 13 10 M M 4 12 17 30
================================================================================
SM 2766 2242 0 499 4.53 0.0 101.3 M 113
================================================================================
AV 89.2 72.3 3.3 FASTST M M 4 MAX(MPH)
MISC ----> 25 360 34 340
================================================================================
NOTES:
# LAST OF SEVERAL OCCURRENCES
COLUMN 17 PEAK WIND IN M.P.H.
PRELIMINARY LOCAL CLIMATOLOGICAL DATA (WS FORM: F-6) , PAGE 2
STATION: TUSCALOOSA
MONTH: AUGUST
YEAR: 2022
LATITUDE: 33 13 N
LONGITUDE: 87 37 W
[TEMPERATURE DATA] [PRECIPITATION DATA] SYMBOLS USED IN COLUMN 16
AVERAGE MONTHLY: 80.8 TOTAL FOR MONTH: 4.53 1 = FOG OR MIST
DPTR FM NORMAL: -0.7 DPTR FM NORMAL: 0.17 2 = FOG REDUCING VISIBILITY
HIGHEST: 95 ON 15 GRTST 24HR 2.19 ON 20-20 TO 1/4 MILE OR LESS
LOWEST: 68 ON 13 3 = THUNDER
SNOW, ICE PELLETS, HAIL 4 = ICE PELLETS
TOTAL MONTH: 0.0 INCH 5 = HAIL
GRTST 24HR 0.0 6 = FREEZING RAIN OR DRIZZLE
GRTST DEPTH: 0 7 = DUSTSTORM OR SANDSTORM:
VSBY 1/2 MILE OR LESS
8 = SMOKE OR HAZE
[NO. OF DAYS WITH] [WEATHER - DAYS WITH] 9 = BLOWING SNOW
X = TORNADO
MAX 32 OR BELOW: 0 0.01 INCH OR MORE: 10
MAX 90 OR ABOVE: 18 0.10 INCH OR MORE: 8
MIN 32 OR BELOW: 0 0.50 INCH OR MORE: 3
MIN 0 OR BELOW: 0 1.00 INCH OR MORE: 1
[HDD (BASE 65) ]
TOTAL THIS MO. 0 CLEAR (SCALE 0-3) 13
DPTR FM NORMAL 0 PTCLDY (SCALE 4-7) 18
TOTAL FM JUL 1 0 CLOUDY (SCALE 8-10) 0
DPTR FM NORMAL 0
[CDD (BASE 65) ]
TOTAL THIS MO. 499
DPTR FM NORMAL -11 [PRESSURE DATA]
TOTAL FM JAN 1 2062 HIGHEST SLP 30.22 ON 7
DPTR FM NORMAL 266 LOWEST SLP 29.83 ON 15
[REMARKS]
#FINAL-08-22#