000
CXUS54 KBMX 011010
CF6TCL
PRELIMINARY LOCAL CLIMATOLOGICAL DATA (WS FORM: F-6)
STATION: TUSCALOOSA
MONTH: JULY
YEAR: 2022
LATITUDE: 33 13 N
LONGITUDE: 87 37 W
TEMPERATURE IN F: :PCPN: SNOW: WIND :SUNSHINE: SKY :PK WND
================================================================================
1 2 3 4 5 6A 6B 7 8 9 10 11 12 13 14 15 16 17 18
12Z AVG MX 2MIN
DY MAX MIN AVG DEP HDD CDD WTR SNW DPTH SPD SPD DIR MIN PSBL S-S WX SPD DR
================================================================================
1 91 73 82 1 0 17 0.00 0.0 0 4.6 13 210 M M 1 1 17 200
2 93 73 83 2 0 18 T 0.0 0 3.3 22 190 M M 2 27 190
3 92 75 84 3 0 19 0.56 0.0 0 2.8 17 350 M M 4 13 25 350
4 95 74 85 4 0 20 0.18 0.0 0 2.8 24 170 M M 3 13 32 180
5 95 75 85 3 0 20 0.03 0.0 0 1.5 16 130 M M 4 13 23 140
6 93 75 84 2 0 19 0.00 0.0 0 3.4 12 170 M M 2 1 15 180
7 97 76 87 5 0 22 0.00 0.0 0 3.1 10 210 M M 1 1 14 200
8 98 76 87 5 0 22 0.00 0.0 M 3.8 10 180 M M 1 13 14 160
9 99 74 87 5 0 22 0.52 0.0 0 5.5 38 360 M M 2 13 45 360
10 89 73 81 -1 0 16 0.03 0.0 0 2.5 15 40 M M 6 13 19 40
11 94 72 83 1 0 18 0.00 0.0 M 4.3 12 130 M M 1 1 16 130
12 93 74 84 2 0 19 0.00 0.0 M 2.9 13 170 M M 4 16 180
13 95 74 85 3 0 20 0.61 0.0 0 2.5 17 190 M M 4 123 21 180
14 90 73 82 0 0 17 0.00 0.0 0 2.7 15 80 M M 4 1 20 120
15 93 72 83 1 0 18 0.00 0.0 0 1.7 7 200 M M 2 10 190
16 93 72 83 1 0 18 0.00 0.0 0 2.3 12 200 M M 0 1 15 200
17 93 73 83 1 0 18 0.00 0.0 M 4.6 13 180 M M 1 1 17 170
18 92 74 83 1 0 18 0.00 0.0 0 5.9 15 250 M M 2 20 230
19 90 72 81 -1 0 16 0.18 0.0 M 5.3 23 290 M M 1 13 31 280
20 97 77 87 5 0 22 0.00 0.0 0 6.5 14 240 M M 1 18 190
21 96 74 85 3 0 20 0.01 0.0 0 8.1 18 180 M M 4 3 26 170
22 86 73 80 -2 0 15 0.02 0.0 0 4.0 14 210 M M 3 18 140
23 92 72 82 0 0 17 0.18 0.0 0 2.6 24 180 M M 1 13 32 170
24 93 75 84 2 0 19 0.00 0.0 0 3.3 12 180 M M 1 15 180
25 93 74 84 2 0 19 0.00 0.0 0 3.4 18 190 M M 2 3 26 180
26 93 74 84 2 0 19 0.00 0.0 0 5.0 12 190 M M 3 15 170
27 95 74 85 3 0 20 T 0.0 0 4.8 13 190 M M 1 16 190
28 96 75 86 4 0 21 0.00 0.0 0 5.5 14 180 M M 1 17 190
29 96 76 86 4 0 21 0.00 0.0 0 4.8 14 200 M M 2 17 200
30 92 75 84 2 0 19 4.33 0.0 0 4.7 21 290 M M 4 138 29 290
31 92 74 83 1 0 18 0.00 0.0 M 3.7 16 320 M M 5 1 24 340
================================================================================
SM 2896 2293 0 587 6.65 0.0 121.9 M 73
================================================================================
AV 93.4 74.0 3.9 FASTST M M 2 MAX(MPH)
MISC ----> 38 360 45 360
================================================================================
NOTES:
# LAST OF SEVERAL OCCURRENCES
COLUMN 17 PEAK WIND IN M.P.H.
PRELIMINARY LOCAL CLIMATOLOGICAL DATA (WS FORM: F-6) , PAGE 2
STATION: TUSCALOOSA
MONTH: JULY
YEAR: 2022
LATITUDE: 33 13 N
LONGITUDE: 87 37 W
[TEMPERATURE DATA] [PRECIPITATION DATA] SYMBOLS USED IN COLUMN 16
AVERAGE MONTHLY: 83.7 TOTAL FOR MONTH: 6.65 1 = FOG OR MIST
DPTR FM NORMAL: 1.8 DPTR FM NORMAL: 2.48 2 = FOG REDUCING VISIBILITY
HIGHEST: 99 ON 9 GRTST 24HR 4.33 ON 30-30 TO 1/4 MILE OR LESS
LOWEST: 72 ON 23,19 3 = THUNDER
SNOW, ICE PELLETS, HAIL 4 = ICE PELLETS
TOTAL MONTH: 0.0 INCH 5 = HAIL
GRTST 24HR 0.0 6 = FREEZING RAIN OR DRIZZLE
GRTST DEPTH: 0 7 = DUSTSTORM OR SANDSTORM:
VSBY 1/2 MILE OR LESS
8 = SMOKE OR HAZE
[NO. OF DAYS WITH] [WEATHER - DAYS WITH] 9 = BLOWING SNOW
X = TORNADO
MAX 32 OR BELOW: 0 0.01 INCH OR MORE: 11
MAX 90 OR ABOVE: 29 0.10 INCH OR MORE: 7
MIN 32 OR BELOW: 0 0.50 INCH OR MORE: 4
MIN 0 OR BELOW: 0 1.00 INCH OR MORE: 1
[HDD (BASE 65) ]
TOTAL THIS MO. 0 CLEAR (SCALE 0-3) 22
DPTR FM NORMAL 0 PTCLDY (SCALE 4-7) 9
TOTAL FM JUL 1 0 CLOUDY (SCALE 8-10) 0
DPTR FM NORMAL 0
[CDD (BASE 65) ]
TOTAL THIS MO. 587
DPTR FM NORMAL 62 [PRESSURE DATA]
TOTAL FM JAN 1 1563 HIGHEST SLP 30.21 ON 31
DPTR FM NORMAL 277 LOWEST SLP 29.83 ON 11
[REMARKS]
#FINAL-07-22#