000
CXUS54 KBMX 011010
CF6TCL
PRELIMINARY LOCAL CLIMATOLOGICAL DATA (WS FORM: F-6)
STATION: TUSCALOOSA
MONTH: JUNE
YEAR: 2021
LATITUDE: 33 13 N
LONGITUDE: 87 37 W
TEMPERATURE IN F: :PCPN: SNOW: WIND :SUNSHINE: SKY :PK WND
================================================================================
1 2 3 4 5 6A 6B 7 8 9 10 11 12 13 14 15 16 17 18
12Z AVG MX 2MIN
DY MAX MIN AVG DEP HDD CDD WTR SNW DPTH SPD SPD DIR MIN PSBL S-S WX SPD DR
================================================================================
1 90 62 76 0 0 11 0.12 0.0 0 5.4 12 220 M M 2 1 25 220
2 88 72 80 3 0 15 0.02 0.0 0 7.1 17 200 M M 6 13 27 210
3 88 70 79 2 0 14 0.03 0.0 0 4.3 13 250 M M 6 1 16 240
4 84 66 75 -2 0 10 0.00 0.0 0 1.8 9 180 M M 0 1 11 180
5 85 70 78 1 0 13 0.04 0.0 0 2.4 12 180 M M 4 1 15 180
6 77 69 73 -5 0 8 2.16 0.0 0 6.4 18 230 M M 8 123 27 230
7 87 69 78 0 0 13 0.44 0.0 0 5.2 16 170 M M 6 13 26 170
8 88 70 79 1 0 14 0.11 0.0 0 6.5 32 170 M M 6 13 41 170
9 89 71 80 2 0 15 0.90 0.0 M 6.7 22 220 M M 7 123 28 230
10 82 71 77 -1 0 12 0.92 0.0 0 3.0 9 180 M M 7 1 12 180
11 79 71 75 -3 0 10 0.99 0.0 0 3.1 17 320 M M 6 13 24 340
12 90 69 80 1 0 15 1.09 0.0 0 4.4 30 10 M M 3 123 42 350
13 93 68 81 2 0 16 0.25 0.0 0 2.4 23 360 M M 1 13 32 360
14 95 70 83 4 0 18 0.02 0.0 M 3.1 10 50 M M 3 13 13 20
15 94 68 81 2 0 16 0.00 0.0 0 4.6 16 20 M M 0 18 19 10
16 89 64 77 -2 0 12 0.00 0.0 0 3.7 16 30 M M 0 22 30
17 91 64 78 -2 0 13 M 0.0 0 3.0 16 30 M M 0 1 20 50
18 92 65 79 -1 0 14 0.00 0.0 0 4.3 17 190 M M 1 18 22 190
19 78 72 75 -5 0 10 8.16 0.0 0 8.6 21 50 M M 8 123 27 60
20 90 70 80 0 0 15 0.00 0.0 0 6.7 24 40 M M 1 13 29 60
21 87 75 81 1 0 16 0.79 0.0 0 7.1 23 240 M M 7 138 30 240
22 84 66 75 -5 0 10 0.24 0.0 0 5.0 14 360 M M 5 1 17 360
23 88 64 76 -4 0 11 0.00 0.0 0 2.4 9 170 M M 2 1 13 190
24 91 69 80 0 0 15 T 0.0 0 4.1 9 70 M M 3 M M
25 88 73 81 0 0 16 0.00 0.0 0 6.3 12 140 M M 5 1 17 130
26 90 71 81 0 0 16 0.00 0.0 0 5.4 12 170 M M 1 17 170
27 92 73 83 2 0 18 T 0.0 0 5.4 17 130 M M 2 25 130
28 92 71 82 1 0 17 0.00 0.0 0 4.7 12 80 M M 1 16 140
29 86 71 79 -2 0 14 T 0.0 0 2.3 12 200 M M 3 1 16 210
30 92 71 82 1 0 17 0.04 0.0 0 4.0 13 140 M M 3 1 18 150
================================================================================
SM 2639 2075 0 414 16.32 0.0 139.4 M 107
================================================================================
AV 88.0 69.2 4.6 FASTST M M 4 MAX(MPH)
MISC ----> 32 170 42 350
================================================================================
NOTES:
# LAST OF SEVERAL OCCURRENCES
COLUMN 17 PEAK WIND IN M.P.H.
PRELIMINARY LOCAL CLIMATOLOGICAL DATA (WS FORM: F-6) , PAGE 2
STATION: TUSCALOOSA
MONTH: JUNE
YEAR: 2021
LATITUDE: 33 13 N
LONGITUDE: 87 37 W
[TEMPERATURE DATA] [PRECIPITATION DATA] SYMBOLS USED IN COLUMN 16
AVERAGE MONTHLY: 78.6 TOTAL FOR MONTH: 16.32 1 = FOG OR MIST
DPTR FM NORMAL: -0.5 DPTR FM NORMAL: 11.65 2 = FOG REDUCING VISIBILITY
HIGHEST: 95 ON 14 GRTST 24HR 8.16 ON 19-19 TO 1/4 MILE OR LESS
LOWEST: 62 ON 1 3 = THUNDER
SNOW, ICE PELLETS, HAIL 4 = ICE PELLETS
TOTAL MONTH: 0.0 INCH 5 = HAIL
GRTST 24HR 0.0 6 = FREEZING RAIN OR DRIZZLE
GRTST DEPTH: 0 7 = DUSTSTORM OR SANDSTORM:
VSBY 1/2 MILE OR LESS
8 = SMOKE OR HAZE
[NO. OF DAYS WITH] [WEATHER - DAYS WITH] 9 = BLOWING SNOW
X = TORNADO
MAX 32 OR BELOW: 0 0.01 INCH OR MORE: 17
MAX 90 OR ABOVE: 13 0.10 INCH OR MORE: 12
MIN 32 OR BELOW: 0 0.50 INCH OR MORE: 7
MIN 0 OR BELOW: 0 1.00 INCH OR MORE: 3
[HDD (BASE 65) ]
TOTAL THIS MO. 0 CLEAR (SCALE 0-3) 15
DPTR FM NORMAL 0 PTCLDY (SCALE 4-7) 14
TOTAL FM JUL 1 2243 CLOUDY (SCALE 8-10) 1
DPTR FM NORMAL -167
[CDD (BASE 65) ]
TOTAL THIS MO. 414
DPTR FM NORMAL -9 [PRESSURE DATA]
TOTAL FM JAN 1 743 HIGHEST SLP 30.20 ON 29
DPTR FM NORMAL -18 LOWEST SLP 29.68 ON 19
[REMARKS]
#FINAL-06-21#