000
CXUS54 KBMX 011010
CF6TCL
PRELIMINARY LOCAL CLIMATOLOGICAL DATA (WS FORM: F-6)
STATION: TUSCALOOSA
MONTH: MAY
YEAR: 2021
LATITUDE: 33 13 N
LONGITUDE: 87 37 W
TEMPERATURE IN F: :PCPN: SNOW: WIND :SUNSHINE: SKY :PK WND
================================================================================
1 2 3 4 5 6A 6B 7 8 9 10 11 12 13 14 15 16 17 18
12Z AVG MX 2MIN
DY MAX MIN AVG DEP HDD CDD WTR SNW DPTH SPD SPD DIR MIN PSBL S-S WX SPD DR
================================================================================
1 85 53 69 1 0 4 0.00 0.0 0 4.1 18 30 M M 0 18 23 50
2 80 61 71 3 0 6 0.03 0.0 0 6.5 18 170 M M 5 25 170
3 90 69 80 12 0 15 T 0.0 0 9.9 22 210 M M 5 13 29 210
4 83 64 74 5 0 9 2.76 0.0 M 8.5 23 310 M M 7 123 37 320
5 74 58 66 -3 0 1 T 0.0 0 5.2 13 320 M M 8 1 17 310
6 77 51 64 -5 1 0 T 0.0 0 5.4 25 350 M M 1 1 37 10
7 74 50 62 -8 3 0 0.00 0.0 0 5.2 16 30 M M 0 18 21 20
8 81 49 65 -5 0 0 0.00 0.0 0 3.8 10 180 M M 0 18 14 180
9 86 59 73 3 0 8 0.40 0.0 0 9.4 21 200 M M 3 13 29 190
10 78 64 71 1 0 6 0.28 0.0 0 6.5 14 360 M M 10 1 17 10
11 72 61 67 -4 0 2 0.02 0.0 0 4.8 16 10 M M 9 1 20 20
12 74 58 66 -5 0 1 0.27 0.0 0 8.5 17 40 M M 7 18 22 40
13 76 54 65 -6 0 0 0.00 0.0 0 4.5 14 20 M M 3 17 20
14 79 50 65 -7 0 0 0.00 0.0 0 2.2 10 10 M M 1 16 20
15 81 51 66 -6 0 1 0.00 0.0 0 2.6 8 200 M M 1 17 200
16 83 55 69 -3 0 4 0.00 0.0 0 2.6 13 180 M M 0 16 240
17 85 58 72 0 0 7 T 0.0 0 6.5 17 180 M M 2 25 180
18 80 70 75 2 0 10 0.01 0.0 M 6.5 12 60 M M 7 18 160
19 87 71 79 6 0 14 T 0.0 0 9.3 20 110 M M 1 35 100
20 86 69 78 5 0 13 0.00 0.0 0 9.4 16 140 M M 1 27 110
21 87 67 77 3 0 12 0.00 0.0 0 8.6 16 150 M M 1 25 150
22 88 64 76 2 0 11 0.00 0.0 0 4.7 15 70 M M 1 8 19 70
23 91 59 75 1 0 10 0.00 0.0 0 1.8 9 260 M M 1 18 13 290
24 92 62 77 3 0 12 0.00 0.0 0 1.3 9 240 M M 2 18 11 240
25 92 65 79 4 0 14 0.00 0.0 0 3.7 16 190 M M 0 18 19 200
26 87 63 75 0 0 10 0.37 0.0 0 5.9 21 260 M M 4 13 25 260
27 90 70 80 5 0 15 0.15 0.0 0 4.0 12 200 M M 5 1 15 240
28 87 68 78 2 0 13 0.35 0.0 0 5.7 24 320 M M 2 13 33 320
29 73 57 65 -11 0 0 0.00 0.0 0 8.1 16 10 M M 4 22 280
30 78 54 66 -10 0 1 0.00 0.0 0 6.1 15 10 M M 3 19 10
31 85 54 70 -6 0 5 0.00 0.0 0 3.1 12 180 M M 1 17 180
================================================================================
SM 2561 1858 4 204 4.64 0.0 174.4 M 95
================================================================================
AV 82.6 59.9 5.6 FASTST M M 3 MAX(MPH)
MISC ----> 25 350 # 37 320
================================================================================
NOTES:
# LAST OF SEVERAL OCCURRENCES
COLUMN 17 PEAK WIND IN M.P.H.
PRELIMINARY LOCAL CLIMATOLOGICAL DATA (WS FORM: F-6) , PAGE 2
STATION: TUSCALOOSA
MONTH: MAY
YEAR: 2021
LATITUDE: 33 13 N
LONGITUDE: 87 37 W
[TEMPERATURE DATA] [PRECIPITATION DATA] SYMBOLS USED IN COLUMN 16
AVERAGE MONTHLY: 71.3 TOTAL FOR MONTH: 4.64 1 = FOG OR MIST
DPTR FM NORMAL: -0.9 DPTR FM NORMAL: 1.00 2 = FOG REDUCING VISIBILITY
HIGHEST: 92 ON 25,24 GRTST 24HR 2.76 ON 4- 4 TO 1/4 MILE OR LESS
LOWEST: 49 ON 8 3 = THUNDER
SNOW, ICE PELLETS, HAIL 4 = ICE PELLETS
TOTAL MONTH: 0.0 INCH 5 = HAIL
GRTST 24HR 0.0 6 = FREEZING RAIN OR DRIZZLE
GRTST DEPTH: 0 7 = DUSTSTORM OR SANDSTORM:
VSBY 1/2 MILE OR LESS
8 = SMOKE OR HAZE
[NO. OF DAYS WITH] [WEATHER - DAYS WITH] 9 = BLOWING SNOW
X = TORNADO
MAX 32 OR BELOW: 0 0.01 INCH OR MORE: 10
MAX 90 OR ABOVE: 5 0.10 INCH OR MORE: 7
MIN 32 OR BELOW: 0 0.50 INCH OR MORE: 1
MIN 0 OR BELOW: 0 1.00 INCH OR MORE: 1
[HDD (BASE 65) ]
TOTAL THIS MO. 4 CLEAR (SCALE 0-3) 19
DPTR FM NORMAL -13 PTCLDY (SCALE 4-7) 10
TOTAL FM JUL 1 2243 CLOUDY (SCALE 8-10) 2
DPTR FM NORMAL -163
[CDD (BASE 65) ]
TOTAL THIS MO. 204
DPTR FM NORMAL -34 [PRESSURE DATA]
TOTAL FM JAN 1 329 HIGHEST SLP M ON M
DPTR FM NORMAL -9 LOWEST SLP 29.72 ON 3
[REMARKS]
#FINAL-05-21#