000
CXUS54 KBMX 011010
CF6TCL
PRELIMINARY LOCAL CLIMATOLOGICAL DATA (WS FORM: F-6)
STATION: TUSCALOOSA
MONTH: SEPTEMBER
YEAR: 2023
LATITUDE: 33 13 N
LONGITUDE: 87 37 W
TEMPERATURE IN F: :PCPN: SNOW: WIND :SUNSHINE: SKY :PK WND
================================================================================
1 2 3 4 5 6A 6B 7 8 9 10 11 12 13 14 15 16 17 18
12Z AVG MX 2MIN
DY MAX MIN AVG DEP HDD CDD WTR SNW DPTH SPD SPD DIR MIN PSBL S-S WX SPD DR
================================================================================
1 89 72 81 1 0 16 0.36 0.0 0 6.5 15 80 M M 7 13 24 70
2 85 71 78 -2 0 13 0.15 0.0 0 4.9 13 90 M M 7 18 21 100
3 87 71 79 -1 0 14 T 0.0 0 2.2 8 250 M M 8 1 13 240
4 89 75 82 3 0 17 0.00 0.0 M 3.0 10 180 M M 5 1 15 210
5 92 72 82 3 0 17 0.00 0.0 M 3.6 10 190 M M 1 19 230
6 93 70 82 3 0 17 T 0.0 M 3.0 12 320 M M 2 17 240
7 91 67 79 0 0 14 T 0.0 M 3.4 12 300 M M 1 1 16 280
8 88 63 76 -2 0 11 0.00 0.0 0 4.2 15 350 M M 0 18 20 360
9 92 64 78 0 0 13 T 0.0 0 4.6 14 350 M M 2 1 19 350
10 91 65 78 0 0 13 0.00 0.0 0 4.0 10 320 M M 1 14 310
11 94 68 81 3 0 16 0.00 0.0 0 2.7 12 300 M M 2 1 16 290
12 96 66 81 3 0 16 0.00 0.0 0 4.2 16 30 M M 1 1 20 30
13 90 72 81 4 0 16 T 0.0 0 5.0 15 20 M M 4 18 10
14 82 70 76 -1 0 11 T 0.0 0 5.4 12 10 M M 8 16 10
15 90 69 80 3 0 15 0.00 0.0 0 3.8 10 100 M M 5 17 110
16 87 72 80 4 0 15 0.01 0.0 0 3.0 10 60 M M 6 3 14 60
17 90 60 75 -1 0 10 0.00 0.0 0 4.7 15 350 M M 2 1 24 350
18 87 56 72 -4 0 7 0.00 0.0 0 2.7 16 290 M M 0 1 20 300
19 87 55 71 -5 0 6 0.00 0.0 0 3.3 13 220 M M 0 18 200
20 88 62 75 0 0 10 0.00 0.0 0 4.1 12 150 M M 0 19 150
21 90 65 78 3 0 13 0.00 0.0 0 5.5 16 40 M M 2 20 40
22 89 63 76 1 0 11 0.00 0.0 0 3.1 12 30 M M 1 16 90
23 92 59 76 2 0 11 0.00 0.0 0 2.0 15 10 M M 1 1 19 40
24 92 58 75 1 0 10 0.00 0.0 0 2.1 13 200 M M 0 1 19 210
25 91 68 80 6 0 15 0.64 0.0 0 2.8 22 40 M M 4 13 33 40
26 92 66 79 6 0 14 T 0.0 0 2.3 8 110 M M 1 1 14 150
27 88 66 77 4 0 12 0.00 0.0 M 5.4 12 100 M M 1 1 20 150
28 84 63 74 2 0 9 0.00 0.0 M 3.9 9 110 M M 2 16 90
29 89 58 74 2 0 9 0.00 0.0 0 2.3 9 90 M M 0 1 15 130
30 92 63 78 6 0 13 0.00 0.0 0 1.6 9 350 M M 1 15 20
================================================================================
SM 2687 1969 0 384 1.16 0.0 109.3 M 75
================================================================================
AV 89.6 65.6 3.6 FASTST M M 3 MAX(MPH)
MISC ----> 22 40 33 40
================================================================================
NOTES:
# LAST OF SEVERAL OCCURRENCES
COLUMN 17 PEAK WIND IN M.P.H.
PRELIMINARY LOCAL CLIMATOLOGICAL DATA (WS FORM: F-6) , PAGE 2
STATION: TUSCALOOSA
MONTH: SEPTEMBER
YEAR: 2023
LATITUDE: 33 13 N
LONGITUDE: 87 37 W
[TEMPERATURE DATA] [PRECIPITATION DATA] SYMBOLS USED IN COLUMN 16
AVERAGE MONTHLY: 77.6 TOTAL FOR MONTH: 1.16 1 = FOG OR MIST
DPTR FM NORMAL: 1.3 DPTR FM NORMAL: -2.24 2 = FOG REDUCING VISIBILITY
HIGHEST: 96 ON 12 GRTST 24HR 0.64 ON 25-25 TO 1/4 MILE OR LESS
LOWEST: 55 ON 19 3 = THUNDER
SNOW, ICE PELLETS, HAIL 4 = ICE PELLETS
TOTAL MONTH: 0.0 INCH 5 = HAIL
GRTST 24HR 0.0 6 = FREEZING RAIN OR DRIZZLE
GRTST DEPTH: 0 7 = DUSTSTORM OR SANDSTORM:
VSBY 1/2 MILE OR LESS
8 = SMOKE OR HAZE
[NO. OF DAYS WITH] [WEATHER - DAYS WITH] 9 = BLOWING SNOW
X = TORNADO
MAX 32 OR BELOW: 0 0.01 INCH OR MORE: 4
MAX 90 OR ABOVE: 16 0.10 INCH OR MORE: 3
MIN 32 OR BELOW: 0 0.50 INCH OR MORE: 1
MIN 0 OR BELOW: 0 1.00 INCH OR MORE: 0
[HDD (BASE 65) ]
TOTAL THIS MO. 0 CLEAR (SCALE 0-3) 21
DPTR FM NORMAL -4 PTCLDY (SCALE 4-7) 9
TOTAL FM JUL 1 0 CLOUDY (SCALE 8-10) 0
DPTR FM NORMAL -1
[CDD (BASE 65) ]
TOTAL THIS MO. 384
DPTR FM NORMAL 42 [PRESSURE DATA]
TOTAL FM JAN 1 2240 HIGHEST SLP 30.18 ON 2
DPTR FM NORMAL 102 LOWEST SLP 29.85 ON 7
[REMARKS]
#FINAL-09-23#