000
CXUS54 KEPZ 011030
CF6TCS
PRELIMINARY LOCAL CLIMATOLOGICAL DATA (WS FORM: F-6)
STATION: TRUTH OR CONSEQUENCES
MONTH: JUNE
YEAR: 2023
LATITUDE: 33 13 N
LONGITUDE: 107 16 W
TEMPERATURE IN F: :PCPN: SNOW: WIND :SUNSHINE: SKY :PK WND
================================================================================
1 2 3 4 5 6A 6B 7 8 9 10 11 12 13 14 15 16 17 18
12Z AVG MX 2MIN
DY MAX MIN AVG DEP HDD CDD WTR SNW DPTH SPD SPD DIR MIN PSBL S-S WX SPD DR
================================================================================
1 85 55 70 -6 0 5 0.00 M M 10.6 28 190 M M 0 38 210
2 84 64 74 -2 0 9 0.00 M M 6.7 20 250 M M 1 26 240
3 84 58 71 -6 0 6 0.04 M M 7.1 30 300 M M 1 3 42 310
4 87 58 73 -4 0 8 0.00 M M 7.8 28 310 M M 1 44 310
5 88 62 75 -2 0 10 T M M 10.8 30 320 M M 1 3 47 330
6 88 56 72 -6 0 7 T M M 8.2 31 160 M M 1 3 38 170
7 86 54 70 -8 0 5 0.00 M M 8.7 24 180 M M 0 33 190
8 89 57 73 -5 0 8 0.00 M M 10.3 22 150 M M 0 32 220
9 86 63 75 -3 0 10 0.00 M M 9.8 24 240 M M 0 31 240
10 91 60 76 -2 0 11 0.00 M M 10.7 28 210 M M 0 39 200
11 91 60 76 -3 0 11 0.00 M M 13.9 31 180 M M 0 41 220
12 87 60 74 -5 0 9 0.00 M M 10.7 30 270 M M 0 43 270
13 89 56 73 -6 0 8 0.00 M M 11.7 28 250 M M 0 39 240
14 94 59 77 -2 0 12 0.00 M M 9.4 26 240 M M 0 34 240
15 93 60 77 -3 0 12 0.00 M M 12.8 33 250 M M 0 46 260
16 93 62 78 -2 0 13 0.00 M M 12.4 32 230 M M 0 45 220
17 96 61 79 -1 0 14 0.00 M M 12.6 36 260 M M 0 52 260
18 96 66 81 1 0 16 0.00 M M 11.4 26 230 M M 0 36 210
19 98 67 83 3 0 18 0.00 M M 11.7 26 250 M M 0 39 240
20 97 67 82 2 0 17 0.00 M M 10.8 30 250 M M 0 42 240
21 99 67 83 3 0 18 0.00 M M 9.9 26 220 M M 0 38 240
22 100 66 83 3 0 18 0.00 M M 11.9 30 210 M M 0 40 230
23 100 70 85 5 0 20 0.00 M M 14.7 35 220 M M 0 52 240
24 101 65 83 3 0 18 0.00 M M 11.8 31 240 M M 0 43 250
25 103 70 87 6 0 22 0.00 M M 11.5 26 240 M M 0 36 250
26 102 72 87 6 0 22 0.00 M M 8.7 28 200 M M 0 38 220
27 102 76 89 8 0 24 T M M 12.4 29 230 M M 1 3 42 240
28 99 74 87 6 0 22 T M M 7.3 29 260 M M 0 3 40 250
29 99 78 89 8 0 24 0.00 M M 9.1 22 250 M M 1 34 290
30 98 71 85 4 0 20 0.00 M M 8.3 22 250 M M 0 30 260
================================================================================
SM 2805 1914 0 417 0.04 M 313.7 M 7
================================================================================
AV 93.5 63.8 10.5 FASTST M M 0 MAX(MPH)
MISC ----> 36 260 # 52 260
================================================================================
NOTES:
# LAST OF SEVERAL OCCURRENCES
COLUMN 17 PEAK WIND IN M.P.H.
PRELIMINARY LOCAL CLIMATOLOGICAL DATA (WS FORM: F-6) , PAGE 2
STATION: TRUTH OR CONSEQUENCES
MONTH: JUNE
YEAR: 2023
LATITUDE: 33 13 N
LONGITUDE: 107 16 W
[TEMPERATURE DATA] [PRECIPITATION DATA] SYMBOLS USED IN COLUMN 16
AVERAGE MONTHLY: 78.7 TOTAL FOR MONTH: 0.04 1 = FOG OR MIST
DPTR FM NORMAL: -0.5 DPTR FM NORMAL: -0.37 2 = FOG REDUCING VISIBILITY
HIGHEST: 103 ON 25 GRTST 24HR 0.04 ON 3- 3 TO 1/4 MILE OR LESS
LOWEST: 54 ON 7 3 = THUNDER
SNOW, ICE PELLETS, HAIL 4 = ICE PELLETS
TOTAL MONTH: M 5 = HAIL
GRTST 24HR M ON M 6 = FREEZING RAIN OR DRIZZLE
GRTST DEPTH: M ON M 7 = DUSTSTORM OR SANDSTORM:
VSBY 1/2 MILE OR LESS
8 = SMOKE OR HAZE
[NO. OF DAYS WITH] [WEATHER - DAYS WITH] 9 = BLOWING SNOW
X = TORNADO
MAX 32 OR BELOW: 0 0.01 INCH OR MORE: 1
MAX 90 OR ABOVE: 19 0.10 INCH OR MORE: 0
MIN 32 OR BELOW: 0 0.50 INCH OR MORE: 0
MIN 0 OR BELOW: 0 1.00 INCH OR MORE: 0
[HDD (BASE 65) ]
TOTAL THIS MO. 0 CLEAR (SCALE 0-3) 30
DPTR FM NORMAL 0 PTCLDY (SCALE 4-7) 0
TOTAL FM JUL 1 3127 CLOUDY (SCALE 8-10) 0
DPTR FM NORMAL 89
[CDD (BASE 65) ]
TOTAL THIS MO. 417
DPTR FM NORMAL -7 [PRESSURE DATA]
TOTAL FM JAN 1 589 HIGHEST SLP 29.93 ON 6
DPTR FM NORMAL -62 LOWEST SLP 29.56 ON 29
[REMARKS]
#FINAL-06-23#