000
CXUS54 KEPZ 011030
CF6TCS
PRELIMINARY LOCAL CLIMATOLOGICAL DATA (WS FORM: F-6)
STATION: TRUTH OR CONSEQUENCES
MONTH: OCTOBER
YEAR: 2021
LATITUDE: 33 13 N
LONGITUDE: 107 16 W
TEMPERATURE IN F: :PCPN: SNOW: WIND :SUNSHINE: SKY :PK WND
================================================================================
1 2 3 4 5 6A 6B 7 8 9 10 11 12 13 14 15 16 17 18
12Z AVG MX 2MIN
DY MAX MIN AVG DEP HDD CDD WTR SNW DPTH SPD SPD DIR MIN PSBL S-S WX SPD DR
================================================================================
1 72 48 60 -8 5 0 0.00 M M 5.8 17 10 M M 2 23 20
2 75 49 62 -5 3 0 0.00 M M 5.3 12 120 M M 0 17 130
3 M M M M M M M M M M M M M M M M M
4 83 M M M M M M M M 2.7 9 120 M M 0 13 110
5 82 55 69 3 0 4 0.00 M M 5.1 15 200 M M 1 19 200
6 M M M M M M M M M M M 0 M M M M 0
7 M M M M M M 0.00 M M M M M M M 0 M M
8 87 58 73 8 0 8 0.00 M M 7.5 18 220 M M 0 25 210
9 89 54 72 7 0 7 0.00 M M 9.4 30 250 M M 1 44 240
10 73 55 64 -1 1 0 0.00 M M 14.4 36 300 M M 1 50 320
11 77 46 62 -2 3 0 0.00 M M 15.4 32 210 M M 0 46 200
12 73 47 60 -4 5 0 0.00 M M 21.4 43 230 M M 1 59 240
13 70 37 54 -10 11 0 0.00 M M 6.3 14 330 M M 0 19 330
14 74 43 59 -4 6 0 0.00 M M 7.1 18 320 M M 0 30 320
15 66 44 55 -8 10 0 0.00 M M 8.2 16 10 M M 0 26 20
16 71 38 55 -7 10 0 0.00 M M 4.7 10 310 M M 0 15 120
17 77 45 61 -1 4 0 0.00 M M 6.2 15 200 M M 0 24 180
18 80 51 66 4 0 1 0.00 M M 10.8 26 200 M M 0 41 210
19 80 53 67 6 0 2 0.00 M M 9.3 20 230 M M 0 28 240
20 76 47 62 1 3 0 0.00 M M 6.5 12 200 M M 0 18 100
21 80 47 64 4 1 0 0.00 M M 6.9 14 190 M M 0 20 200
22 83 49 66 6 0 1 0.00 M M 6.3 17 170 M M 0 24 170
23 82 53 68 8 0 3 0.00 M M 8.7 18 250 M M 0 31 220
24 80 50 65 6 0 0 0.00 M M 5.6 13 160 M M 0 20 160
25 83 51 67 8 0 2 0.00 M M 9.8 26 180 M M 0 34 180
26 72 51 62 4 3 0 0.00 M M 17.7 37 260 M M 0 52 270
27 73 44 59 1 6 0 0.00 M M 13.6 24 310 M M 0 8 39 330
28 70 40 55 -3 10 0 0.00 M M 4.5 12 60 M M 0 19 90
29 73 43 58 1 7 0 0.00 M M 6.9 14 200 M M 0 18 180
30 M M M M M M 0.00 M M 7.8 9 300 M M 0 M M
31 77 46 62 6 3 0 0.00 M M 7.7 20 180 M M 0 26 160
================================================================================
SM 2078 1244 91 28 0.00 M 241.6 M 6
================================================================================
AV 77.0 47.8 8.6 FASTST M M 0 MAX(MPH)
MISC ----> 43 230 59 240
================================================================================
NOTES:
# LAST OF SEVERAL OCCURRENCES
COLUMN 17 PEAK WIND IN M.P.H.
PRELIMINARY LOCAL CLIMATOLOGICAL DATA (WS FORM: F-6) , PAGE 2
STATION: TRUTH OR CONSEQUENCES
MONTH: OCTOBER
YEAR: 2021
LATITUDE: 33 13 N
LONGITUDE: 107 16 W
[TEMPERATURE DATA] [PRECIPITATION DATA] SYMBOLS USED IN COLUMN 16
AVERAGE MONTHLY: 62.4 TOTAL FOR MONTH: 0.00 1 = FOG OR MIST
DPTR FM NORMAL: 0.1 DPTR FM NORMAL: -0.73 2 = FOG REDUCING VISIBILITY
HIGHEST: 89 ON 9 GRTST 24HR 0.00 ON 1- 1 TO 1/4 MILE OR LESS
LOWEST: 37 ON 13 3 = THUNDER
SNOW, ICE PELLETS, HAIL 4 = ICE PELLETS
TOTAL MONTH: M 5 = HAIL
GRTST 24HR M ON M 6 = FREEZING RAIN OR DRIZZLE
GRTST DEPTH: M ON M 7 = DUSTSTORM OR SANDSTORM:
VSBY 1/2 MILE OR LESS
8 = SMOKE OR HAZE
[NO. OF DAYS WITH] [WEATHER - DAYS WITH] 9 = BLOWING SNOW
X = TORNADO
MAX 32 OR BELOW: 0 0.01 INCH OR MORE: 0
MAX 90 OR ABOVE: 0 0.10 INCH OR MORE: 0
MIN 32 OR BELOW: 0 0.50 INCH OR MORE: 0
MIN 0 OR BELOW: 0 1.00 INCH OR MORE: 0
[HDD (BASE 65) ]
TOTAL THIS MO. 91 CLEAR (SCALE 0-3) 29
DPTR FM NORMAL -41 PTCLDY (SCALE 4-7) 0
TOTAL FM JUL 1 96 CLOUDY (SCALE 8-10) 2
DPTR FM NORMAL -43
[CDD (BASE 65) ]
TOTAL THIS MO. 28
DPTR FM NORMAL -19 [PRESSURE DATA]
TOTAL FM JAN 1 1881 HIGHEST SLP 30.33 ON 16
DPTR FM NORMAL 53 LOWEST SLP 29.46 ON 12
[REMARKS]
#FINAL-10-21#