000
CXUS52 KMFL 011130
CF6TMB
PRELIMINARY LOCAL CLIMATOLOGICAL DATA (WS FORM: F-6)
STATION: KENDALL-TAMIAMI EXEC ARPT
MONTH: JANUARY
YEAR: 2024
LATITUDE: 25 38 N
LONGITUDE: 80 26 W
TEMPERATURE IN F: :PCPN: SNOW: WIND :SUNSHINE: SKY :PK WND
================================================================================
1 2 3 4 5 6A 6B 7 8 9 10 11 12 13 14 15 16 17 18
12Z AVG MX 2MIN
DY MAX MIN AVG DEP HDD CDD WTR SNW DPTH SPD SPD DIR MIN PSBL S-S WX SPD DR
================================================================================
1 74 48 61 -6 4 0 0.00 0.0 0 3.2 12 290 M M 0 12 17 320
2 71 48 60 -7 5 0 0.00 0.0 0 5.5 15 330 M M 0 12 22 350
3 74 49 62 -5 3 0 0.00 0.0 0 5.5 16 120 M M 1 24 120
4 79 56 68 1 0 3 0.00 0.0 0 7.4 17 250 M M 5 22 260
5 79 57 68 1 0 3 T 0.0 0 10.9 23 100 M M 6 29 110
6 81 69 75 8 0 10 0.24 0.0 0 8.4 20 190 M M 4 1 31 180
7 74 60 67 0 0 2 0.08 0.0 0 6.9 18 360 M M 6 1 25 340
8 76 57 67 0 0 2 T 0.0 0 10.9 22 110 M M 5 32 120
9 80 73 77 10 0 12 T 0.0 0 13.6 23 170 M M 6 39 170
10 77 63 70 3 0 5 0.18 M M 4.4 20 310 M M 8 1 26 310
11 71 64 68 1 0 3 0.56 M M 6.4 13 40 M M 10 1 16 50
12 86 71 79 12 0 14 0.02 M M 8.0 18 210 M M 5 1 28 200
13 85 67 76 10 0 11 T M M 10.4 22 250 M M 5 32 230
14 77 64 71 5 0 6 0.15 M M 10.5 17 100 M M 10 1 24 30
15 82 71 77 11 0 12 T 0.0 0 8.2 17 160 M M 5 26 130
16 84 71 78 12 0 13 0.09 0.0 0 6.8 17 270 M M 4 13 24 230
17 75 64 70 4 0 5 0.00 0.0 0 9.7 18 50 M M 9 23 340
18 81 66 74 8 0 9 0.00 0.0 0 6.8 15 110 M M 7 1 19 110
19 78 65 72 6 0 7 0.02 0.0 0 4.5 22 330 M M 7 12 27 330
20 73 55 64 -3 1 0 T M M 10.5 18 350 M M 4 23 360
21 72 52 62 -5 3 0 0.00 M M 14.5 23 80 M M 2 33 80
22 75 64 70 3 0 5 T M M 16.3 29 90 M M 7 36 100
23 79 69 74 7 0 9 0.00 0.0 0 14.4 23 110 M M 6 31 130
24 81 71 76 9 0 11 0.00 0.0 0 13.1 22 110 M M 5 31 110
25 80 71 76 9 0 11 T 0.0 0 9.0 18 130 M M 7 25 130
26 82 65 74 7 0 9 T 0.0 0 8.0 17 130 M M 3 24 130
27 83 67 75 8 0 10 T 0.0 0 7.2 18 130 M M 2 26 140
28 86 61 74 7 0 9 0.00 0.0 0 10.9 25 310 M M 3 12 33 310
29 68 47 58 -9 7 0 0.00 M M 11.0 22 330 M M 0 31 320
30 73 47 60 -7 5 0 T 0.0 0 5.8 13 310 M M 2 18 340
31 73 46 60 -8 5 0 0.00 0.0 0 9.4 18 320 M M 0 28 330
================================================================================
SM 2409 1898 33 181 1.34 0.0 278.1 M 144
================================================================================
AV 77.7 61.2 9.0 FASTST M M 5 MAX(MPH)
MISC ----> 29 90 39 170
================================================================================
NOTES:
# LAST OF SEVERAL OCCURRENCES
COLUMN 17 PEAK WIND IN M.P.H.
PRELIMINARY LOCAL CLIMATOLOGICAL DATA (WS FORM: F-6) , PAGE 2
STATION: KENDALL-TAMIAMI EXEC ARPT
MONTH: JANUARY
YEAR: 2024
LATITUDE: 25 38 N
LONGITUDE: 80 26 W
[TEMPERATURE DATA] [PRECIPITATION DATA] SYMBOLS USED IN COLUMN 16
AVERAGE MONTHLY: 69.5 TOTAL FOR MONTH: 1.34 1 = FOG OR MIST
DPTR FM NORMAL: 2.6 DPTR FM NORMAL: -0.40 2 = FOG REDUCING VISIBILITY
HIGHEST: 86 ON 28,12 GRTST 24HR 0.56 ON 11-11 TO 1/4 MILE OR LESS
LOWEST: 46 ON 31 3 = THUNDER
SNOW, ICE PELLETS, HAIL 4 = ICE PELLETS
TOTAL MONTH: 0.0 INCH 5 = HAIL
GRTST 24HR 0.0 6 = FREEZING RAIN OR DRIZZLE
GRTST DEPTH: 0 7 = DUSTSTORM OR SANDSTORM:
VSBY 1/2 MILE OR LESS
8 = SMOKE OR HAZE
[NO. OF DAYS WITH] [WEATHER - DAYS WITH] 9 = BLOWING SNOW
X = TORNADO
MAX 32 OR BELOW: 0 0.01 INCH OR MORE: 8
MAX 90 OR ABOVE: 0 0.10 INCH OR MORE: 4
MIN 32 OR BELOW: 0 0.50 INCH OR MORE: 1
MIN 0 OR BELOW: 0 1.00 INCH OR MORE: 0
[HDD (BASE 65) ]
TOTAL THIS MO. 33 CLEAR (SCALE 0-3) 10
DPTR FM NORMAL -29 PTCLDY (SCALE 4-7) 18
TOTAL FM JUL 1 59 CLOUDY (SCALE 8-10) 3
DPTR FM NORMAL -50
[CDD (BASE 65) ]
TOTAL THIS MO. 181
DPTR FM NORMAL 61 [PRESSURE DATA]
TOTAL FM JAN 1 181 HIGHEST SLP 30.38 ON 22
DPTR FM NORMAL 61 LOWEST SLP 29.81 ON 9
[REMARKS]
#FINAL-01-24#