000
CXUS52 KMFL 081344
CF6TMB
PRELIMINARY LOCAL CLIMATOLOGICAL DATA (WS FORM: F-6)
STATION: KENDALL-TAMIAMI EXEC ARPT
MONTH: AUGUST
YEAR: 2021
LATITUDE: 25 38 N
LONGITUDE: 80 26 W
TEMPERATURE IN F: :PCPN: SNOW: WIND :SUNSHINE: SKY :PK WND
================================================================================
1 2 3 4 5 6A 6B 7 8 9 10 11 12 13 14 15 16 17 18
12Z AVG MX 2MIN
DY MAX MIN AVG DEP HDD CDD WTR SNW DPTH SPD SPD DIR MIN PSBL S-S WX SPD DR
================================================================================
1 93 77 85 1 0 20 0.11 M M 4.7 15 140 M M 2 3 19 140
2 92 77 85 1 0 20 0.26 M M 2.6 17 120 M M 1 3 22 260
3 91 74 83 -1 0 18 0.28 0.0 0 7.1 24 30 M M 3 38 31 20
4 92 74 83 -1 0 18 0.03 M M 2.9 17 290 M M 2 3 21 280
5 92 75 84 0 0 19 0.08 M M 4.0 15 280 M M 1 3 18 250
6 93 78 86 2 0 21 T M M 5.0 16 120 M M 1 3 20 120
7 90 77 84 0 0 19 1.24 0.0 M 3.6 21 360 M M 4 13 26 360
8 91 76 84 0 0 19 0.68 0.0 M 4.6 16 90 M M 2 3 21 90
9 92 78 85 1 0 20 0.01 M M 7.3 17 110 M M 1 24 100
10 91 76 84 0 0 19 1.04 M M 7.6 29 60 M M 3 138 35 60
11 92 78 85 1 0 20 0.13 M M 8.9 20 80 M M 2 13 25 80
12 92 74 83 -1 0 18 0.31 M M 10.2 26 80 M M 2 13 32 50
13 90 75 83 -1 0 18 0.49 M M 10.2 25 80 M M 5 13 32 90
14 88 76 82 -2 0 17 0.36 M M 10.6 25 120 M M 4 13 33 120
15 87 76 82 -2 0 17 0.83 0.0 0 6.2 15 120 M M 5 13 20 100
16 92 77 85 1 0 20 0.00 M M 4.8 17 130 M M 2 3 22 130
17 92 78 85 1 0 20 T M M 8.1 20 100 M M 1 25 100
18 92 81 87 3 0 22 0.00 M M 11.7 21 100 M M 2 28 110
19 93 79 86 2 0 21 0.00 M M 7.0 15 120 M M 1 24 120
20 94 76 85 1 0 20 0.00 M M 4.0 13 130 M M 0 19 110
21 93 77 85 1 0 20 0.00 M M 5.6 15 120 M M 0 23 120
22 94 78 86 2 0 21 0.00 M M 6.9 16 120 M M 2 21 110
23 94 80 87 3 0 22 0.00 0.0 0 6.7 16 130 M M 5 23 120
24 93 80 87 4 0 22 0.00 0.0 0 9.0 20 110 M M 4 25 120
25 94 77 86 3 0 21 0.06 0.0 0 14.1 33 80 M M 3 3 43 80
26 92 74 83 0 0 18 0.03 M M 11.1 22 230 M M 3 1 28 220
27 91 78 85 2 0 20 0.03 0.0 0 11.5 20 110 M M 3 31 100
28 92 82 87 4 0 22 0.00 0.0 0 11.0 23 110 M M 3 29 110
29 92 78 85 2 0 20 0.28 0.0 0 7.5 20 100 M M 2 28 100
30 92 76 84 1 0 19 0.99 0.0 0 3.8 23 250 M M 3 3 30 280
31 95 75 85 2 0 20 0.10 M M 2.7 24 80 M M 2 3 28 60
================================================================================
SM 2851 2387 0 611 7.34 0.0 221.0 M 74
================================================================================
AV 92.0 77.0 7.1 FASTST M M 2 MAX(MPH)
MISC ----> 33 80 43 80
================================================================================
NOTES:
# LAST OF SEVERAL OCCURRENCES
COLUMN 17 PEAK WIND IN M.P.H.
PRELIMINARY LOCAL CLIMATOLOGICAL DATA (WS FORM: F-6) , PAGE 2
STATION: KENDALL-TAMIAMI EXEC ARPT
MONTH: AUGUST
YEAR: 2021
LATITUDE: 25 38 N
LONGITUDE: 80 26 W
[TEMPERATURE DATA] [PRECIPITATION DATA] SYMBOLS USED IN COLUMN 16
AVERAGE MONTHLY: 84.5 TOTAL FOR MONTH: 7.34 1 = FOG OR MIST
DPTR FM NORMAL: 0.9 DPTR FM NORMAL: -0.94 2 = FOG REDUCING VISIBILITY
HIGHEST: 95 ON 31 GRTST 24HR 1.24 ON 7- 7 TO 1/4 MILE OR LESS
LOWEST: 74 ON 26,12 3 = THUNDER
SNOW, ICE PELLETS, HAIL 4 = ICE PELLETS
TOTAL MONTH: 0.0 INCH 5 = HAIL
GRTST 24HR 0.0 6 = FREEZING RAIN OR DRIZZLE
GRTST DEPTH: 0 7 = DUSTSTORM OR SANDSTORM:
VSBY 1/2 MILE OR LESS
8 = SMOKE OR HAZE
[NO. OF DAYS WITH] [WEATHER - DAYS WITH] 9 = BLOWING SNOW
X = TORNADO
MAX 32 OR BELOW: 0 0.01 INCH OR MORE: 20
MAX 90 OR ABOVE: 29 0.10 INCH OR MORE: 14
MIN 32 OR BELOW: 0 0.50 INCH OR MORE: 5
MIN 0 OR BELOW: 0 1.00 INCH OR MORE: 2
[HDD (BASE 65) ]
TOTAL THIS MO. 0 CLEAR (SCALE 0-3) 24
DPTR FM NORMAL 0 PTCLDY (SCALE 4-7) 7
TOTAL FM JUL 1 0 CLOUDY (SCALE 8-10) 0
DPTR FM NORMAL 0
[CDD (BASE 65) ]
TOTAL THIS MO. 611
DPTR FM NORMAL 36 [PRESSURE DATA]
TOTAL FM JAN 1 3280 HIGHEST SLP 30.16 ON 10
DPTR FM NORMAL 419 LOWEST SLP 29.88 ON 31
[REMARKS]
#FINAL-08-21#