000
CXUS55 KCYS 011637
CLMTOR
CLIMATE REPORT
NATIONAL WEATHER SERVICE CHEYENNE WY
937 AM MST MON JAN 01 2024
...................................
...THE TORRINGTON WY AIRPORT CLIMATE SUMMARY FOR THE MONTH OF DECEMBER 2023...
CLIMATE NORMAL PERIOD 1991 TO 2020
CLIMATE RECORD PERIOD 1998 TO 2023
WEATHER OBSERVED NORMAL DEPART LAST YEAR`S
VALUE DATE(S) VALUE FROM VALUE DATE(S)
NORMAL
................................................................
TEMPERATURE (F)
RECORD
HIGH 74 12/02/2021
LOW -27 12/18/2016
12/31/2014
12/21/1998
HIGHEST 70 12/06 MM MM 59
LOWEST 11 12/25 MM MM -19
AVG. MAXIMUM 48.8 41.3 7.5 37.2
AVG. MINIMUM 21.8 15.4 6.4 11.9
MEAN 35.3 28.3 7.0 24.5
DAYS MAX >= 90 0 0.0 0.0 0
DAYS MAX <= 32 3 7.8 -4.8 10
DAYS MIN <= 32 31 29.6 1.4 29
DAYS MIN <= 0 0 4.4 -4.4 6
PRECIPITATION (INCHES)
RECORD
MAXIMUM 1.10 2014
TOTALS TR 0.23 -0.23 MM
DAYS >= .01 0 3.7 -3.7 2
DAYS >= .10 0 0.5 -0.5 0
DAYS >= .50 0 0.0 0.0 0
DAYS >= 1.00 0 0.0 0.0 0
GREATEST
24 HR. TOTAL T 12/12 TO 12/12 MM
12/25 TO 12/25
12/26 TO 12/26
DEGREE DAYS
HEATING TOTAL 912 1136 -224 1245
SINCE 7/1 2266 2675 -409 MM
COOLING TOTAL 0 0 0 0
SINCE 1/1 651 725 -74 MM
................................................................
WIND (MPH)
AVERAGE WIND SPEED 10.0
HIGHEST WIND SPEED/DIRECTION 44/270 DATE 12/07
HIGHEST GUST SPEED/DIRECTION 66/270 DATE 12/07
SKY COVER
POSSIBLE SUNSHINE (PERCENT) MM
AVERAGE SKY COVER 0.22
NUMBER OF DAYS FAIR 23
NUMBER OF DAYS PC 6
NUMBER OF DAYS CLOUDY 2
AVERAGE RH (PERCENT) 59
WEATHER CONDITIONS. NUMBER OF DAYS WITH
THUNDERSTORM 0 MIXED PRECIP 0
HEAVY RAIN 0 RAIN 0
LIGHT RAIN 1 FREEZING RAIN 0
LT FREEZING RAIN 0 HAIL 0
HEAVY SNOW 1 SNOW 1
LIGHT SNOW 5 SLEET 0
FOG 3 FOG W/VIS <= 1/4 MILE 1
HAZE 0
- INDICATES NEGATIVE NUMBERS.
R INDICATES RECORD WAS SET OR TIED.
MM INDICATES DATA IS MISSING.
T INDICATES TRACE AMOUNT.
$$