000
CXUS52 KTBW 011122
CF6TPA
PRELIMINARY LOCAL CLIMATOLOGICAL DATA (WS FORM: F-6)
STATION: Tampa
MONTH: SEPTEMBER
YEAR: 2020
LATITUDE: 27 58 N
LONGITUDE: 82 32 W
TEMPERATURE IN F: :PCPN: SNOW: WIND :SUNSHINE: SKY :PK WND
================================================================================
1 2 3 4 5 6A 6B 7 8 9 10 11 12 13 14 15 16 17 18
12Z AVG MX 2MIN
DY MAX MIN AVG DEP HDD CDD WTR SNW DPTH SPD SPD DIR MIN PSBL S-S WX SPD DR
================================================================================
1 91 76 84 1 0 19 T 0.0 0 5.3 14 230 M M 4 3 18 230
2 92 79 86 3 0 21 0.10 0.0 0 4.9 15 340 M M 5 3 20 50
3 94 78 86 3 0 21 T 0.0 0 5.0 10 340 M M 4 8 12 340
4 95 82 89 6 0 24 T 0.0 0 5.6 18 10 M M 4 3 27 10
5 96 79 88 5 0 23 0.00 0.0 0 4.6 16 90 M M 5 3 25 100
6 95 74 85 2 0 20 0.04 0.0 0 5.0 20 120 M M 4 13 28 120
7 90 74 82 -1 0 17 1.08 0.0 0 4.9 22 120 M M 7 3 30 130
8 92 75 84 2 0 19 0.09 0.0 0 5.0 14 110 M M 6 38 19 100
9 91 76 84 2 0 19 1.83 0.0 0 4.3 16 150 M M 7 13 21 140
10 91 77 84 2 0 19 0.53 0.0 0 4.6 23 100 M M 7 138 32 110
11 93 78 86 4 0 21 T 0.0 0 5.7 14 360 M M 7 3 18 350
12 87 77 82 0 0 17 0.51 0.0 0 7.4 21 110 M M 6 138 30 120
13 79 77 78 -4 0 13 0.22 0.0 0 9.4 17 140 M M 9 27 140
14 85 77 81 -1 0 16 0.32 0.0 0 5.3 13 160 M M 9 3 19 170
15 87 76 82 0 0 17 0.12 0.0 0 4.2 10 110 M M 9 14 120
16 89 77 83 1 0 18 0.01 0.0 0 9.8 18 200 M M 8 3 24 200
17 88 79 84 2 0 19 0.09 0.0 0 10.3 24 230 M M 8 38 31 220
18 88 79 84 2 0 19 0.33 0.0 0 5.9 13 260 M M 5 8 19 280
19 93 75 84 2 0 19 0.00 0.0 0 6.7 16 30 M M 5 23 30
20 89 79 84 3 0 19 T 0.0 0 11.0 21 50 M M 8 8 32 10
21 90 75 83 2 0 18 0.00 0.0 0 9.4 20 70 M M 7 32 110
22 87 72 80 -1 0 15 0.00 0.0 0 7.3 15 100 M M 6 23 40
23 89 71 80 -1 0 15 0.00 0.0 0 6.4 14 120 M M 6 19 110
24 89 74 82 1 0 17 0.00 0.0 0 6.2 14 160 M M 6 19 160
25 90 77 84 3 0 19 0.00 0.0 0 4.6 12 270 M M 4 15 300
26 91 78 85 5 0 20 0.02 0.0 0 3.5 13 300 M M 4 8 17 280
27 91 77 84 4 0 19 0.06 0.0 0 4.3 14 200 M M 6 3 18 270
28 89 77 83 3 0 18 0.09 0.0 0 4.6 16 310 M M 7 8 21 310
29 90 71 81 1 0 16 0.04 0.0 0 7.5 25 250 M M 6 35 250
30 80 65 73 -7 0 8 0.00 0.0 0 8.8 17 350 M M 7 22 10
================================================================================
SM 2691 2281 0 545 5.48 0.0 187.5 M 186
================================================================================
AV 89.7 76.0 6.3 FASTST M M 6 MAX(MPH)
MISC ----> # 25 250 # 35 250
================================================================================
NOTES:
# LAST OF SEVERAL OCCURRENCES
COLUMN 17 PEAK WIND IN M.P.H.
PRELIMINARY LOCAL CLIMATOLOGICAL DATA (WS FORM: F-6) , PAGE 2
STATION: Tampa
MONTH: SEPTEMBER
YEAR: 2020
LATITUDE: 27 58 N
LONGITUDE: 82 32 W
[TEMPERATURE DATA] [PRECIPITATION DATA] SYMBOLS USED IN COLUMN 16
AVERAGE MONTHLY: 82.9 TOTAL FOR MONTH: 5.48 1 = FOG OR MIST
DPTR FM NORMAL: 1.2 DPTR FM NORMAL: -0.82 2 = FOG REDUCING VISIBILITY
HIGHEST: 96 ON 5 GRTST 24HR 1.83 ON 9- 9 TO 1/4 MILE OR LESS
LOWEST: 65 ON 30 3 = THUNDER
SNOW, ICE PELLETS, HAIL 4 = ICE PELLETS
TOTAL MONTH: 0.0 INCH 5 = HAIL
GRTST 24HR 0.0 6 = FREEZING RAIN OR DRIZZLE
GRTST DEPTH: 0 7 = DUSTSTORM OR SANDSTORM:
VSBY 1/2 MILE OR LESS
8 = SMOKE OR HAZE
[NO. OF DAYS WITH] [WEATHER - DAYS WITH] 9 = BLOWING SNOW
X = TORNADO
MAX 32 OR BELOW: 0 0.01 INCH OR MORE: 17
MAX 90 OR ABOVE: 17 0.10 INCH OR MORE: 9
MIN 32 OR BELOW: 0 0.50 INCH OR MORE: 4
MIN 0 OR BELOW: 0 1.00 INCH OR MORE: 2
[HDD (BASE 65) ]
TOTAL THIS MO. 0 CLEAR (SCALE 0-3) 0
DPTR FM NORMAL 0 PTCLDY (SCALE 4-7) 27
TOTAL FM JUL 1 0 CLOUDY (SCALE 8-10) 3
DPTR FM NORMAL 0
[CDD (BASE 65) ]
TOTAL THIS MO. 545
DPTR FM NORMAL 44 [PRESSURE DATA]
TOTAL FM JAN 1 3687 HIGHEST SLP 30.13 ON 5
DPTR FM NORMAL 671 LOWEST SLP 29.79 ON 13
[REMARKS]
#FINAL-09-20#