659
CXUS56 KLKN 130907
CF6TPH
PRELIMINARY LOCAL CLIMATOLOGICAL DATA (WS FORM: F-6)
STATION: TONOPAH AIRPORT NV
MONTH: MAY
YEAR: 2020
LATITUDE: 38 3 N
LONGITUDE: 117 5 W
TEMPERATURE IN F: :PCPN: SNOW: WIND :SUNSHINE: SKY :PK WND
================================================================================
1 2 3 4 5 6A 6B 7 8 9 10 11 12 13 14 15 16 17 18
12Z AVG MX 2MIN
DY MAX MIN AVG DEP HDD CDD WTR SNW DPTH SPD SPD DIR MIN PSBL S-S WX SPD DR
================================================================================
1 74 50 62 8 3 0 0.00 M M 13.5 23 310 M M 2 28 320
2 77 48 63 9 2 0 0.00 M M 12.0 24 350 M M 2 31 340
3 75 48 62 7 3 0 0.00 M M 12.9 28 330 M M 0 34 330
4 73 39 56 1 9 0 0.00 M M 7.6 16 10 M M 0 19 20
5 80 39 60 5 5 0 0.00 M M 8.9 20 200 M M 0 26 180
6 79 43 61 5 4 0 0.00 M M 15.2 28 350 M M 0 38 340
7 79 44 62 6 3 0 0.00 M M 9.4 22 10 M M 0 25 20
8 83 42 63 7 2 0 0.00 M M 8.7 17 20 M M 0 25 330
9 86 51 69 12 0 4 0.00 M M 8.4 17 180 M M 0 22 190
10 85 46 66 9 0 1 0.00 M M 11.7 25 190 M M 1 33 230
11 80 45 63 6 2 0 0.00 M M 10.4 26 210 M M 0 36 220
12 75 39 57 -1 8 0 0.00 M M 12.9 30 330 M M 1 8 38 330
13 71 43 57 -1 8 0 0.00 M M 11.9 24 340 M M 2 31 10
14 72 48 60 2 5 0 0.00 M M 14.5 23 340 M M 1 30 350
15 74 45 60 1 5 0 0.00 M M 12.8 21 300 M M 0 30 300
16 82 47 65 6 0 0 0.00 M M 10.0 23 190 M M 0 30 210
17 81 58 70 11 0 5 0.00 M M 17.3 35 190 M M 0 43 180
18 72 44 58 -2 7 0 0.00 M M 21.2 40 200 M M 1 50 190
19 44 34 39 -21 26 0 0.34 M M 10.4 33 320 M M 8 1 40 320
20 61 38 50 -10 15 0 0.00 M M 10.5 21 340 M M 3 26 330
21 72 35 54 -6 11 0 0.00 M M 7.8 17 350 M M 1 22 360
22 75 45 60 -1 5 0 0.00 M M 14.5 36 330 M M 1 43 330
23 68 36 52 -9 13 0 0.00 M M 12.3 22 320 M M 0 28 320
24 75 42 59 -2 6 0 0.00 M M 11.7 21 320 M M 0 26 320
25 82 45 64 2 1 0 0.00 M M 9.8 20 290 M M 0 24 320
26 89 53 71 9 0 6 0.00 M M 8.3 18 340 M M 0 23 340
27 92 56 74 12 0 9 0.00 M M 9.2 20 280 M M 0 29 250
28 93 58 76 14 0 11 0.00 M M 8.9 18 200 M M 0 23 200
29 93 57 75 12 0 10 0.00 M M 12.7 28 180 M M 0 38 170
30 79 57 68 5 0 3 0.00 M M 20.2 37 200 M M 0 45 200
31 82 46 64 1 1 0 0.00 M M 9.3 24 170 M M 0 32 190
================================================================================
SM 2403 1421 144 49 0.34 M 364.9 M 23
================================================================================
AV 77.5 45.8 11.8 FASTST M M 1 MAX(MPH)
MISC ----> # 40 200 # 50 190
================================================================================
NOTES:
# LAST OF SEVERAL OCCURRENCES
COLUMN 17 PEAK WIND IN M.P.H.
PRELIMINARY LOCAL CLIMATOLOGICAL DATA (WS FORM: F-6) , PAGE 2
STATION: TONOPAH AIRPORT NV
MONTH: MAY
YEAR: 2020
LATITUDE: 38 3 N
LONGITUDE: 117 5 W
[TEMPERATURE DATA] [PRECIPITATION DATA] SYMBOLS USED IN COLUMN 16
AVERAGE MONTHLY: 61.7 TOTAL FOR MONTH: 0.34 1 = FOG OR MIST
DPTR FM NORMAL: 2.9 DPTR FM NORMAL: -0.19 2 = FOG REDUCING VISIBILITY
HIGHEST: 93 ON 29,28 GRTST 24HR 0.34 ON 19-19 TO 1/4 MILE OR LESS
LOWEST: 34 ON 19 3 = THUNDER
SNOW, ICE PELLETS, HAIL 4 = ICE PELLETS
TOTAL MONTH: M 5 = HAIL
GRTST 24HR M ON M 6 = FREEZING RAIN OR DRIZZLE
GRTST DEPTH: M ON M 7 = DUSTSTORM OR SANDSTORM:
VSBY 1/2 MILE OR LESS
8 = SMOKE OR HAZE
[NO. OF DAYS WITH] [WEATHER - DAYS WITH] 9 = BLOWING SNOW
X = TORNADO
MAX 32 OR BELOW: 0 0.01 INCH OR MORE: 1
MAX 90 OR ABOVE: 3 0.10 INCH OR MORE: 1
MIN 32 OR BELOW: 0 0.50 INCH OR MORE: 0
MIN 0 OR BELOW: 0 1.00 INCH OR MORE: 0
[HDD (BASE 65) ]
TOTAL THIS MO. 144 CLEAR (SCALE 0-3) 30
DPTR FM NORMAL -74 PTCLDY (SCALE 4-7) 0
TOTAL FM JUL 1 5142 CLOUDY (SCALE 8-10) 1
DPTR FM NORMAL -269
[CDD (BASE 65) ]
TOTAL THIS MO. 49
DPTR FM NORMAL 23 [PRESSURE DATA]
TOTAL FM JAN 1 58 HIGHEST SLP 30.15 ON 4
DPTR FM NORMAL 31 LOWEST SLP 29.56 ON 18
[REMARKS]
#FINAL-05-20#