000
CXUS54 KFWD 220504
CF6TPL
PRELIMINARY LOCAL CLIMATOLOGICAL DATA (WS FORM: F-6)
STATION: TEMPLE
MONTH: JULY
YEAR: 2022
LATITUDE: 31 8 N
LONGITUDE: 97 25 W
TEMPERATURE IN F: :PCPN: SNOW: WIND :SUNSHINE: SKY :PK WND
================================================================================
1 2 3 4 5 6A 6B 7 8 9 10 11 12 13 14 15 16 17 18
12Z AVG MX 2MIN
DY MAX MIN AVG DEP HDD CDD WTR SNW DPTH SPD SPD DIR MIN PSBL S-S WX SPD DR
================================================================================
1 95 72 84 3 0 19 0.00 M M 7.4 12 120 M M 3 16 50
2 99 76 88 7 0 23 0.00 M M 9.4 14 170 M M 1 1 30 160
3 100 77 89 8 0 24 0.00 M M 12.9 20 170 M M 0 23 170
4 99 75 87 6 0 22 0.00 M M 13.1 18 180 M M 2 25 150
5 100 75 88 6 0 23 0.00 M M 12.4 17 180 M M 1 23 160
6 102 74 88 6 0 23 0.00 M M 12.5 17 150 M M 0 22 170
7 101 76 89 7 0 24 0.00 M M 12.0 18 170 M M 0 23 170
8 102 78 90 8 0 25 0.00 M M 10.5 18 170 M M 0 24 170
9 105 77 91 9 0 26 0.00 M M 7.6 13 210 M M 1 M M
10 107 75 91 9 0 26 0.00 M M 5.0 13 20 M M 0 21 99
11 105 75 90 8 0 25 0.00 M M 5.5 9 80 M M 2 M M
12 105 79 92 10 0 27 0.00 M M 9.1 17 60 M M 1 22 40
13 106 77 92 10 0 27 0.00 M M 8.1 15 160 M M 0 20 60
14 100 76 88 6 0 23 T M M 10.3 32 90 M M 0 38 47 80
15 98 68 83 0 0 18 0.00 M M 7.0 13 150 M M 1 18 60
16 100 74 87 4 0 22 0.00 M M 10.1 16 170 M M 1 21 170
17 104 76 90 7 0 25 0.00 M M 10.7 16 180 M M 0 21 150
18 105 75 90 7 0 25 0.00 M M 12.5 16 170 M M 0 26 170
19 105 77 91 8 0 26 0.00 M M 15.9 24 170 M M 0 31 170
20 104 77 91 8 0 26 0.00 M M 13.4 21 160 M M 0 28 170
21 102 74 88 5 0 23 0.03 M M 11.0 17 180 M M 1 24 170
22 101 77 89 6 0 24 0.00 M M 13.3 18 110 M M 0 22 170
23 101 77 89 6 0 24 0.00 M M 12.1 20 170 M M 1 24 180
24 102 77 90 7 0 25 0.00 M M 13.8 23 160 M M 1 29 170
25 102 75 89 5 0 24 0.00 M M 13.1 20 160 M M 0 26 160
26 103 74 89 5 0 24 0.00 M M 12.7 21 150 M M 0 30 160
27 102 77 90 6 0 25 0.00 M M 12.8 18 180 M M 0 23 180
28 101 77 89 5 0 24 0.00 M M 13.2 16 150 M M 0 24 180
29 102 77 90 6 0 25 0.00 M M 13.4 23 150 M M 0 30 150
30 102 77 90 6 0 25 0.00 M M 13.1 20 160 M M 0 24 190
31 102 77 90 6 0 25 0.00 M M 13.9 18 170 M M 0 22 160
================================================================================
SM 3162 2348 0 747 0.03 M 347.6 M 16
================================================================================
AV102.0 75.7 11.2 FASTST M M 1 MAX(MPH)
MISC ----> 32 90 47 80
================================================================================
NOTES:
# LAST OF SEVERAL OCCURRENCES
COLUMN 17 PEAK WIND IN M.P.H.
PRELIMINARY LOCAL CLIMATOLOGICAL DATA (WS FORM: F-6) , PAGE 2
STATION: TEMPLE
MONTH: JULY
YEAR: 2022
LATITUDE: 31 8 N
LONGITUDE: 97 25 W
[TEMPERATURE DATA] [PRECIPITATION DATA] SYMBOLS USED IN COLUMN 16
AVERAGE MONTHLY: 88.9 TOTAL FOR MONTH: 0.03 1 = FOG OR MIST
DPTR FM NORMAL: 6.3 DPTR FM NORMAL: -2.03 2 = FOG REDUCING VISIBILITY
HIGHEST: 107 ON 10 GRTST 24HR 0.03 ON 21-21 TO 1/4 MILE OR LESS
LOWEST: 68 ON 15 3 = THUNDER
SNOW, ICE PELLETS, HAIL 4 = ICE PELLETS
TOTAL MONTH: M 5 = HAIL
GRTST 24HR M ON M 6 = FREEZING RAIN OR DRIZZLE
GRTST DEPTH: M ON M 7 = DUSTSTORM OR SANDSTORM:
VSBY 1/2 MILE OR LESS
8 = SMOKE OR HAZE
[NO. OF DAYS WITH] [WEATHER - DAYS WITH] 9 = BLOWING SNOW
X = TORNADO
MAX 32 OR BELOW: 0 0.01 INCH OR MORE: 1
MAX 90 OR ABOVE: 31 0.10 INCH OR MORE: 0
MIN 32 OR BELOW: 0 0.50 INCH OR MORE: 0
MIN 0 OR BELOW: 0 1.00 INCH OR MORE: 0
[HDD (BASE 65) ]
TOTAL THIS MO. 0 CLEAR (SCALE 0-3) 31
DPTR FM NORMAL 0 PTCLDY (SCALE 4-7) 0
TOTAL FM JUL 1 0 CLOUDY (SCALE 8-10) 0
DPTR FM NORMAL 0
[CDD (BASE 65) ]
TOTAL THIS MO. 747
DPTR FM NORMAL 200 [PRESSURE DATA]
TOTAL FM JAN 1 2031 HIGHEST SLP M ON M
DPTR FM NORMAL 648 LOWEST SLP M ON M
[REMARKS]
#FINAL-07-22#