000
CXUS53 KOAX 010930
CF6TQE
PRELIMINARY LOCAL CLIMATOLOGICAL DATA (WS FORM: F-6)
STATION: TEKAMAH NE
MONTH: MARCH
YEAR: 2022
LATITUDE: 41 46 N
LONGITUDE: 96 11 W
TEMPERATURE IN F: :PCPN: SNOW: WIND :SUNSHINE: SKY :PK WND
================================================================================
1 2 3 4 5 6A 6B 7 8 9 10 11 12 13 14 15 16 17 18
12Z AVG MX 2MIN
DY MAX MIN AVG DEP HDD CDD WTR SNW DPTH SPD SPD DIR MIN PSBL S-S WX SPD DR
================================================================================
1 75 25 50 18 15 0 0.00 M M 6.6 24 330 M M 0 8 30 320
2 78 31 55 23 10 0 0.00 M M 10.4 31 360 M M 3 36 350
3 49 25 37 4 28 0 0.00 M M 11.7 21 80 M M 2 26 90
4 62 24 43 10 22 0 T M M 15.4 28 140 M M 1 34 140
5 58 28 43 9 22 0 0.48 M M 18.0 32 310 M M 10 138 42 310
6 35 25 30 -4 35 0 0.00 M M 17.3 28 310 M M 7 35 310
7 40 19 30 -5 35 0 M M M 12.9 23 320 M M 3 1 29 310
8 51 13 32 -3 33 0 0.00 M M 11.9 29 330 M M 1 34 320
9 27 17 22 -14 43 0 T M M 13.1 23 350 M M 7 30 360
10 32 20 26 -10 39 0 0.00 M M 6.4 17 250 M M 5 22 240
11 24 2 13 -24 52 0 0.00 M M 16.2 33 330 M M 0 43 330
12 38 -1 19 -18 46 0 0.00 M M 12.8 26 200 M M 3 34 190
13 66 23 45 7 20 0 0.00 M M 9.0 22 140 M M 0 27 150
14 59 27 43 5 22 0 0.00 M M 12.1 31 360 M M 0 41 10
15 62 27 45 6 20 0 0.00 M M 8.7 17 170 M M 4 12 25 170
16 75 32 54 15 11 0 0.00 M M 12.7 21 230 M M 1 28 210
17 54 42 48 8 17 0 0.02 M M 14.4 26 30 M M 10 36 350
18 54 29 42 2 23 0 0.00 M M 15.1 26 350 M M 4 33 350
19 70 16 43 3 22 0 0.00 M M 6.1 21 280 M M 2 1 28 240
20 79 22 51 10 14 0 0.00 M M 13.8 37 160 M M 0 45 150
21 71 43 57 16 8 0 0.08 M M 16.7 30 170 M M 4 1 40 200
22 43 35 39 -3 26 0 0.49 M M 28.4 40 350 M M 10 1 51 350
23 40 36 38 -4 27 0 0.04 M M 23.1 35 340 M M 10 1 47 340
24 45 30 38 -5 27 0 0.00 M M 12.1 21 350 M M 8 25 350
25 56 30 43 0 22 0 0.00 M M 19.0 39 310 M M 0 52 290
26 47 25 36 -8 29 0 0.00 M M 11.3 21 360 M M 3 31 360
27 43 21 32 -12 33 0 0.00 M M 6.9 14 40 M M 5 19 30
28 57 21 39 -5 26 0 0.00 M M 14.2 28 140 M M 0 42 120
29 71 36 54 9 11 0 0.00 M M 18.5 33 130 M M 1 43 120
30 56 31 44 -1 21 0 0.01 M M 23.9 35 330 M M 9 1 48 310
31 45 18 32 -14 33 0 T M M 12.5 25 330 M M 6 1 33 330
================================================================================
SM 1662 772 792 0 1.12 M 431.2 M 119
================================================================================
AV 53.6 24.9 13.9 FASTST M M 4 MAX(MPH)
MISC ----> 40 350 52 290
================================================================================
NOTES:
# LAST OF SEVERAL OCCURRENCES
COLUMN 17 PEAK WIND IN M.P.H.
PRELIMINARY LOCAL CLIMATOLOGICAL DATA (WS FORM: F-6) , PAGE 2
STATION: TEKAMAH NE
MONTH: MARCH
YEAR: 2022
LATITUDE: 41 46 N
LONGITUDE: 96 11 W
[TEMPERATURE DATA] [PRECIPITATION DATA] SYMBOLS USED IN COLUMN 16
AVERAGE MONTHLY: 39.3 TOTAL FOR MONTH: 1.12 1 = FOG OR MIST
DPTR FM NORMAL: 0.4 DPTR FM NORMAL: -0.38 2 = FOG REDUCING VISIBILITY
HIGHEST: 79 ON 20 GRTST 24HR 0.57 ON 21-22 TO 1/4 MILE OR LESS
LOWEST: -1 ON 12 3 = THUNDER
SNOW, ICE PELLETS, HAIL 4 = ICE PELLETS
TOTAL MONTH: M 5 = HAIL
GRTST 24HR M ON M 6 = FREEZING RAIN OR DRIZZLE
GRTST DEPTH: M ON M 7 = DUSTSTORM OR SANDSTORM:
VSBY 1/2 MILE OR LESS
8 = SMOKE OR HAZE
[NO. OF DAYS WITH] [WEATHER - DAYS WITH] 9 = BLOWING SNOW
X = TORNADO
MAX 32 OR BELOW: 3 0.01 INCH OR MORE: 6
MAX 90 OR ABOVE: 0 0.10 INCH OR MORE: 2
MIN 32 OR BELOW: 26 0.50 INCH OR MORE: 0
MIN 0 OR BELOW: 1 1.00 INCH OR MORE: 0
[HDD (BASE 65) ]
TOTAL THIS MO. 792 CLEAR (SCALE 0-3) 16
DPTR FM NORMAL -20 PTCLDY (SCALE 4-7) 10
TOTAL FM JUL 1 5157 CLOUDY (SCALE 8-10) 5
DPTR FM NORMAL -639
[CDD (BASE 65) ]
TOTAL THIS MO. 0
DPTR FM NORMAL -1 [PRESSURE DATA]
TOTAL FM JAN 1 0 HIGHEST SLP 30.44 ON 11
DPTR FM NORMAL -1 LOWEST SLP 29.17 ON 29
[REMARKS]
#FINAL-03-22#