000
CXUS53 KOAX 011627
CF6TQE
PRELIMINARY LOCAL CLIMATOLOGICAL DATA (WS FORM: F-6)
STATION: TEKAMAH NE
MONTH: MARCH
YEAR: 2020
LATITUDE: 41 46 N
LONGITUDE: 96 11 W
TEMPERATURE IN F: :PCPN: SNOW: WIND :SUNSHINE: SKY :PK WND
================================================================================
1 2 3 4 5 6A 6B 7 8 9 10 11 12 13 14 15 16 17 18
12Z AVG MX 2MIN
DY MAX MIN AVG DEP HDD CDD WTR SNW DPTH SPD SPD DIR MIN PSBL S-S WX SPD DR
================================================================================
1 55 29 42 11 23 0 0.00 M M 13.8 30 360 M M 0 37 350
2 48 31 40 8 25 0 T M M 8.9 17 230 M M 4 1 24 200
3 59 34 47 15 18 0 0.00 M M 13.1 25 250 M M 3 34 250
4 62 26 44 12 21 0 0.00 M M 10.2 25 190 M M 0 33 180
5 50 30 40 7 25 0 0.00 M M 23.3 41 310 M M 3 56 310
6 53 18 36 3 29 0 0.00 M M 8.7 20 150 M M 0 28 160
7 71 30 51 17 14 0 0.00 M M 19.4 37 190 M M 0 46 190
8 74 42 58 24 7 0 0.00 M M 20.6 35 200 M M 0 46 180
9 42 29 36 1 29 0 0.47 M M 15.3 25 360 M M 8 16 32 350
10 43 23 33 -2 32 0 0.01 M M 5.8 17 170 M M 4 1 21 150
11 61 31 46 10 19 0 0.00 M M 8.8 21 200 M M 5 12 26 190
12 58 27 43 7 22 0 0.00 M M 16.0 33 330 M M 3 43 300
13 48 23 36 -1 29 0 0.05 M M 6.4 16 70 M M 4 21 80
14 36 31 34 -3 31 0 0.16 M M 11.5 20 60 M M 10 1 24 50
15 34 30 32 -6 33 0 0.00 M M 8.6 14 140 M M 10 1 16 110
16 44 32 38 0 27 0 0.00 M M 7.7 16 340 M M 10 1 21 330
17 49 23 36 -3 29 0 0.14 M M 6.9 18 140 M M 5 13 25 140
18 52 41 47 8 18 0 0.13 M M 5.4 12 120 M M 10 1 15 140
19 48 28 38 -2 27 0 1.62 M M 19.4 43 350 M M 10 13 52 350
20 28 17 23 -17 42 0 0.01 M M 18.4 36 340 M M 2 1 46 330
21 44 23 34 -6 31 0 0.00 M M 10.1 20 160 M M 6 25 160
22 43 31 37 -4 28 0 0.00 M M 12.5 21 150 M M 5 1 27 140
23 48 38 43 2 22 0 0.00 M M 8.1 14 160 M M 10 1 16 150
24 57 44 51 9 14 0 0.00 M M 12.9 22 150 M M 7 1 30 140
25 57 41 49 7 16 0 0.00 M M 12.2 24 350 M M 9 1 31 340
26 52 39 46 3 19 0 0.00 M M 12.6 20 360 M M 7 23 20
27 48 44 46 3 19 0 0.00 M M 7.6 14 60 M M 10 1 17 50
28 51 37 44 0 21 0 0.37 M M 17.5 40 320 M M 10 13 53 320
29 58 35 47 3 18 0 0.00 M M 14.9 28 320 M M 0 36 320
30 68 31 50 6 15 0 0.00 M M 6.3 15 120 M M 2 26 80
31 65 37 51 6 14 0 T M M 9.6 20 130 M M 4 27 120
================================================================================
SM 1606 975 717 0 2.96 M 372.5 M 161
================================================================================
AV 51.8 31.5 12.0 FASTST M M 5 MAX(MPH)
MISC ----> # 43 350 # 56 310
================================================================================
NOTES:
# LAST OF SEVERAL OCCURRENCES
COLUMN 17 PEAK WIND IN M.P.H.
PRELIMINARY LOCAL CLIMATOLOGICAL DATA (WS FORM: F-6) , PAGE 2
STATION: TEKAMAH NE
MONTH: MARCH
YEAR: 2020
LATITUDE: 41 46 N
LONGITUDE: 96 11 W
[TEMPERATURE DATA] [PRECIPITATION DATA] SYMBOLS USED IN COLUMN 16
AVERAGE MONTHLY: 41.6 TOTAL FOR MONTH: 2.96 1 = FOG OR MIST
DPTR FM NORMAL: 3.5 DPTR FM NORMAL: 0.95 2 = FOG REDUCING VISIBILITY
HIGHEST: 74 ON 8 GRTST 24HR 1.62 ON 19-19 TO 1/4 MILE OR LESS
LOWEST: 17 ON 20 3 = THUNDER
SNOW, ICE PELLETS, HAIL 4 = ICE PELLETS
TOTAL MONTH: M 5 = HAIL
GRTST 24HR M ON M 6 = FREEZING RAIN OR DRIZZLE
GRTST DEPTH: M ON M 7 = DUSTSTORM OR SANDSTORM:
VSBY 1/2 MILE OR LESS
8 = SMOKE OR HAZE
[NO. OF DAYS WITH] [WEATHER - DAYS WITH] 9 = BLOWING SNOW
X = TORNADO
MAX 32 OR BELOW: 1 0.01 INCH OR MORE: 9
MAX 90 OR ABOVE: 0 0.10 INCH OR MORE: 6
MIN 32 OR BELOW: 20 0.50 INCH OR MORE: 1
MIN 0 OR BELOW: 0 1.00 INCH OR MORE: 1
[HDD (BASE 65) ]
TOTAL THIS MO. 717 CLEAR (SCALE 0-3) 11
DPTR FM NORMAL -117 PTCLDY (SCALE 4-7) 10
TOTAL FM JUL 1 5570 CLOUDY (SCALE 8-10) 10
DPTR FM NORMAL -328
[CDD (BASE 65) ]
TOTAL THIS MO. 0
DPTR FM NORMAL 0 [PRESSURE DATA]
TOTAL FM JAN 1 0 HIGHEST SLP 30.66 ON 20
DPTR FM NORMAL 0 LOWEST SLP 29.27 ON 28
[REMARKS]
#FINAL-03-20#