000
CXUS56 KSGX 011045
CF6TRM
PRELIMINARY LOCAL CLIMATOLOGICAL DATA (WS FORM: F-6)
STATION: THERMAL AIRPORT CA
MONTH: MAY
YEAR: 2022
LATITUDE: 33 37 N
LONGITUDE: 116 10 W
TEMPERATURE IN F: :PCPN: SNOW: WIND :SUNSHINE: SKY :PK WND
================================================================================
1 2 3 4 5 6A 6B 7 8 9 10 11 12 13 14 15 16 17 18
12Z AVG MX 2MIN
DY MAX MIN AVG DEP HDD CDD WTR SNW DPTH SPD SPD DIR MIN PSBL S-S WX SPD DR
================================================================================
1 95 57 76 1 0 11 0.00 M M 10.4 26 330 M M 0 35 330
2 95 62 79 4 0 14 0.00 M M 9.5 22 330 M M 0 28 330
3 95 60 78 3 0 13 0.00 M M 8.7 20 310 M M 0 27 330
4 97 54 76 0 0 11 0.00 M M 5.9 15 120 M M 0 18 110
5 100 55 78 2 0 13 0.00 M M 8.8 22 330 M M 0 27 340
6 99 59 79 3 0 14 0.00 M M 9.2 23 340 M M 0 31 340
7 100 66 83 7 0 18 0.00 M M 11.5 28 330 M M 0 35 340
8 86 65 76 -1 0 11 T M M 19.4 32 340 M M 0 8 41 330
9 85 62 74 -3 0 9 0.00 M M 12.9 23 340 M M 0 8 29 330
10 86 61 74 -3 0 9 0.00 M M 12.0 22 270 M M 0 30 270
11 82 56 69 -9 0 4 0.00 M M 11.5 21 330 M M 0 28 320
12 88 51 70 -8 0 5 0.00 M M 5.1 12 350 M M 0 16 290
13 99 49 74 -4 0 9 0.00 M M 4.8 13 330 M M 0 15 280
14 106 56 81 3 0 16 0.00 M M 5.1 13 150 M M 0 17 140
15 107 59 83 4 0 18 0.00 M M 9.3 24 340 M M 0 32 330
16 104 77 91 12 0 26 0.00 M M 11.7 28 330 M M 0 34 320
17 100 74 87 8 0 22 0.00 M M 10.8 21 330 M M 0 28 330
18 97 60 79 0 0 14 0.00 M M 6.0 15 120 M M 0 20 310
19 96 62 79 -1 0 14 0.00 M M 8.0 21 330 M M 0 27 320
20 91 68 80 0 0 15 0.00 M M 16.1 29 330 M M 0 8 38 350
21 91 66 79 -1 0 14 0.00 M M 9.6 20 320 M M 0 27 320
22 94 67 81 1 0 16 0.00 M M 8.1 17 330 M M 0 8 24 320
23 97 59 78 -3 0 13 0.00 M M 5.1 16 310 M M 0 22 310
24 99 58 79 -2 0 14 0.00 M M 5.7 18 130 M M 0 21 140
25 101 61 81 0 0 16 0.00 M M 4.7 17 140 M M 0 20 130
26 102 60 81 0 0 16 0.00 M M 7.5 18 310 M M 0 27 310
27 102 61 82 0 0 17 0.00 M M 8.3 23 320 M M 0 29 330
28 92 70 81 -1 0 16 0.00 M M 19.1 31 330 M M 0 8 42 340
29 94 69 82 0 0 17 0.00 M M 22.7 32 320 M M 1 8 43 320
30 98 67 83 1 0 18 0.00 M M 11.9 31 320 M M 0 8 40 330
31 98 69 84 2 0 19 0.00 M M 9.3 21 320 M M 0 25 320
================================================================================
SM 2976 1920 0 442 T M 308.7 M 1
================================================================================
AV 96.0 61.9 10.0 FASTST M M 0 MAX(MPH)
MISC ----> # 32 340 43 320
================================================================================
NOTES:
# LAST OF SEVERAL OCCURRENCES
COLUMN 17 PEAK WIND IN M.P.H.
PRELIMINARY LOCAL CLIMATOLOGICAL DATA (WS FORM: F-6) , PAGE 2
STATION: THERMAL AIRPORT CA
MONTH: MAY
YEAR: 2022
LATITUDE: 33 37 N
LONGITUDE: 116 10 W
[TEMPERATURE DATA] [PRECIPITATION DATA] SYMBOLS USED IN COLUMN 16
AVERAGE MONTHLY: 79.0 TOTAL FOR MONTH: T 1 = FOG OR MIST
DPTR FM NORMAL: 0.3 DPTR FM NORMAL: -0.01 2 = FOG REDUCING VISIBILITY
HIGHEST: 107 ON 15 GRTST 24HR T ON 8- 8 TO 1/4 MILE OR LESS
LOWEST: 49 ON 13 3 = THUNDER
SNOW, ICE PELLETS, HAIL 4 = ICE PELLETS
TOTAL MONTH: M 5 = HAIL
GRTST 24HR M ON M 6 = FREEZING RAIN OR DRIZZLE
GRTST DEPTH: M ON M 7 = DUSTSTORM OR SANDSTORM:
VSBY 1/2 MILE OR LESS
8 = SMOKE OR HAZE
[NO. OF DAYS WITH] [WEATHER - DAYS WITH] 9 = BLOWING SNOW
X = TORNADO
MAX 32 OR BELOW: 0 0.01 INCH OR MORE: 0
MAX 90 OR ABOVE: 26 0.10 INCH OR MORE: 0
MIN 32 OR BELOW: 0 0.50 INCH OR MORE: 0
MIN 0 OR BELOW: 0 1.00 INCH OR MORE: 0
[HDD (BASE 65) ]
TOTAL THIS MO. 0 CLEAR (SCALE 0-3) 31
DPTR FM NORMAL -2 PTCLDY (SCALE 4-7) 0
TOTAL FM JUL 1 995 CLOUDY (SCALE 8-10) 0
DPTR FM NORMAL -110
[CDD (BASE 65) ]
TOTAL THIS MO. 442
DPTR FM NORMAL 14 [PRESSURE DATA]
TOTAL FM JAN 1 827 HIGHEST SLP 30.18 ON 12
DPTR FM NORMAL 109 LOWEST SLP 29.51 ON 29
[REMARKS]
#FINAL-05-22#