000
CXUS56 KSGX 011045
CF6TRM
PRELIMINARY LOCAL CLIMATOLOGICAL DATA (WS FORM: F-6)
STATION: THERMAL AIRPORT CA
MONTH: MARCH
YEAR: 2022
LATITUDE: 33 37 N
LONGITUDE: 116 10 W
TEMPERATURE IN F: :PCPN: SNOW: WIND :SUNSHINE: SKY :PK WND
================================================================================
1 2 3 4 5 6A 6B 7 8 9 10 11 12 13 14 15 16 17 18
12Z AVG MX 2MIN
DY MAX MIN AVG DEP HDD CDD WTR SNW DPTH SPD SPD DIR MIN PSBL S-S WX SPD DR
================================================================================
1 93 46 70 8 0 5 0.00 M M 6.6 14 290 M M 0 20 280
2 89 44 67 5 0 2 0.00 M M 4.6 14 140 M M 0 18 140
3 82 40 61 -1 4 0 T M M 6.8 22 330 M M 0 29 340
4 72 51 62 0 3 0 0.01 M M 8.8 23 290 M M 1 33 340
5 68 49 59 -4 6 0 0.00 M M 13.2 35 280 M M 1 8 46 280
6 70 37 54 -9 11 0 0.00 M M 4.9 13 150 M M 0 16 140
7 73 44 59 -4 6 0 0.00 M M 10.3 24 340 M M 0 30 350
8 73 35 54 -9 11 0 0.00 M M 5.2 15 300 M M 0 8 18 300
9 76 32 54 -10 11 0 0.00 M M 5.9 18 330 M M 0 25 340
10 77 49 63 -1 2 0 0.00 M M 13.3 30 360 M M 1 8 39 360
11 76 41 59 -5 6 0 0.00 M M 7.6 17 310 M M 0 23 310
12 81 32 57 -7 8 0 0.00 M M 4.6 12 150 M M 0 15 160
13 85 37 61 -3 4 0 0.00 M M 6.1 23 330 M M 0 31 320
14 87 50 69 4 0 4 0.00 M M 6.3 17 320 M M 0 22 310
15 88 41 65 0 0 0 0.00 M M 5.6 16 330 M M 0 21 330
16 89 62 76 11 0 11 0.00 M M 10.5 20 360 M M 0 26 300
17 87 54 71 6 0 6 0.00 M M 6.2 14 150 M M 0 19 140
18 89 42 66 0 0 1 0.00 M M 4.8 14 150 M M 0 17 120
19 85 48 67 1 0 2 0.00 M M 8.1 25 320 M M 0 8 35 330
20 82 59 71 5 0 6 0.00 M M 13.6 26 320 M M 1 32 330
21 87 55 71 5 0 6 0.00 M M 10.1 21 10 M M 0 30 10
22 90 55 73 7 0 8 0.00 M M 6.2 17 330 M M 0 22 310
23 87 52 70 3 0 5 0.00 M M 6.2 14 150 M M 0 19 160
24 90 44 67 0 0 2 0.00 M M 4.5 12 140 M M 0 8 17 140
25 96 49 73 6 0 8 0.00 M M 4.9 14 150 M M 0 18 140
26 94 52 73 6 0 8 0.00 M M 4.6 12 130 M M 0 16 150
27 90 53 72 5 0 7 0.00 M M 6.6 17 310 M M 0 23 320
28 84 59 72 4 0 7 0.01 M M 7.4 25 330 M M 2 3 33 340
29 79 45 62 -6 3 0 0.00 M M 10.6 25 330 M M 0 32 340
30 88 62 75 7 0 10 0.00 M M 10.6 21 340 M M 0 29 330
31 85 50 68 0 0 3 0.00 M M 7.1 20 330 M M 0 25 330
================================================================================
SM 2592 1469 75 101 0.02 M 231.8 M 6
================================================================================
AV 83.6 47.4 7.5 FASTST M M 0 MAX(MPH)
MISC ----> 35 280 46 280
================================================================================
NOTES:
# LAST OF SEVERAL OCCURRENCES
COLUMN 17 PEAK WIND IN M.P.H.
PRELIMINARY LOCAL CLIMATOLOGICAL DATA (WS FORM: F-6) , PAGE 2
STATION: THERMAL AIRPORT CA
MONTH: MARCH
YEAR: 2022
LATITUDE: 33 37 N
LONGITUDE: 116 10 W
[TEMPERATURE DATA] [PRECIPITATION DATA] SYMBOLS USED IN COLUMN 16
AVERAGE MONTHLY: 65.5 TOTAL FOR MONTH: 0.02 1 = FOG OR MIST
DPTR FM NORMAL: 0.5 DPTR FM NORMAL: -0.32 2 = FOG REDUCING VISIBILITY
HIGHEST: 96 ON 25 GRTST 24HR 0.01 ON 3- 4 TO 1/4 MILE OR LESS
LOWEST: 32 ON 12, 9 3 = THUNDER
SNOW, ICE PELLETS, HAIL 4 = ICE PELLETS
TOTAL MONTH: M 5 = HAIL
GRTST 24HR M ON M 6 = FREEZING RAIN OR DRIZZLE
GRTST DEPTH: M ON M 7 = DUSTSTORM OR SANDSTORM:
VSBY 1/2 MILE OR LESS
8 = SMOKE OR HAZE
[NO. OF DAYS WITH] [WEATHER - DAYS WITH] 9 = BLOWING SNOW
X = TORNADO
MAX 32 OR BELOW: 0 0.01 INCH OR MORE: 2
MAX 90 OR ABOVE: 6 0.10 INCH OR MORE: 0
MIN 32 OR BELOW: 2 0.50 INCH OR MORE: 0
MIN 0 OR BELOW: 0 1.00 INCH OR MORE: 0
[HDD (BASE 65) ]
TOTAL THIS MO. 75 CLEAR (SCALE 0-3) 31
DPTR FM NORMAL -3 PTCLDY (SCALE 4-7) 0
TOTAL FM JUL 1 988 CLOUDY (SCALE 8-10) 0
DPTR FM NORMAL -98
[CDD (BASE 65) ]
TOTAL THIS MO. 101
DPTR FM NORMAL 22 [PRESSURE DATA]
TOTAL FM JAN 1 115 HIGHEST SLP 30.36 ON 11
DPTR FM NORMAL 23 LOWEST SLP 29.62 ON 28
[REMARKS]
#FINAL-03-22#