000
CXUS51 KPHI 020243
CLMTTN
CLIMATE REPORT
NATIONAL WEATHER SERVICE MOUNT HOLLY NJ
1043 PM EDT SAT JUL 01 2023
...................................
...THE TRENTON NJ CLIMATE SUMMARY FOR THE MONTH OF JUNE 2023...
CLIMATE NORMAL PERIOD: 1991 TO 2020
CLIMATE RECORD PERIOD: 1865 TO 2023
WEATHER OBSERVED NORMAL DEPART LAST YEAR`S
VALUE DATE(S) VALUE FROM VALUE
NORMAL
..............................................................
TEMPERATURE (F)
RECORD
HIGH 100 06/26/1952
06/29/1934
LOW 41 06/13/1907
HIGHEST 93 MM MM 91
LOWEST 45 MM MM 51
AVG. MAXIMUM 79.1 81.0 -1.9 79.9
AVG. MINIMUM 57.6 60.9 -3.3 60.1
MEAN 68.3 71.0 -2.7 70.0
DAYS MAX >= 90 1 4.0 -3.0 1
DAYS MAX <= 32 0 0.0 0.0 0
DAYS MIN <= 32 0 0.0 0.0 0
DAYS MIN <= 0 0 0.0 0.0 0
PRECIPITATION (INCHES)
RECORD
MAXIMUM 13.80 1996
MINIMUM 0.06 1949
TOTALS 3.90 4.25 -0.35 3.05
DAILY AVG. 0.13 0.14 -0.01 0.10
DAYS >= .01 8 11.9 -3.9 12
DAYS >= .10 7 7.6 -0.6 9
DAYS >= .50 3 3.1 -0.1 2
DAYS >= 1.00 1 1.1 -0.1 0
GREATEST
24 HR. TOTAL 1.67 06/26 TO 06/27 0.72
SNOWFALL (INCHES)
TOTALS T
SINCE 7/1 2.1
SNOWDEPTH AVG. 0
DAYS >= 1.0 0
GREATEST
SNOW DEPTH 0
24 HR TOTAL T
DEGREE DAYS
HEATING TOTAL 16 20 -4 2
SINCE 7/1 4527 4975 -448 MM
COOLING TOTAL 125 199 -74 160
SINCE 1/1 155 267 -112 MM
..............................................................
WIND (MPH)
AVERAGE WIND SPEED 6.5
HIGHEST WIND SPEED/DIRECTION 40/020 DATE 06/02
HIGHEST GUST SPEED/DIRECTION 64/030 DATE 06/02
SKY COVER
POSSIBLE SUNSHINE (PERCENT) MM
AVERAGE SKY COVER 0.43
NUMBER OF DAYS FAIR 14
NUMBER OF DAYS PC 11
NUMBER OF DAYS CLOUDY 5
AVERAGE RH (PERCENT) 67
WEATHER CONDITIONS. NUMBER OF DAYS WITH
THUNDERSTORM 9 MIXED PRECIP 0
HEAVY RAIN 6 RAIN 6
LIGHT RAIN 12 FREEZING RAIN 0
LT FREEZING RAIN 0 HEAVY SNOW 0
SNOW 0 LIGHT SNOW 0
SLEET 0 FOG 13
FOG W/VIS <= 1/4 MILE 2 HAZE 10
- INDICATES NEGATIVE NUMBERS.
R INDICATES RECORD WAS SET OR TIED.
MM INDICATES DATA IS MISSING.
T INDICATES TRACE AMOUNT.
$$