000
CXUS55 KTWC 030213
CF6TUS
PRELIMINARY LOCAL CLIMATOLOGICAL DATA (WS FORM: F-6)
STATION: TUCSON AZ
MONTH: JANUARY
YEAR: 2024
LATITUDE: 32 7 N
LONGITUDE: 110 56 W
TEMPERATURE IN F: :PCPN: SNOW: WIND :SUNSHINE: SKY :PK WND
================================================================================
1 2 3 4 5 6A 6B 7 8 9 10 11 12 13 14 15 16 17 18
12Z AVG MX 2MIN
DY MAX MIN AVG DEP HDD CDD WTR SNW DPTH SPD SPD DIR MIN PSBL S-S WX SPD DR
================================================================================
1 68 39 54 2 11 0 0.00 M M 5.8 17 340 M M 1 24 340
2 63 43 53 1 12 0 T M M 4.1 13 340 M M 2 17 340
3 67 41 54 1 11 0 0.02 M M 7.5 18 300 M M 1 29 320
4 53 39 46 -7 19 0 T M M 6.5 18 280 M M 5 26 290
5 56 36 46 -7 19 0 0.00 M M 5.5 13 320 M M 2 19 300
6 58 34 46 -7 19 0 0.00 M M 4.4 10 110 M M 0 19 130
7 57 37 47 -6 18 0 0.14 M M 9.5 25 340 M M 3 1 35 340
8 47 31 39 -14 26 0 0.00 M M 6.6 14 290 M M M 21 320
9 55 28 42 -11 23 0 0.00 M M 4.3 10 350 M M 0 14 120
10 63 31 47 -6 18 0 0.00 M M 4.1 12 340 M M M 17 230
11 55 34 45 -8 20 0 T M M 11.2 32 260 M M 2 48 250
12 58 29 44 -9 21 0 0.00 M M 4.4 10 330 M M 0 14 330
13 66 33 50 -4 15 0 0.00 M M 5.8 12 350 M M M 20 170
14 69 36 53 -1 12 0 0.00 M M 4.3 15 300 M M M 23 240
15 68 37 53 -1 12 0 0.00 M M 5.3 12 340 M M 0 16 350
16 69 37 53 -1 12 0 0.00 M M 5.1 12 160 M M 0 16 120
17 74 40 57 3 8 0 0.00 M M 6.3 15 300 M M 0 19 300
18 75 43 59 5 6 0 0.00 M M 4.5 10 340 M M 0 14 350
19 77 45 61 7 4 0 0.00 M M 5.4 13 150 M M 0 26 60
20 74 47 61 7 4 0 0.00 M M 6.2 30 170 M M 1 8 49 170
21 61 50 56 2 9 0 0.81 M M 5.4 13 210 M M 10 1 18 190
22 61 46 54 0 11 0 0.20 M M 4.6 17 160 M M 5 1 22 160
23 58 47 53 -1 12 0 0.60 M M 7.2 17 160 M M 9 1 22 270
24 60 49 55 1 10 0 0.00 M M 2.3 8 340 M M 7 1 16 300
25 64 44 54 0 11 0 0.00 M M 4.3 13 310 M M 4 19 280
26 63 44 54 0 11 0 0.00 M M 4.7 14 340 M M 2 17 330
27 71 40 56 2 9 0 0.00 M M 9.6 23 130 M M 0 33 130
28 75 52 64 10 1 0 0.00 M M 11.2 25 120 M M 0 34 110
29 80 46 63 8 2 0 0.00 M M 4.9 12 160 M M 0 26 150
30 78 48 63 8 2 0 0.00 M M 4.7 13 140 M M 0 21 200
31 77 49 63 8 2 0 0.00 M M 5.5 13 130 M M 0 23 200
================================================================================
SM 2020 1255 370 0 1.77 M 181.2 M 54
================================================================================
AV 65.2 40.5 5.8 FASTST M M 2 MAX(MPH)
MISC ----> 32 260 49 170
================================================================================
NOTES:
# LAST OF SEVERAL OCCURRENCES
COLUMN 17 PEAK WIND IN M.P.H.
PRELIMINARY LOCAL CLIMATOLOGICAL DATA (WS FORM: F-6) , PAGE 2
STATION: TUCSON AZ
MONTH: JANUARY
YEAR: 2024
LATITUDE: 32 7 N
LONGITUDE: 110 56 W
[TEMPERATURE DATA] [PRECIPITATION DATA] SYMBOLS USED IN COLUMN 16
AVERAGE MONTHLY: 52.8 TOTAL FOR MONTH: 1.77 1 = FOG OR MIST
DPTR FM NORMAL: -0.8 DPTR FM NORMAL: 0.93 2 = FOG REDUCING VISIBILITY
HIGHEST: 80 ON 29 GRTST 24HR 0.81 ON 21-21 TO 1/4 MILE OR LESS
LOWEST: 28 ON 9 3 = THUNDER
SNOW, ICE PELLETS, HAIL 4 = ICE PELLETS
TOTAL MONTH: M 5 = HAIL
GRTST 24HR M ON M 6 = FREEZING RAIN OR DRIZZLE
GRTST DEPTH: M ON M 7 = DUSTSTORM OR SANDSTORM:
VSBY 1/2 MILE OR LESS
8 = SMOKE OR HAZE
[NO. OF DAYS WITH] [WEATHER - DAYS WITH] 9 = BLOWING SNOW
X = TORNADO
MAX 32 OR BELOW: 0 0.01 INCH OR MORE: 5
MAX 90 OR ABOVE: 0 0.10 INCH OR MORE: 4
MIN 32 OR BELOW: 4 0.50 INCH OR MORE: 2
MIN 0 OR BELOW: 0 1.00 INCH OR MORE: 0
[HDD (BASE 65) ]
TOTAL THIS MO. 370 CLEAR (SCALE 0-3) 21
DPTR FM NORMAL 18 PTCLDY (SCALE 4-7) 4
TOTAL FM JUL 1 708 CLOUDY (SCALE 8-10) 6
DPTR FM NORMAL -186
[CDD (BASE 65) ]
TOTAL THIS MO. 0
DPTR FM NORMAL -1 [PRESSURE DATA]
TOTAL FM JAN 1 0 HIGHEST SLP 30.27 ON 9
DPTR FM NORMAL -1 LOWEST SLP 29.64 ON 7
[REMARKS]
#FINAL-01-24#