000
CXUS53 KAPX 010830
CF6TVC
PRELIMINARY LOCAL CLIMATOLOGICAL DATA (WS FORM: F-6)
STATION: TRAVERSE CITY MI
MONTH: DECEMBER
YEAR: 2022
LATITUDE: 44 44 N
LONGITUDE: 85 34 W
TEMPERATURE IN F: :PCPN: SNOW: WIND :SUNSHINE: SKY :PK WND
================================================================================
1 2 3 4 5 6A 6B 7 8 9 10 11 12 13 14 15 16 17 18
12Z AVG MX 2MIN
DY MAX MIN AVG DEP HDD CDD WTR SNW DPTH SPD SPD DIR MIN PSBL S-S WX SPD DR
================================================================================
1 35 26 31 -2 34 0 T M M 9.9 23 280 M M 8 32 280
2 50 33 42 9 23 0 0.00 M M 8.5 18 230 M M 8 31 220
3 49 24 37 4 28 0 0.17 M M 13.6 26 300 M M 9 1 38 280
4 36 23 30 -2 35 0 0.00 M M 8.8 20 220 M M 4 30 220
5 42 33 38 6 27 0 0.00 M M 5.5 15 220 M M 7 21 220
6 37 31 34 2 31 0 0.01 M M 4.2 12 50 M M 10 1 18 360
7 41 30 36 5 29 0 0.01 M M 4.9 16 360 M M 10 126 28 340
8 31 25 28 -3 37 0 0.00 M M 4.3 12 360 M M 10 17 40
9 34 20 27 -4 38 0 0.00 M M 6.4 13 90 M M 7 20 80
10 35 32 34 4 31 0 T M M 4.6 12 120 M M 10 1 17 120
11 37 29 33 3 32 0 0.03 M M 2.3 9 50 M M 10 1 13 60
12 35 32 34 4 31 0 0.00 M M 2.0 9 120 M M 10 13 150
13 37 30 34 4 31 0 0.00 M M 8.1 15 110 M M 9 23 110
14 40 32 36 7 29 0 T M M 11.9 24 100 M M 7 38 100
15 41 35 38 9 27 0 0.28 M M 10.9 29 110 M M 9 45 100
16 35 29 32 3 33 0 0.06 M M 6.3 14 210 M M 10 18 22 190
17 31 28 30 1 35 0 T M M 5.9 15 250 M M 10 18 22 270
18 33 27 30 2 35 0 0.01 M 2 11.4 20 270 M M 10 189 27 280
19 28 26 27 -1 38 0 T M M 7.1 14 260 M M 10 19 280
20 31 20 26 -2 39 0 T M M 10.2 20 270 M M 9 18 30 260
21 21 15 18 -10 47 0 T M M 6.0 22 270 M M 10 30 260
22 37 21 29 2 36 0 0.04 M M 5.8 18 270 M M 10 1 26 280
23 24 13 19 -8 46 0 T M M 17.8 31 270 M M 10 19 41 260
24 22 17 20 -7 45 0 T M M 23.5 37 300 M M 10 19 54 300
25 21 16 19 -8 46 0 0.01 M M 11.6 29 300 M M 10 1289 40 310
26 25 16 21 -5 44 0 T M M 7.2 16 310 M M 10 8 20 300
27 28 18 23 -3 42 0 T M M 8.9 18 190 M M 10 30 170
28 44 26 35 9 30 0 0.00 M M 8.8 18 200 M M 9 29 210
29 54 43 49 23 16 0 T M M 9.2 16 200 M M 7 1 29 200
30 56 37 47 21 18 0 0.02 M M 8.6 18 260 M M 10 18 27 210
31 37 33 35 9 30 0 M M M 3.5 9 190 M M 10 14 190
================================================================================
SM 1107 820 1043 0 0.64 M 257.7 M 283
================================================================================
AV 35.7 26.5 8.3 FASTST M M 9 MAX(MPH)
MISC ----> 37 300 54 300
================================================================================
NOTES:
# LAST OF SEVERAL OCCURRENCES
COLUMN 17 PEAK WIND IN M.P.H.
PRELIMINARY LOCAL CLIMATOLOGICAL DATA (WS FORM: F-6) , PAGE 2
STATION: TRAVERSE CITY MI
MONTH: DECEMBER
YEAR: 2022
LATITUDE: 44 44 N
LONGITUDE: 85 34 W
[TEMPERATURE DATA] [PRECIPITATION DATA] SYMBOLS USED IN COLUMN 16
AVERAGE MONTHLY: 31.1 TOTAL FOR MONTH: 0.64 1 = FOG OR MIST
DPTR FM NORMAL: 2.0 DPTR FM NORMAL: -1.15 2 = FOG REDUCING VISIBILITY
HIGHEST: 56 ON 30 GRTST 24HR 0.28 ON 15-15 TO 1/4 MILE OR LESS
LOWEST: 13 ON 23 3 = THUNDER
SNOW, ICE PELLETS, HAIL 4 = ICE PELLETS
TOTAL MONTH: M 5 = HAIL
GRTST 24HR M ON M 6 = FREEZING RAIN OR DRIZZLE
GRTST DEPTH: 2 ON 18 7 = DUSTSTORM OR SANDSTORM:
VSBY 1/2 MILE OR LESS
8 = SMOKE OR HAZE
[NO. OF DAYS WITH] [WEATHER - DAYS WITH] 9 = BLOWING SNOW
X = TORNADO
MAX 32 OR BELOW: 10 0.01 INCH OR MORE: 10
MAX 90 OR ABOVE: 0 0.10 INCH OR MORE: 2
MIN 32 OR BELOW: 25 0.50 INCH OR MORE: 0
MIN 0 OR BELOW: 0 1.00 INCH OR MORE: 0
[HDD (BASE 65) ]
TOTAL THIS MO. 1043 CLEAR (SCALE 0-3) 0
DPTR FM NORMAL -71 PTCLDY (SCALE 4-7) 5
TOTAL FM JUL 1 2312 CLOUDY (SCALE 8-10) 26
DPTR FM NORMAL -264
[CDD (BASE 65) ]
TOTAL THIS MO. 0
DPTR FM NORMAL 0 [PRESSURE DATA]
TOTAL FM JAN 1 694 HIGHEST SLP 30.47 ON 8
DPTR FM NORMAL 159 LOWEST SLP 29.33 ON 23
[REMARKS]
#FINAL-12-22#