000
CXUS53 KAPX 041852
CF6TVC
PRELIMINARY LOCAL CLIMATOLOGICAL DATA (WS FORM: F-6)
STATION: TRAVERSE CITY MI
MONTH: DECEMBER
YEAR: 2021
LATITUDE: 44 44 N
LONGITUDE: 85 34 W
TEMPERATURE IN F: :PCPN: SNOW: WIND :SUNSHINE: SKY :PK WND
================================================================================
1 2 3 4 5 6A 6B 7 8 9 10 11 12 13 14 15 16 17 18
12Z AVG MX 2MIN
DY MAX MIN AVG DEP HDD CDD WTR SNW DPTH SPD SPD DIR MIN PSBL S-S WX SPD DR
================================================================================
1 46 26 36 3 29 0 T M M 7.3 16 200 M M 8 25 190
2 48 33 41 8 24 0 0.06 M M 12.7 25 290 M M 10 18 39 300
3 37 32 35 2 30 0 T M M 3.6 14 320 M M 10 158 19 320
4 37 27 32 0 33 0 0.00 M M 12.8 25 280 M M 5 34 290
5 32 26 29 -3 36 0 0.43 M M 4.7 15 110 M M 8 12 24 90
6 36 19 28 -4 37 0 0.04 M M 14.0 31 300 M M 10 1289 43 300
7 20 16 18 -13 47 0 T M M 7.7 21 270 M M 10 26 270
8 27 18 23 -8 42 0 T M M 4.7 14 310 M M 9 1 17 300
9 35 17 26 -5 39 0 0.10 M M 6.8 17 150 M M 9 12 26 150
10 39 35 37 7 28 0 0.27 M M 6.3 15 100 M M 10 15 26 90
11 45 31 38 8 27 0 0.33 M M 12.0 31 290 M M 8 139 45 310
12 45 29 37 7 28 0 0.00 M M 11.1 22 220 M M 1 38 220
13 46 26 36 6 29 0 0.00 M M 7.3 20 230 M M 1 26 260
14 43 25 34 5 31 0 0.00 M M 4.5 15 160 M M 7 1 29 180
15 61 41 51 22 14 0 0.05 M M 7.5 20 180 M M 10 1 30 180
16 66 31 49 20 16 0 T M M 21.7 40 220 M M 9 70 210
17 31 25 28 -1 37 0 0.00 M M 8.6 28 260 M M 9 37 270
18 32 26 29 1 36 0 0.07 M M 5.2 18 330 M M 10 15 25 330
19 34 27 31 3 34 0 0.00 M M 6.9 17 200 M M 9 29 200
20 37 27 32 4 33 0 T M M 11.4 20 250 M M 9 30 260
21 32 22 27 -1 38 0 0.03 M M 9.0 28 280 M M 10 1 38 270
22 25 18 22 -5 43 0 T M M 11.8 26 280 M M 10 34 300
23 31 18 25 -2 40 0 0.04 M M 5.3 16 180 M M 9 18 23 190
24 45 31 38 11 27 0 0.00 M M 5.3 14 170 M M 10 18 23 170
25 44 31 38 11 27 0 T M M 8.7 14 330 M M 9 12 24 320
26 33 27 30 4 35 0 0.00 M M 7.9 14 50 M M 7 19 20
27 37 29 33 7 32 0 0.06 M M 9.6 25 260 M M 9 1 36 270
28 31 26 29 3 36 0 0.07 M M 5.6 22 270 M M 8 1 30 260
29 34 19 27 1 38 0 T M M 6.4 20 280 M M 9 18 28 260
30 30 16 23 -3 42 0 0.00 M M 3.0 8 170 M M 9 17 160
31 34 29 32 6 33 0 T M M 4.6 14 20 M M 10 1 19 20
================================================================================
SM 1173 803 1021 0 1.55 M 254.0 M 262
================================================================================
AV 37.8 25.9 8.2 FASTST M M 8 MAX(MPH)
MISC ----> 40 220 70 210
================================================================================
NOTES:
# LAST OF SEVERAL OCCURRENCES
COLUMN 17 PEAK WIND IN M.P.H.
PRELIMINARY LOCAL CLIMATOLOGICAL DATA (WS FORM: F-6) , PAGE 2
STATION: TRAVERSE CITY MI
MONTH: DECEMBER
YEAR: 2021
LATITUDE: 44 44 N
LONGITUDE: 85 34 W
[TEMPERATURE DATA] [PRECIPITATION DATA] SYMBOLS USED IN COLUMN 16
AVERAGE MONTHLY: 31.9 TOTAL FOR MONTH: 1.55 1 = FOG OR MIST
DPTR FM NORMAL: 2.8 DPTR FM NORMAL: -0.24 2 = FOG REDUCING VISIBILITY
HIGHEST: 66 ON 16 GRTST 24HR 0.60 ON 10-11 TO 1/4 MILE OR LESS
LOWEST: 16 ON 30, 7 3 = THUNDER
SNOW, ICE PELLETS, HAIL 4 = ICE PELLETS
TOTAL MONTH: M 5 = HAIL
GRTST 24HR M ON M 6 = FREEZING RAIN OR DRIZZLE
GRTST DEPTH: M ON M 7 = DUSTSTORM OR SANDSTORM:
VSBY 1/2 MILE OR LESS
8 = SMOKE OR HAZE
[NO. OF DAYS WITH] [WEATHER - DAYS WITH] 9 = BLOWING SNOW
X = TORNADO
MAX 32 OR BELOW: 10 0.01 INCH OR MORE: 12
MAX 90 OR ABOVE: 0 0.10 INCH OR MORE: 4
MIN 32 OR BELOW: 28 0.50 INCH OR MORE: 0
MIN 0 OR BELOW: 0 1.00 INCH OR MORE: 0
[HDD (BASE 65) ]
TOTAL THIS MO. 1021 CLEAR (SCALE 0-3) 2
DPTR FM NORMAL -93 PTCLDY (SCALE 4-7) 4
TOTAL FM JUL 1 2151 CLOUDY (SCALE 8-10) 25
DPTR FM NORMAL -425
[CDD (BASE 65) ]
TOTAL THIS MO. 0
DPTR FM NORMAL 0 [PRESSURE DATA]
TOTAL FM JAN 1 753 HIGHEST SLP 30.51 ON 14
DPTR FM NORMAL 218 LOWEST SLP 28.95 ON 11
[REMARKS]
#FINAL-12-21#