000
CXUS53 KAPX 010730
CF6TVC
PRELIMINARY LOCAL CLIMATOLOGICAL DATA (WS FORM: F-6)
STATION: TRAVERSE CITY MI
MONTH: MAY
YEAR: 2021
LATITUDE: 44 44 N
LONGITUDE: 85 34 W
TEMPERATURE IN F: :PCPN: SNOW: WIND :SUNSHINE: SKY :PK WND
================================================================================
1 2 3 4 5 6A 6B 7 8 9 10 11 12 13 14 15 16 17 18
12Z AVG MX 2MIN
DY MAX MIN AVG DEP HDD CDD WTR SNW DPTH SPD SPD DIR MIN PSBL S-S WX SPD DR
================================================================================
1 72 29 51 2 14 0 T M M 9.3 28 220 M M 4 46 170
2 73 45 59 9 6 0 1.46 M M 5.8 15 130 M M 7 13 24 160
3 63 48 56 6 9 0 0.67 M M 4.4 12 120 M M 10 1 19 120
4 50 43 47 -4 18 0 0.08 M M 7.9 15 330 M M 10 1 22 360
5 52 36 44 -7 21 0 0.00 M M 8.8 18 330 M M 7 25 320
6 54 35 45 -6 20 0 T M M 3.1 14 30 M M 7 21 40
7 44 31 38 -14 27 0 0.06 M M 6.0 17 360 M M 6 1 23 330
8 52 28 40 -12 25 0 0.00 M M 5.8 12 330 M M 2 20 350
9 53 29 41 -12 24 0 0.00 M M 6.8 16 350 M M 3 24 360
10 50 32 41 -12 24 0 0.00 M M 8.2 15 320 M M 5 24 350
11 54 33 44 -9 21 0 0.00 M M 10.5 20 330 M M 5 32 340
12 60 29 45 -9 20 0 0.00 M M 3.8 12 50 M M 1 17 350
13 71 31 51 -3 14 0 0.00 M M 3.1 16 10 M M 1 21 10
14 72 37 55 0 10 0 0.00 M M 4.4 13 10 M M 4 18 330
15 72 41 57 2 8 0 0.02 M M 4.8 23 270 M M 7 28 270
16 68 45 57 2 8 0 T M M 3.9 15 180 M M 8 1 24 180
17 76 40 58 2 7 0 0.00 M M 3.4 13 30 M M 1 1 18 30
18 85 47 66 10 0 1 0.00 M M 3.8 18 220 M M 2 28 170
19 81 60 71 15 0 6 0.10 M M 5.9 22 180 M M 9 1 31 170
20 88 65 77 20 0 12 T M M 5.8 17 200 M M 7 28 180
21 87 65 76 19 0 11 0.01 M M 8.2 20 200 M M 7 30 220
22 84 67 76 18 0 11 0.01 M M 9.2 18 270 M M 7 27 280
23 72 54 63 5 2 0 0.00 M M 6.7 15 360 M M 9 18 21 20
24 83 57 70 12 0 5 0.01 M M 5.0 14 220 M M 8 19 230
25 88 64 76 17 0 11 0.57 M M 12.7 25 230 M M 5 13 42 220
26 71 45 58 -1 7 0 T M M 10.5 21 300 M M 6 30 290
27 50 41 46 -14 19 0 0.24 M M 7.4 15 70 M M 6 22 60
28 59 41 50 -10 15 0 0.03 M M 9.2 18 30 M M 5 29 20
29 64 33 49 -11 16 0 0.00 M M 5.3 16 20 M M 0 23 20
30 70 36 53 -8 12 0 0.00 M M 3.6 10 40 M M 3 20 260
31 74 48 61 0 4 0 0.00 M M 6.3 18 350 M M 8 28 350
================================================================================
SM 2092 1335 351 57 3.26 M 199.6 M 170
================================================================================
AV 67.5 43.1 6.4 FASTST M M 5 MAX(MPH)
MISC ----> 28 220 46 170
================================================================================
NOTES:
# LAST OF SEVERAL OCCURRENCES
COLUMN 17 PEAK WIND IN M.P.H.
PRELIMINARY LOCAL CLIMATOLOGICAL DATA (WS FORM: F-6) , PAGE 2
STATION: TRAVERSE CITY MI
MONTH: MAY
YEAR: 2021
LATITUDE: 44 44 N
LONGITUDE: 85 34 W
[TEMPERATURE DATA] [PRECIPITATION DATA] SYMBOLS USED IN COLUMN 16
AVERAGE MONTHLY: 55.3 TOTAL FOR MONTH: 3.26 1 = FOG OR MIST
DPTR FM NORMAL: 0.0 DPTR FM NORMAL: 0.42 2 = FOG REDUCING VISIBILITY
HIGHEST: 88 ON 25,20 GRTST 24HR 1.61 ON 2- 3 TO 1/4 MILE OR LESS
LOWEST: 28 ON 8 3 = THUNDER
SNOW, ICE PELLETS, HAIL 4 = ICE PELLETS
TOTAL MONTH: M 5 = HAIL
GRTST 24HR M ON M 6 = FREEZING RAIN OR DRIZZLE
GRTST DEPTH: M ON M 7 = DUSTSTORM OR SANDSTORM:
VSBY 1/2 MILE OR LESS
8 = SMOKE OR HAZE
[NO. OF DAYS WITH] [WEATHER - DAYS WITH] 9 = BLOWING SNOW
X = TORNADO
MAX 32 OR BELOW: 0 0.01 INCH OR MORE: 12
MAX 90 OR ABOVE: 0 0.10 INCH OR MORE: 5
MIN 32 OR BELOW: 7 0.50 INCH OR MORE: 3
MIN 0 OR BELOW: 0 1.00 INCH OR MORE: 1
[HDD (BASE 65) ]
TOTAL THIS MO. 351 CLEAR (SCALE 0-3) 8
DPTR FM NORMAL 24 PTCLDY (SCALE 4-7) 18
TOTAL FM JUL 1 6462 CLOUDY (SCALE 8-10) 5
DPTR FM NORMAL -559
[CDD (BASE 65) ]
TOTAL THIS MO. 57
DPTR FM NORMAL 30 [PRESSURE DATA]
TOTAL FM JAN 1 61 HIGHEST SLP 30.48 ON 12
DPTR FM NORMAL 31 LOWEST SLP 29.51 ON 1
[REMARKS]
#FINAL-05-21#