000
CXUS54 KSHV 011300
CF6TXK
PRELIMINARY LOCAL CLIMATOLOGICAL DATA (WS FORM: F-6)
STATION: TEXARKANA
MONTH: SEPTEMBER
YEAR: 2023
LATITUDE: 33 27 N
LONGITUDE: 94 0 W
TEMPERATURE IN F: :PCPN: SNOW: WIND :SUNSHINE: SKY :PK WND
================================================================================
1 2 3 4 5 6A 6B 7 8 9 10 11 12 13 14 15 16 17 18
12Z AVG MX 2MIN
DY MAX MIN AVG DEP HDD CDD WTR SNW DPTH SPD SPD DIR MIN PSBL S-S WX SPD DR
================================================================================
1 92 60 76 -4 0 11 0.00 0.0 0 5.7 12 60 M M 0 19 80
2 96 67 82 3 0 17 0.00 0.0 0 5.5 14 50 M M 1 21 40
3 97 70 84 5 0 19 0.66 0.0 0 5.5 20 270 M M 2 13 26 270
4 94 71 83 4 0 18 T 0.0 0 7.8 30 230 M M 1 3 42 210
5 97 73 85 7 0 20 0.00 0.0 0 7.1 16 210 M M 4 24 210
6 101 74 88 10 0 23 0.12 0.0 0 5.9 24 10 M M 1 3 33 20
7 97 71 84 6 0 19 0.00 0.0 0 4.8 13 110 M M 1 21 60
8 86 71 79 1 0 14 0.14 0.0 0 6.7 24 50 M M 3 13 37 40
9 88 67 78 0 0 13 0.00 0.0 0 5.4 12 20 M M 2 18 70
10 86 61 74 -3 0 9 0.00 0.0 0 4.8 13 350 M M 0 19 40
11 87 62 75 -2 0 10 0.00 0.0 0 3.8 12 50 M M 0 19 30
12 81 70 76 -1 0 11 0.01 0.0 0 5.9 13 360 M M 9 17 10
13 74 68 71 -5 0 6 T 0.0 0 5.2 10 70 M M 9 15 70
14 77 66 72 -4 0 7 0.01 0.0 0 5.6 12 70 M M 9 17 70
15 85 61 73 -3 0 8 0.00 0.0 0 5.6 14 60 M M 3 20 60
16 88 60 74 -2 0 9 0.00 0.0 0 3.6 12 350 M M 1 16 350
17 92 64 78 3 0 13 0.00 0.0 0 4.7 14 350 M M 1 20 50
18 92 60 76 1 0 11 0.00 0.0 0 5.0 13 140 M M 0 16 130
19 91 69 80 6 0 15 0.00 0.0 0 8.1 15 220 M M 0 23 150
20 80 68 74 0 0 9 0.20 0.0 0 6.3 25 160 M M 3 3 34 160
21 90 67 79 5 0 14 T 0.0 0 6.0 12 10 M M 2 21 180
22 75 67 71 -3 0 6 0.93 0.0 0 5.3 17 20 M M 4 3 24 20
23 93 66 80 7 0 15 0.00 0.0 0 5.4 16 140 M M 4 1 24 150
24 83 69 76 3 0 11 1.46 0.0 0 6.8 30 20 M M 8 13 39 350
25 89 72 81 8 0 16 0.01 0.0 0 3.3 13 50 M M 5 3 17 40
26 91 68 80 8 0 15 0.00 0.0 0 2.7 12 60 M M 1 19 30
27 91 66 79 7 0 14 0.00 0.0 0 2.1 10 70 M M 0 14 50
28 92 68 80 8 0 15 0.00 0.0 0 4.6 10 180 M M 0 14 180
29 90 65 78 7 0 13 0.00 0.0 0 5.1 12 130 M M 0 17 120
30 91 63 77 6 0 12 0.00 0.0 0 3.6 12 140 M M 0 16 100
================================================================================
SM 2666 2004 0 393 3.54 0.0 157.9 M 74
================================================================================
AV 88.9 66.8 5.3 FASTST M M 2 MAX(MPH)
MISC ----> # 30 230 42 210
================================================================================
NOTES:
# LAST OF SEVERAL OCCURRENCES
COLUMN 17 PEAK WIND IN M.P.H.
PRELIMINARY LOCAL CLIMATOLOGICAL DATA (WS FORM: F-6) , PAGE 2
STATION: TEXARKANA
MONTH: SEPTEMBER
YEAR: 2023
LATITUDE: 33 27 N
LONGITUDE: 94 0 W
[TEMPERATURE DATA] [PRECIPITATION DATA] SYMBOLS USED IN COLUMN 16
AVERAGE MONTHLY: 77.8 TOTAL FOR MONTH: 3.54 1 = FOG OR MIST
DPTR FM NORMAL: 2.4 DPTR FM NORMAL: -0.06 2 = FOG REDUCING VISIBILITY
HIGHEST: 101 ON 6 GRTST 24HR 1.46 ON 24-24 TO 1/4 MILE OR LESS
LOWEST: 60 ON 18,16 3 = THUNDER
SNOW, ICE PELLETS, HAIL 4 = ICE PELLETS
TOTAL MONTH: 0.0 INCH 5 = HAIL
GRTST 24HR 0.0 6 = FREEZING RAIN OR DRIZZLE
GRTST DEPTH: 0 7 = DUSTSTORM OR SANDSTORM:
VSBY 1/2 MILE OR LESS
8 = SMOKE OR HAZE
[NO. OF DAYS WITH] [WEATHER - DAYS WITH] 9 = BLOWING SNOW
X = TORNADO
MAX 32 OR BELOW: 0 0.01 INCH OR MORE: 9
MAX 90 OR ABOVE: 17 0.10 INCH OR MORE: 6
MIN 32 OR BELOW: 0 0.50 INCH OR MORE: 3
MIN 0 OR BELOW: 0 1.00 INCH OR MORE: 1
[HDD (BASE 65) ]
TOTAL THIS MO. 0 CLEAR (SCALE 0-3) 22
DPTR FM NORMAL -6 PTCLDY (SCALE 4-7) 5
TOTAL FM JUL 1 0 CLOUDY (SCALE 8-10) 3
DPTR FM NORMAL -4
[CDD (BASE 65) ]
TOTAL THIS MO. 393
DPTR FM NORMAL 73 [PRESSURE DATA]
TOTAL FM JAN 1 2817 HIGHEST SLP 30.15 ON 10
DPTR FM NORMAL 689 LOWEST SLP 29.78 ON 24
[REMARKS]
#FINAL-09-23#