000
CXUS56 KPQR 011544
CLMUAO
CLIMATE REPORT
NATIONAL WEATHER SERVICE PORTLAND OREGON
844 AM PDT SAT APR 01 2023
...................................
...THE AURORA STATE OR CLIMATE SUMMARY FOR THE MONTH OF MARCH 2023...
CLIMATE NORMAL PERIOD 1991 TO 2020
CLIMATE RECORD PERIOD 9999 TO 9999
WEATHER OBSERVED NORMAL DEPART LAST YEAR`S
VALUE DATE(S) VALUE FROM VALUE DATE(S)
NORMAL
................................................................
TEMPERATURE (F)
HIGHEST 65 68 03/22
03/27
LOWEST 30 29 03/10
AVG. MAXIMUM 51.7 57.1 -5.4 57.1
AVG. MINIMUM 35.5 39.4 -3.9 40.4
MEAN 43.6 48.3 -4.7 48.7
DAYS MAX >= 90 0 0.0 0.0 0
DAYS MAX <= 32 0 0.0 0.0 0
DAYS MIN <= 32 7 3.7 3.3 5
DAYS MIN <= 0 0 0.0 0.0 0
PRECIPITATION (INCHES)
RECORD
MAXIMUM 3.00 2022
MINIMUM 1.31 2021
TOTALS 5.24 4.39 0.85 3.00
DAYS >= .01 20 19.2 0.8 16
DAYS >= .10 12 12.0 0.0 8
DAYS >= .50 2 2.7 -0.7 2
DAYS >= 1.00 1 0.4 0.6 0
GREATEST
24 HR. TOTAL 1.44 03/12 TO 03/13
DEGREE DAYS
HEATING TOTAL 656 519 137 497
SINCE 7/1 3663 3470 193 MM
COOLING TOTAL 0 0 0 0
SINCE 1/1 0 0 0 MM
................................................................
WIND (MPH)
AVERAGE WIND SPEED 6.4
RESULTANT WIND SPEED/DIRECTION 3/190
HIGHEST WIND SPEED/DIRECTION 29/180 DATE 03/04
HIGHEST GUST SPEED/DIRECTION 35/180 DATE 03/04
SKY COVER
POSSIBLE SUNSHINE (PERCENT) MM
AVERAGE SKY COVER 0.69
AVERAGE RH (PERCENT) 77
WEATHER CONDITIONS. NUMBER OF DAYS WITH
THUNDERSTORM 1 MIXED PRECIP 0
HEAVY RAIN 2 RAIN 7
LIGHT RAIN 19 FREEZING RAIN 0
LT FREEZING RAIN 0 HAIL 0
HEAVY SNOW 0 SNOW 1
LIGHT SNOW 4 SLEET 0
FOG 25 FOG W/VIS <= 1/4 MILE 6
HAZE 8
- INDICATES NEGATIVE NUMBERS.
R INDICATES RECORD WAS SET OR TIED.
MM INDICATES DATA IS MISSING.
T INDICATES TRACE AMOUNT.
$$