000
CXUS53 KLSX 032232
CF6UIN
PRELIMINARY LOCAL CLIMATOLOGICAL DATA (WS FORM: F-6)
STATION: QUINCY IL
MONTH: JUNE
YEAR: 2021
LATITUDE: 39 57 N
LONGITUDE: 91 12 W
TEMPERATURE IN F: :PCPN: SNOW: WIND :SUNSHINE: SKY :PK WND
================================================================================
1 2 3 4 5 6A 6B 7 8 9 10 11 12 13 14 15 16 17 18
12Z AVG MX 2MIN
DY MAX MIN AVG DEP HDD CDD WTR SNW DPTH SPD SPD DIR MIN PSBL S-S WX SPD DR
================================================================================
1 74 58 66 -3 0 1 T 0.0 0 4.4 13 140 M M 9 18 140
2 78 59 69 0 0 4 0.00 0.0 0 4.9 16 60 M M 6 18 25 50
3 83 57 70 0 0 5 0.00 0.0 0 5.1 12 340 M M 0 15 320
4 85 59 72 2 0 7 0.00 0.0 0 8.0 16 240 M M 1 22 230
5 87 66 77 7 0 12 0.00 0.0 0 8.8 16 210 M M 2 21 240
6 85 66 76 6 0 11 0.00 0.0 0 8.2 17 200 M M 2 24 170
7 83 68 76 5 0 11 0.20 0.0 0 8.6 22 230 M M 6 13 32 220
8 84 66 75 4 0 10 0.00 0.0 0 6.8 15 110 M M 2 20 100
9 87 67 77 6 0 12 0.00 0.0 0 4.5 13 60 M M 3 1 17 80
10 91 70 81 9 0 16 0.00 0.0 0 3.1 10 50 M M 2 14 60
11 93 70 82 10 0 17 0.00 0.0 0 3.7 9 210 M M 0 16 150
12 92 68 80 8 0 15 0.00 0.0 0 9.5 17 340 M M 1 25 330
13 89 62 76 4 0 11 0.00 0.0 0 8.0 16 20 M M 0 22 340
14 90 64 77 4 0 12 0.00 0.0 0 8.3 16 30 M M 0 20 340
15 89 60 75 2 0 10 0.00 0.0 0 3.7 14 330 M M 0 19 330
16 86 63 75 2 0 10 0.00 0.0 0 7.7 16 110 M M 0 22 120
17 94 70 82 9 0 17 0.00 0.0 0 8.6 16 170 M M 2 22 160
18 97 76 87 13 0 22 0.00 0.0 0 9.9 25 290 M M 0 33 290
19 90 67 79 5 0 14 0.51 0.0 0 11.0 30 20 M M 4 13 42 20
20 88 69 79 5 0 14 0.10 0.0 0 9.1 24 290 M M 3 13 36 160
21 73 53 63 -11 2 0 0.00 0.0 0 13.6 24 330 M M 3 35 330
22 79 50 65 -9 0 0 0.00 0.0 0 8.4 17 180 M M 1 25 180
23 83 63 73 -2 0 8 0.00 0.0 0 12.7 22 190 M M 1 32 220
24 78 67 73 -2 0 8 0.90 0.0 0 10.9 37 280 M M 5 13 47 290
25 83 69 76 1 0 11 2.19 0.0 0 10.2 26 190 M M 7 13 36 190
26 81 70 76 1 0 11 0.24 0.0 0 9.0 18 210 M M 6 18 26 230
27 82 70 76 1 0 11 T 0.0 0 4.2 12 210 M M 5 1 16 210
28 84 71 78 3 0 13 1.01 0.0 0 5.7 17 190 M M 7 123 28 190
29 86 70 78 2 0 13 0.03 0.0 0 4.6 15 240 M M 3 3 20 240
30 80 71 76 0 0 11 2.67 0.0 0 4.0 14 210 M M 8 123 18 220
================================================================================
SM 2554 1959 2 317 7.85 0.0 225.2 M 89
================================================================================
AV 85.1 65.3 7.5 FASTST M M 3 MAX(MPH)
MISC ----> 37 280 47 290
================================================================================
NOTES:
# LAST OF SEVERAL OCCURRENCES
COLUMN 17 PEAK WIND IN M.P.H.
PRELIMINARY LOCAL CLIMATOLOGICAL DATA (WS FORM: F-6) , PAGE 2
STATION: QUINCY IL
MONTH: JUNE
YEAR: 2021
LATITUDE: 39 57 N
LONGITUDE: 91 12 W
[TEMPERATURE DATA] [PRECIPITATION DATA] SYMBOLS USED IN COLUMN 16
AVERAGE MONTHLY: 75.2 TOTAL FOR MONTH: 7.85 1 = FOG OR MIST
DPTR FM NORMAL: 2.4 DPTR FM NORMAL: 3.35 2 = FOG REDUCING VISIBILITY
HIGHEST: 97 ON 18 GRTST 24HR 2.84 ON 24-25 TO 1/4 MILE OR LESS
LOWEST: 50 ON 22 3 = THUNDER
SNOW, ICE PELLETS, HAIL 4 = ICE PELLETS
TOTAL MONTH: 0.0 INCH 5 = HAIL
GRTST 24HR 0.0 6 = FREEZING RAIN OR DRIZZLE
GRTST DEPTH: 0 7 = DUSTSTORM OR SANDSTORM:
VSBY 1/2 MILE OR LESS
8 = SMOKE OR HAZE
[NO. OF DAYS WITH] [WEATHER - DAYS WITH] 9 = BLOWING SNOW
X = TORNADO
MAX 32 OR BELOW: 0 0.01 INCH OR MORE: 9
MAX 90 OR ABOVE: 7 0.10 INCH OR MORE: 8
MIN 32 OR BELOW: 0 0.50 INCH OR MORE: 5
MIN 0 OR BELOW: 0 1.00 INCH OR MORE: 3
[HDD (BASE 65) ]
TOTAL THIS MO. 2 CLEAR (SCALE 0-3) 19
DPTR FM NORMAL -11 PTCLDY (SCALE 4-7) 9
TOTAL FM JUL 1 5410 CLOUDY (SCALE 8-10) 2
DPTR FM NORMAL -72
[CDD (BASE 65) ]
TOTAL THIS MO. 317
DPTR FM NORMAL 72 [PRESSURE DATA]
TOTAL FM JAN 1 413 HIGHEST SLP 30.20 ON 1
DPTR FM NORMAL 65 LOWEST SLP 29.42 ON 20
[REMARKS]
#FINAL-06-21#