000
CXUS53 KUNR 010930
CF6UNR
PRELIMINARY LOCAL CLIMATOLOGICAL DATA (WS FORM: F-6)
STATION: EAST RAPID CITY SD
MONTH: AUGUST
YEAR: 2022
LATITUDE: 44 4 N
LONGITUDE: 103 13 W
TEMPERATURE IN F: :PCPN: SNOW: WIND :SUNSHINE: SKY :PK WND
================================================================================
1 2 3 4 5 6A 6B 7 8 9 10 11 12 13 14 15 16 17 18
12Z AVG MX 2MIN
DY MAX MIN AVG DEP HDD CDD WTR SNW DPTH SPD SPD DIR MIN PSBL S-S WX SPD DR
================================================================================
1 98 66 82 8 0 17 0.00 0.0 0 4.5 15 140 M M M 20 150
2 94 77 86 12 0 21 T 0.0 0 7.2 26 330 M M M 39 330
3 89 69 79 5 0 14 0.00 0.0 0 7.1 21 140 M M M 28 150
4 98 66 82 8 0 17 0.00 0.0 0 4.0 12 120 M M M 15 140
5 99 65 82 9 0 17 0.00 0.0 0 8.1 26 10 M M M 39 10
6 76 55 66 -7 0 1 0.22 0.0 0 6.0 14 40 M M M 3 18 270
7 76 54 65 -8 0 0 0.12 0.0 0 3.5 9 340 M M M 3 14 260
8 91 59 75 2 0 10 0.00 0.0 0 4.5 15 110 M M M 20 110
9 96 72 84 11 0 19 0.00 0.0 0 5.8 15 40 M M M 21 40
10 98 72 85 12 0 20 0.00 0.0 0 6.9 18 120 M M M 25 120
11 102 65 84 11 0 19 0.00 0.0 0 5.8 21 150 M M M 30 150
12 93 75 84 11 0 19 T 0.0 0 6.9 20 10 M M M 26 10
13 95 66 81 9 0 16 T 0.0 0 5.7 21 200 M M M 29 200
14 88 72 80 8 0 15 T 0.0 0 4.2 13 190 M M M 20 190
15 85 63 74 2 0 9 0.00 0.0 0 6.2 20 30 M M M 29 30
16 90 58 74 2 0 9 0.00 0.0 0 4.3 13 120 M M M 2 16 120
17 94 58 76 4 0 11 0.03 0.0 0 5.8 31 10 M M M 3 47 10
18 87 68 78 6 0 13 0.00 0.0 0 11.2 24 350 M M M 37 340
19 81 61 71 0 0 6 0.00 0.0 0 8.5 20 350 M M M 29 360
20 84 58 71 0 0 6 0.00 0.0 0 5.5 17 140 M M M 23 150
21 94 59 77 6 0 12 0.00 0.0 0 6.1 22 140 M M M 31 150
22 95 67 81 10 0 16 0.00 0.0 0 4.6 14 10 M M M 20 340
23 87 68 78 8 0 13 T 0.0 0 5.0 13 360 M M M 18 10
24 80 62 71 1 0 6 0.11 0.0 0 5.2 13 360 M M M 3 17 10
25 70 60 65 -5 0 0 1.49 0.0 0 4.7 24 100 M M M 3 35 140
26 80 60 70 0 0 5 0.41 0.0 0 6.9 29 360 M M M 3 47 340
27 94 57 76 6 0 11 0.00 0.0 0 5.1 22 340 M M M 32 340
28 76 62 69 0 0 4 0.00 0.0 0 9.3 22 340 M M M 32 340
29 81 60 71 2 0 6 0.00 0.0 0 7.1 18 360 M M M 24 350
30 89 60 75 6 0 10 0.00 0.0 0 3.6 12 120 M M M 16 140
31 92 69 81 13 0 16 0.00 0.0 0 5.0 10 40 M M M 16 260
================================================================================
SM 2752 1983 0 358 2.38 0.0 184.3 M M
================================================================================
AV 88.8 64.0 5.9 FASTST M M M MAX(MPH)
MISC ----> 31 10 # 47 10
================================================================================
NOTES:
# LAST OF SEVERAL OCCURRENCES
COLUMN 17 PEAK WIND IN M.P.H.
PRELIMINARY LOCAL CLIMATOLOGICAL DATA (WS FORM: F-6) , PAGE 2
STATION: EAST RAPID CITY SD
MONTH: AUGUST
YEAR: 2022
LATITUDE: 44 4 N
LONGITUDE: 103 13 W
[TEMPERATURE DATA] [PRECIPITATION DATA] SYMBOLS USED IN COLUMN 16
AVERAGE MONTHLY: 76.4 TOTAL FOR MONTH: 2.38 1 = FOG OR MIST
DPTR FM NORMAL: 4.8 DPTR FM NORMAL: 0.21 2 = FOG REDUCING VISIBILITY
HIGHEST: 102 ON 11 GRTST 24HR 1.49 ON 25-25 TO 1/4 MILE OR LESS
LOWEST: 54 ON 7 3 = THUNDER
SNOW, ICE PELLETS, HAIL 4 = ICE PELLETS
TOTAL MONTH: 0.0 INCH 5 = HAIL
GRTST 24HR 0.0 6 = FREEZING RAIN OR DRIZZLE
GRTST DEPTH: 0 7 = DUSTSTORM OR SANDSTORM:
VSBY 1/2 MILE OR LESS
8 = SMOKE OR HAZE
[NO. OF DAYS WITH] [WEATHER - DAYS WITH] 9 = BLOWING SNOW
X = TORNADO
MAX 32 OR BELOW: 0 0.01 INCH OR MORE: 6
MAX 90 OR ABOVE: 16 0.10 INCH OR MORE: 5
MIN 32 OR BELOW: 0 0.50 INCH OR MORE: 1
MIN 0 OR BELOW: 0 1.00 INCH OR MORE: 1
[HDD (BASE 65) ]
TOTAL THIS MO. 0 CLEAR (SCALE 0-3) 0
DPTR FM NORMAL -18 PTCLDY (SCALE 4-7) 0
TOTAL FM JUL 1 0 CLOUDY (SCALE 8-10) 31
DPTR FM NORMAL -25
[CDD (BASE 65) ]
TOTAL THIS MO. 358
DPTR FM NORMAL 134 [PRESSURE DATA]
TOTAL FM JAN 1 882 HIGHEST SLP M ON M
DPTR FM NORMAL 288 LOWEST SLP 29.24 ON 27
[REMARKS]
#FINAL-08-22#