000
CXUS54 KCRP 050247
CF6VCT
PRELIMINARY LOCAL CLIMATOLOGICAL DATA (WS FORM: F-6)
STATION: VICTORIA
MONTH: JANUARY
YEAR: 2023
LATITUDE: 28 51 N
LONGITUDE: 96 55 W
TEMPERATURE IN F: :PCPN: SNOW: WIND :SUNSHINE: SKY :PK WND
================================================================================
1 2 3 4 5 6A 6B 7 8 9 10 11 12 13 14 15 16 17 18
12Z AVG MX 2MIN
DY MAX MIN AVG DEP HDD CDD WTR SNW DPTH SPD SPD DIR MIN PSBL S-S WX SPD DR
================================================================================
1 79 57 68 14 0 3 0.00 0.0 0 9.3 21 160 M M 9 128 27 160
2 80 72 76 22 0 11 0.00 0.0 0 19.0 30 180 M M 10 18 42 200
3 82 52 67 13 0 2 0.02 0.0 0 9.2 18 350 M M 3 18 26 210
4 79 46 63 9 2 0 0.00 0.0 0 6.7 15 320 M M 0 8 20 300
5 79 42 61 7 4 0 0.00 0.0 0 5.1 12 320 M M 0 8 16 310
6 82 47 65 11 0 0 0.00 0.0 0 10.8 25 180 M M 2 12 35 170
7 83 61 72 18 0 7 0.00 0.0 0 7.5 21 160 M M 9 123 26 170
8 71 50 61 7 4 0 3.46 0.0 0 9.6 26 290 M M 4 13 39 280
9 71 50 61 7 4 0 0.00 0.0 0 5.4 12 130 M M 7 14 160
10 80 56 68 14 0 3 0.00 0.0 0 6.1 14 190 M M 4 12 19 190
11 84 65 75 21 0 10 0.00 0.0 0 14.5 24 170 M M 4 1 33 160
12 68 43 56 2 9 0 0.00 0.0 0 12.3 25 340 M M 2 12 39 350
13 65 37 51 -3 14 0 0.00 0.0 0 8.0 16 10 M M 0 21 350
14 68 36 52 -2 13 0 0.00 0.0 0 7.1 17 140 M M 0 22 160
15 77 46 62 8 3 0 0.00 0.0 0 11.0 30 150 M M 6 1 40 160
16 81 60 71 17 0 6 0.00 0.0 0 8.1 24 190 M M 6 18 32 190
17 81 59 70 16 0 5 0.00 0.0 0 8.7 23 160 M M 7 12 28 170
18 82 53 68 14 0 3 T 0.0 0 9.8 22 350 M M 6 18 31 350
19 75 44 60 6 5 0 0.00 0.0 0 8.3 20 360 M M 0 30 360
20 59 49 54 0 11 0 0.01 0.0 0 9.3 17 60 M M 9 26 60
21 60 44 52 -2 13 0 0.00 0.0 0 8.0 15 80 M M 9 1 21 80
22 66 41 54 0 11 0 0.00 0.0 0 8.9 17 340 M M 1 1 23 360
23 62 33 48 -7 17 0 0.00 0.0 0 10.2 21 80 M M 5 28 60
24 72 46 59 4 6 0 2.18 0.0 0 14.9 37 160 M M 7 1238 48 150
25 59 37 48 -7 17 0 0.00 0.0 0 9.2 18 300 M M 0 24 350
26 60 33 47 -8 18 0 0.00 0.0 0 4.6 10 30 M M 0 20 40
27 57 38 48 -7 17 0 0.01 0.0 0 4.0 10 110 M M 7 18 14 100
28 71 53 62 7 3 0 0.17 0.0 0 7.9 21 160 M M 10 128 27 160
29 77 52 65 10 0 0 0.31 0.0 0 10.2 18 30 M M 10 1 26 40
30 52 36 44 -12 21 0 T 0.0 0 14.1 20 10 M M 10 1 26 10
31 39 35 37 -19 28 0 0.01 0.0 0 13.9 21 360 M M 10 1 28 350
================================================================================
SM 2201 1473 220 50 6.17 0.0 291.7 M 157
================================================================================
AV 71.0 47.5 9.4 FASTST M M 5 MAX(MPH)
MISC ----> 37 160 48 150
================================================================================
NOTES:
# LAST OF SEVERAL OCCURRENCES
COLUMN 17 PEAK WIND IN M.P.H.
PRELIMINARY LOCAL CLIMATOLOGICAL DATA (WS FORM: F-6) , PAGE 2
STATION: VICTORIA
MONTH: JANUARY
YEAR: 2023
LATITUDE: 28 51 N
LONGITUDE: 96 55 W
[TEMPERATURE DATA] [PRECIPITATION DATA] SYMBOLS USED IN COLUMN 16
AVERAGE MONTHLY: 59.3 TOTAL FOR MONTH: 6.17 1 = FOG OR MIST
DPTR FM NORMAL: 4.9 DPTR FM NORMAL: 3.50 2 = FOG REDUCING VISIBILITY
HIGHEST: 84 ON 11 GRTST 24HR 3.46 ON 8- 8 TO 1/4 MILE OR LESS
LOWEST: 33 ON 26,23 3 = THUNDER
SNOW, ICE PELLETS, HAIL 4 = ICE PELLETS
TOTAL MONTH: 0.0 INCH 5 = HAIL
GRTST 24HR 0.0 6 = FREEZING RAIN OR DRIZZLE
GRTST DEPTH: 0 7 = DUSTSTORM OR SANDSTORM:
VSBY 1/2 MILE OR LESS
8 = SMOKE OR HAZE
[NO. OF DAYS WITH] [WEATHER - DAYS WITH] 9 = BLOWING SNOW
X = TORNADO
MAX 32 OR BELOW: 0 0.01 INCH OR MORE: 8
MAX 90 OR ABOVE: 0 0.10 INCH OR MORE: 4
MIN 32 OR BELOW: 0 0.50 INCH OR MORE: 2
MIN 0 OR BELOW: 0 1.00 INCH OR MORE: 2
[HDD (BASE 65) ]
TOTAL THIS MO. 220 CLEAR (SCALE 0-3) 10
DPTR FM NORMAL -125 PTCLDY (SCALE 4-7) 12
TOTAL FM JUL 1 725 CLOUDY (SCALE 8-10) 9
DPTR FM NORMAL -91
[CDD (BASE 65) ]
TOTAL THIS MO. 50
DPTR FM NORMAL 33 [PRESSURE DATA]
TOTAL FM JAN 1 50 HIGHEST SLP 30.48 ON 26
DPTR FM NORMAL 33 LOWEST SLP 29.63 ON 24
[REMARKS]
#FINAL-01-23#