000
CXUS55 KVEF 010910
CF6VGT
PRELIMINARY LOCAL CLIMATOLOGICAL DATA (WS FORM: F-6)
STATION: NORTH_LAS_VEGAS NV
MONTH: OCTOBER
YEAR: 2023
LATITUDE: 36 12 N
LONGITUDE: 115 12 W
TEMPERATURE IN F: :PCPN: SNOW: WIND :SUNSHINE: SKY :PK WND
================================================================================
1 2 3 4 5 6A 6B 7 8 9 10 11 12 13 14 15 16 17 18
12Z AVG MX 2MIN
DY MAX MIN AVG DEP HDD CDD WTR SNW DPTH SPD SPD DIR MIN PSBL S-S WX SPD DR
================================================================================
1 75 58 67 -9 0 2 0.01 M M 7.0 24 240 M M 2 3 36 240
2 75 57 66 -9 0 1 0.00 M M 4.4 17 340 M M 2 21 330
3 80 60 70 -5 0 5 0.00 M M 7.3 15 330 M M 0 8 20 340
4 87 66 77 3 0 12 0.00 M M 7.6 18 330 M M 0 26 330
5 90 65 78 4 0 13 0.00 M M 7.0 15 340 M M 0 23 60
6 93 70 82 9 0 17 0.00 M M 6.9 15 320 M M 0 21 320
7 94 67 81 8 0 16 0.00 M M 4.7 14 320 M M 0 19 320
8 95 67 81 9 0 16 0.00 M M 4.2 13 320 M M 0 16 320
9 95 67 81 9 0 16 0.00 M M 5.6 17 200 M M 0 25 170
10 91 73 82 10 0 17 0.00 M M 11.5 23 200 M M 0 31 200
11 85 66 76 5 0 11 0.00 M M 13.9 28 320 M M 0 37 320
12 77 60 69 -2 0 4 0.00 M M 10.4 23 330 M M 0 30 320
13 77 55 66 -4 0 1 0.00 M M 3.7 10 280 M M 0 13 90
14 81 55 68 -2 0 3 0.00 M M 3.4 9 290 M M 0 11 110
15 88 58 73 4 0 8 0.00 M M 4.0 9 280 M M 0 11 130
16 91 61 76 7 0 11 0.00 M M 4.4 12 290 M M 0 14 120
17 92 63 78 10 0 13 0.00 M M 3.9 13 300 M M 0 14 300
18 95 65 80 12 0 15 0.00 M M 5.1 14 310 M M 0 8 19 320
19 94 66 80 12 0 15 0.00 M M 4.6 13 300 M M 0 14 310
20 93 66 80 13 0 15 0.00 M M 4.0 12 310 M M 0 14 320
21 93 67 80 13 0 15 0.00 M M 5.0 10 190 M M 0 19 220
22 90 63 77 11 0 12 0.00 M M 10.6 24 210 M M 0 36 220
23 79 62 71 5 0 6 0.00 M M 7.0 21 220 M M 0 27 220
24 81 59 70 4 0 5 0.00 M M 5.9 13 290 M M 0 17 300
25 83 58 71 6 0 6 0.00 M M 11.3 23 210 M M 0 31 210
26 79 60 70 5 0 5 0.00 M M 6.1 23 310 M M 0 32 330
27 75 55 65 1 0 0 0.00 M M 5.0 15 320 M M 0 20 320
28 75 55 65 1 0 0 0.00 M M 13.3 25 330 M M 0 39 330
29 65 49 57 -7 8 0 0.00 M M 17.4 31 320 M M 0 43 320
30 69 49 59 -4 6 0 0.00 M M 8.2 22 340 M M 0 29 340
31 73 45 59 -4 6 0 0.00 M M 4.3 13 300 M M 0 13 340
================================================================================
SM 2610 1887 20 260 0.01 M 217.7 M 4
================================================================================
AV 84.2 60.9 7.0 FASTST M M 0 MAX(MPH)
MISC ----> 31 320 43 320
================================================================================
NOTES:
# LAST OF SEVERAL OCCURRENCES
COLUMN 17 PEAK WIND IN M.P.H.
PRELIMINARY LOCAL CLIMATOLOGICAL DATA (WS FORM: F-6) , PAGE 2
STATION: NORTH_LAS_VEGAS NV
MONTH: OCTOBER
YEAR: 2023
LATITUDE: 36 12 N
LONGITUDE: 115 12 W
[TEMPERATURE DATA] [PRECIPITATION DATA] SYMBOLS USED IN COLUMN 16
AVERAGE MONTHLY: 72.5 TOTAL FOR MONTH: 0.01 1 = FOG OR MIST
DPTR FM NORMAL: 3.5 DPTR FM NORMAL: -0.34 2 = FOG REDUCING VISIBILITY
HIGHEST: 95 ON 18, 9 GRTST 24HR 0.01 ON 1- 1 TO 1/4 MILE OR LESS
LOWEST: 45 ON 31 3 = THUNDER
SNOW, ICE PELLETS, HAIL 4 = ICE PELLETS
TOTAL MONTH: M 5 = HAIL
GRTST 24HR M ON M 6 = FREEZING RAIN OR DRIZZLE
GRTST DEPTH: M ON M 7 = DUSTSTORM OR SANDSTORM:
VSBY 1/2 MILE OR LESS
8 = SMOKE OR HAZE
[NO. OF DAYS WITH] [WEATHER - DAYS WITH] 9 = BLOWING SNOW
X = TORNADO
MAX 32 OR BELOW: 0 0.01 INCH OR MORE: 1
MAX 90 OR ABOVE: 13 0.10 INCH OR MORE: 0
MIN 32 OR BELOW: 0 0.50 INCH OR MORE: 0
MIN 0 OR BELOW: 0 1.00 INCH OR MORE: 0
[HDD (BASE 65) ]
TOTAL THIS MO. 20 CLEAR (SCALE 0-3) 31
DPTR FM NORMAL -21 PTCLDY (SCALE 4-7) 0
TOTAL FM JUL 1 20 CLOUDY (SCALE 8-10) 0
DPTR FM NORMAL -20
[CDD (BASE 65) ]
TOTAL THIS MO. 260
DPTR FM NORMAL 95 [PRESSURE DATA]
TOTAL FM JAN 1 3754 HIGHEST SLP M ON M
DPTR FM NORMAL 356 LOWEST SLP 29.40 ON 11
[REMARKS]
#FINAL-10-23#