000
CXUS52 KTAE 010800
CF6VLD
PRELIMINARY LOCAL CLIMATOLOGICAL DATA (WS FORM: F-6)
STATION: VALDOSTA
MONTH: JUNE
YEAR: 2021
LATITUDE: 30 46 N
LONGITUDE: 83 17 W
TEMPERATURE IN F: :PCPN: SNOW: WIND :SUNSHINE: SKY :PK WND
================================================================================
1 2 3 4 5 6A 6B 7 8 9 10 11 12 13 14 15 16 17 18
12Z AVG MX 2MIN
DY MAX MIN AVG DEP HDD CDD WTR SNW DPTH SPD SPD DIR MIN PSBL S-S WX SPD DR
================================================================================
1 89 56 73 -4 0 8 0.00 0.0 0 4.0 15 20 M M 0 20 20
2 92 63 78 1 0 13 T 0.0 0 3.5 14 180 M M 3 12 17 190
3 88 71 80 3 0 15 0.15 0.0 M 2.6 13 200 M M 8 13 17 190
4 94 69 82 5 0 17 0.00 0.0 M 2.2 10 180 M M 0 1 15 180
5 95 67 81 3 0 16 0.00 0.0 M 2.5 13 180 M M 2 1 17 190
6 91 70 81 3 0 16 0.24 0.0 M 3.2 18 150 M M 2 13 23 140
7 89 71 80 2 0 15 0.40 0.0 M 4.4 14 160 M M 2 138 18 220
8 92 71 82 4 0 17 0.00 0.0 0 3.5 14 180 M M 1 1 18 170
9 96 68 82 4 0 17 0.00 0.0 0 2.7 16 170 M M 1 1 18 170
10 96 72 84 6 0 19 T 0.0 0 3.6 13 200 M M 1 13 18 180
11 96 67 82 3 0 17 0.01 0.0 0 2.2 13 190 M M 2 13 18 190
12 96 70 83 4 0 18 0.68 0.0 0 3.0 18 20 M M 4 1238 24 40
13 91 70 81 2 0 16 T 0.0 M 4.1 17 140 M M 5 1 24 30
14 91 70 81 2 0 16 0.00 0.0 M 1.5 8 190 M M 5 128 11 190
15 98 72 85 6 0 20 T 0.0 M 3.0 14 180 M M 2 13 18 220
16 90 68 79 0 0 14 0.00 0.0 M 2.7 13 190 M M 1 1 18 180
17 93 66 80 1 0 15 0.00 0.0 0 2.2 10 60 M M 2 1 14 210
18 95 71 83 3 0 18 0.00 0.0 0 2.8 21 180 M M 4 30 190
19 92 73 83 3 0 18 0.02 0.0 0 8.3 22 170 M M 4 3 28 170
20 89 72 81 1 0 16 0.43 0.0 0 7.0 15 200 M M 5 138 24 200
21 84 72 78 -2 0 13 0.26 0.0 0 3.4 12 200 M M 6 138 18 180
22 83 71 77 -3 0 12 0.97 0.0 0 3.9 10 360 M M 6 123 17 240
23 89 71 80 0 0 15 T 0.0 0 2.3 8 170 M M 6 123 13 240
24 82 69 76 -4 0 11 0.20 M M 5.0 18 130 M M 7 13 27 120
25 88 67 78 -2 0 13 T M M 5.1 15 140 M M 1 20 130
26 92 70 81 1 0 16 0.14 M M 4.4 20 120 M M 5 123 26 120
27 88 72 80 0 0 15 0.58 0.0 0 5.5 17 140 M M 5 13 24 130
28 87 71 79 -1 0 14 0.00 0.0 0 3.5 13 30 M M 2 17 20
29 93 69 81 1 0 16 0.04 0.0 0 3.9 23 140 M M 2 13 30 120
30 89 72 81 1 0 16 0.81 0.0 0 3.2 21 130 M M 6 13 27 120
================================================================================
SM 2728 2081 0 462 4.93 0.0 109.2 M 100
================================================================================
AV 90.9 69.4 3.6 FASTST M M 3 MAX(MPH)
MISC ----> 23 140 # 30 190
================================================================================
NOTES:
# LAST OF SEVERAL OCCURRENCES
COLUMN 17 PEAK WIND IN M.P.H.
PRELIMINARY LOCAL CLIMATOLOGICAL DATA (WS FORM: F-6) , PAGE 2
STATION: VALDOSTA
MONTH: JUNE
YEAR: 2021
LATITUDE: 30 46 N
LONGITUDE: 83 17 W
[TEMPERATURE DATA] [PRECIPITATION DATA] SYMBOLS USED IN COLUMN 16
AVERAGE MONTHLY: 80.2 TOTAL FOR MONTH: 4.93 1 = FOG OR MIST
DPTR FM NORMAL: 1.2 DPTR FM NORMAL: -2.15 2 = FOG REDUCING VISIBILITY
HIGHEST: 98 ON 15 GRTST 24HR 1.11 ON 21-22 TO 1/4 MILE OR LESS
LOWEST: 56 ON 1 3 = THUNDER
SNOW, ICE PELLETS, HAIL 4 = ICE PELLETS
TOTAL MONTH: 0.0 INCH 5 = HAIL
GRTST 24HR 0.0 6 = FREEZING RAIN OR DRIZZLE
GRTST DEPTH: 0 7 = DUSTSTORM OR SANDSTORM:
VSBY 1/2 MILE OR LESS
8 = SMOKE OR HAZE
[NO. OF DAYS WITH] [WEATHER - DAYS WITH] 9 = BLOWING SNOW
X = TORNADO
MAX 32 OR BELOW: 0 0.01 INCH OR MORE: 14
MAX 90 OR ABOVE: 18 0.10 INCH OR MORE: 11
MIN 32 OR BELOW: 0 0.50 INCH OR MORE: 4
MIN 0 OR BELOW: 0 1.00 INCH OR MORE: 0
[HDD (BASE 65) ]
TOTAL THIS MO. 0 CLEAR (SCALE 0-3) 16
DPTR FM NORMAL 0 PTCLDY (SCALE 4-7) 14
TOTAL FM JUL 1 1335 CLOUDY (SCALE 8-10) 0
DPTR FM NORMAL -315
[CDD (BASE 65) ]
TOTAL THIS MO. 462
DPTR FM NORMAL 42 [PRESSURE DATA]
TOTAL FM JAN 1 959 HIGHEST SLP 30.26 ON 1
DPTR FM NORMAL 120 LOWEST SLP 29.78 ON 12
[REMARKS]
#FINAL-06-21#