000
CXUS56 KLOX 011155
CF6VNY
PRELIMINARY LOCAL CLIMATOLOGICAL DATA (WS FORM: F-6)
STATION: VAN NUYS AIRPORT CA
MONTH: OCTOBER
YEAR: 2023
LATITUDE: 34 13 N
LONGITUDE: 118 29 W
TEMPERATURE IN F: :PCPN: SNOW: WIND :SUNSHINE: SKY :PK WND
================================================================================
1 2 3 4 5 6A 6B 7 8 9 10 11 12 13 14 15 16 17 18
12Z AVG MX 2MIN
DY MAX MIN AVG DEP HDD CDD WTR SNW DPTH SPD SPD DIR MIN PSBL S-S WX SPD DR
================================================================================
1 72 54 63 -10 2 0 0.00 M M 4.3 14 150 M M 4 19 160
2 77 53 65 -8 0 0 0.00 M M 3.5 14 160 M M 0 17 160
3 88 56 72 0 0 7 0.00 M M 2.7 12 300 M M 0 17 290
4 95 60 78 6 0 13 0.00 M M 5.2 23 30 M M 0 29 10
5 99 65 82 10 0 17 0.00 M M 3.2 13 350 M M 0 16 310
6 101 67 84 12 0 19 0.00 M M 4.3 14 170 M M 0 16 160
7 100 64 82 10 0 17 0.00 M M 2.3 10 160 M M 0 12 160
8 99 66 83 12 0 18 0.00 M M 2.0 12 120 M M 0 15 110
9 89 64 77 6 0 12 0.00 M M 3.5 12 130 M M 0 16 110
10 79 61 70 -1 0 5 0.00 M M 3.7 12 150 M M 3 18 20 150
11 80 64 72 1 0 7 0.00 M M 11.4 23 360 M M 3 30 340
12 88 57 73 3 0 8 0.00 M M 4.0 16 340 M M 0 21 340
13 86 57 72 2 0 7 0.00 M M 3.0 13 140 M M 0 17 160
14 88 58 73 3 0 8 0.00 M M 2.7 10 260 M M 0 15 270
15 97 58 78 8 0 13 0.00 M M 2.3 12 140 M M 0 17 340
16 96 60 78 8 0 13 0.00 M M 1.9 10 130 M M 0 12 140
17 91 61 76 6 0 11 0.00 M M 2.2 13 140 M M 0 15 140
18 101 60 81 12 0 16 0.00 M M 3.3 12 130 M M 0 18 140
19 99 63 81 12 0 16 0.00 M M 2.2 9 120 M M 0 17 150
20 100 67 84 15 0 19 0.00 M M 3.3 14 300 M M 0 18 290
21 91 64 78 9 0 13 0.00 M M 2.8 13 140 M M 0 16 180
22 78 58 68 0 0 3 0.00 M M 4.4 14 160 M M 2 19 60
23 77 62 70 2 0 5 0.00 M M 4.6 14 150 M M 5 17 120
24 81 57 69 1 0 4 0.00 M M 3.8 12 170 M M 2 8 17 150
25 74 63 69 1 0 4 0.00 M M 5.5 12 170 M M 9 8 16 160
26 78 60 69 1 0 4 0.00 M M 3.2 15 140 M M 3 18 150
27 77 56 67 -1 0 2 0.00 M M 2.2 13 160 M M 2 16 170
28 80 50 65 -2 0 0 0.00 M M 5.1 21 350 M M 0 27 350
29 78 62 70 3 0 5 0.00 M M 19.9 37 10 M M 0 49 10
30 82 56 69 2 0 4 0.00 M M 17.3 26 350 M M 0 36 340
31 88 57 73 6 0 8 0.00 M M 10.8 22 350 M M 0 29 350
================================================================================
SM 2709 1860 2 278 0.00 M 150.6 M 33
================================================================================
AV 87.4 60.0 4.9 FASTST M M 1 MAX(MPH)
MISC ----> 37 10 49 10
================================================================================
NOTES:
# LAST OF SEVERAL OCCURRENCES
COLUMN 17 PEAK WIND IN M.P.H.
PRELIMINARY LOCAL CLIMATOLOGICAL DATA (WS FORM: F-6) , PAGE 2
STATION: VAN NUYS AIRPORT CA
MONTH: OCTOBER
YEAR: 2023
LATITUDE: 34 13 N
LONGITUDE: 118 29 W
[TEMPERATURE DATA] [PRECIPITATION DATA] SYMBOLS USED IN COLUMN 16
AVERAGE MONTHLY: 73.7 TOTAL FOR MONTH: 0.00 1 = FOG OR MIST
DPTR FM NORMAL: 3.9 DPTR FM NORMAL: -0.48 2 = FOG REDUCING VISIBILITY
HIGHEST: 101 ON 18, 6 GRTST 24HR 0.00 ON 1- 1 TO 1/4 MILE OR LESS
LOWEST: 50 ON 28 3 = THUNDER
SNOW, ICE PELLETS, HAIL 4 = ICE PELLETS
TOTAL MONTH: M 5 = HAIL
GRTST 24HR M ON M 6 = FREEZING RAIN OR DRIZZLE
GRTST DEPTH: M ON M 7 = DUSTSTORM OR SANDSTORM:
VSBY 1/2 MILE OR LESS
8 = SMOKE OR HAZE
[NO. OF DAYS WITH] [WEATHER - DAYS WITH] 9 = BLOWING SNOW
X = TORNADO
MAX 32 OR BELOW: 0 0.01 INCH OR MORE: 0
MAX 90 OR ABOVE: 12 0.10 INCH OR MORE: 0
MIN 32 OR BELOW: 0 0.50 INCH OR MORE: 0
MIN 0 OR BELOW: 0 1.00 INCH OR MORE: 0
[HDD (BASE 65) ]
TOTAL THIS MO. 2 CLEAR (SCALE 0-3) 28
DPTR FM NORMAL -23 PTCLDY (SCALE 4-7) 2
TOTAL FM JUL 1 2 CLOUDY (SCALE 8-10) 1
DPTR FM NORMAL -24
[CDD (BASE 65) ]
TOTAL THIS MO. 278
DPTR FM NORMAL 105 [PRESSURE DATA]
TOTAL FM JAN 1 1875 HIGHEST SLP M ON M
DPTR FM NORMAL 86 LOWEST SLP 29.60 ON 11
[REMARKS]
#FINAL-10-23#