580
CXUS52 KFFC 011110
CF6VPC
PRELIMINARY LOCAL CLIMATOLOGICAL DATA (WS FORM: F-6)
STATION: CARTERSVILLE
MONTH: JANUARY
YEAR: 2021
LATITUDE: 34 7 N
LONGITUDE: 84 51 W
TEMPERATURE IN F: :PCPN: SNOW: WIND :SUNSHINE: SKY :PK WND
================================================================================
1 2 3 4 5 6A 6B 7 8 9 10 11 12 13 14 15 16 17 18
12Z AVG MX 2MIN
DY MAX MIN AVG DEP HDD CDD WTR SNW DPTH SPD SPD DIR MIN PSBL S-S WX SPD DR
================================================================================
1 69 59 64 23 1 0 0.73 M M 6.4 15 170 M M 7 1 24 150
2 67 46 57 16 8 0 0.00 M M 0.6 6 30 M M 4 1 8 10
3 51 30 41 0 24 0 0.00 M M 1.4 6 320 M M 6 14 290
4 58 28 43 2 22 0 0.00 M M 1.2 7 190 M M 2 10 210
5 57 36 47 6 18 0 0.00 M M 1.9 13 350 M M 4 18 350
6 53 31 42 1 23 0 0.00 M M 0.6 8 10 M M 0 9 10
7 47 30 39 -2 26 0 0.11 M M 5.2 14 100 M M 4 1 23 100
8 42 38 40 -1 25 0 0.09 M M 3.3 9 330 M M 10 1 16 330
9 38 33 36 -5 29 0 0.00 M M 4.8 14 350 M M 10 19 350
10 49 25 37 -4 28 0 0.00 M M 1.5 8 190 M M 0 10 190
11 45 36 41 0 24 0 0.10 M M 2.4 7 30 M M 9 18 10 40
12 44 32 38 -3 27 0 0.00 0.0 M 1.6 9 350 M M 8 1 13 340
13 48 26 37 -4 28 0 0.00 0.0 M 0.9 7 350 M M 4 18 11 210
14 59 25 42 1 23 0 0.00 M M 1.7 14 170 M M 0 18 19 160
15 56 34 45 4 20 0 0.04 M M 1.5 12 220 M M 3 1 20 240
16 44 30 37 -4 28 0 0.00 M M 1.5 8 330 M M 8 17 230
17 54 33 44 3 21 0 T M M 1.8 12 200 M M 7 22 200
18 54 30 42 1 23 0 0.00 M M 1.0 8 250 M M 0 16 280
19 58 27 43 2 22 0 0.00 M M 0.6 5 220 M M 5 10 240
20 55 40 48 7 17 0 T M M 1.5 14 360 M M 2 18 360
21 50 41 46 5 19 0 0.24 M M 1.2 7 200 M M 8 1 10 200
22 57 34 46 5 19 0 0.00 M M 0.6 10 10 M M 2 1 14 20
23 59 30 45 4 20 0 0.00 M M 1.2 9 10 M M 2 12 360
24 63 35 49 8 16 0 0.02 M M 5.2 14 140 M M 6 18 19 140
25 68 47 58 16 7 0 0.02 M M 5.0 17 180 M M 8 1 26 170
26 70 51 61 19 4 0 1.96 M M 2.1 18 190 M M 7 13 29 180
27 63 43 53 11 12 0 0.45 M M 2.7 13 340 M M 8 1 20 330
28 46 32 39 -3 26 0 0.00 M M 6.9 16 10 M M 5 26 10
29 51 29 40 -2 25 0 0.00 M M 2.2 9 360 M M 0 12 360
30 52 26 39 -3 26 0 0.00 M M 5.4 18 130 M M 5 28 130
31 50 41 46 4 19 0 0.37 M M 5.8 17 130 M M 10 13 25 90
================================================================================
SM 1677 1078 630 0 4.13 0.0 79.7 M 154
================================================================================
AV 54.1 34.8 2.6 FASTST M M 5 MAX(MPH)
MISC ----> # 18 190 29 180
================================================================================
NOTES:
# LAST OF SEVERAL OCCURRENCES
COLUMN 17 PEAK WIND IN M.P.H.
PRELIMINARY LOCAL CLIMATOLOGICAL DATA (WS FORM: F-6) , PAGE 2
STATION: CARTERSVILLE
MONTH: JANUARY
YEAR: 2021
LATITUDE: 34 7 N
LONGITUDE: 84 51 W
[TEMPERATURE DATA] [PRECIPITATION DATA] SYMBOLS USED IN COLUMN 16
AVERAGE MONTHLY: 44.4 TOTAL FOR MONTH: 4.13 1 = FOG OR MIST
DPTR FM NORMAL: 3.3 DPTR FM NORMAL: -0.47 2 = FOG REDUCING VISIBILITY
HIGHEST: 70 ON 26 GRTST 24HR 1.96 ON 26-26 TO 1/4 MILE OR LESS
LOWEST: 25 ON 14,10 3 = THUNDER
SNOW, ICE PELLETS, HAIL 4 = ICE PELLETS
TOTAL MONTH: 0.0 INCH 5 = HAIL
GRTST 24HR 0.0 6 = FREEZING RAIN OR DRIZZLE
GRTST DEPTH: M ON M 7 = DUSTSTORM OR SANDSTORM:
VSBY 1/2 MILE OR LESS
8 = SMOKE OR HAZE
[NO. OF DAYS WITH] [WEATHER - DAYS WITH] 9 = BLOWING SNOW
X = TORNADO
MAX 32 OR BELOW: 0 0.01 INCH OR MORE: 11
MAX 90 OR ABOVE: 0 0.10 INCH OR MORE: 7
MIN 32 OR BELOW: 15 0.50 INCH OR MORE: 2
MIN 0 OR BELOW: 0 1.00 INCH OR MORE: 1
[HDD (BASE 65) ]
TOTAL THIS MO. 630 CLEAR (SCALE 0-3) 10
DPTR FM NORMAL -109 PTCLDY (SCALE 4-7) 13
TOTAL FM JUL 1 1628 CLOUDY (SCALE 8-10) 8
DPTR FM NORMAL -412
[CDD (BASE 65) ]
TOTAL THIS MO. 0
DPTR FM NORMAL 0 [PRESSURE DATA]
TOTAL FM JAN 1 0 HIGHEST SLP 30.50 ON 28
DPTR FM NORMAL 0 LOWEST SLP 29.65 ON 15
[REMARKS]
#FINAL-01-21#