000
CXUS55 KRIW 011110
CF6WRL
PRELIMINARY LOCAL CLIMATOLOGICAL DATA (WS FORM: F-6)
STATION: WORLAND WY
MONTH: NOVEMBER
YEAR: 2022
LATITUDE: 43 58 N
LONGITUDE: 107 57 W
TEMPERATURE IN F: :PCPN: SNOW: WIND :SUNSHINE: SKY :PK WND
================================================================================
1 2 3 4 5 6A 6B 7 8 9 10 11 12 13 14 15 16 17 18
12Z AVG MX 2MIN
DY MAX MIN AVG DEP HDD CDD WTR SNW DPTH SPD SPD DIR MIN PSBL S-S WX SPD DR
================================================================================
1 66 28 47 10 18 0 0.00 M M 9.7 24 160 M M 0 30 160
2 63 40 52 15 13 0 0.00 M M 12.9 26 230 M M 4 34 230
3 40 25 33 -3 32 0 0.02 M M 8.3 17 330 M M 9 1 25 330
4 41 19 30 -6 35 0 0.00 M M 7.6 15 180 M M 0 19 190
5 60 22 41 6 24 0 0.02 M M 8.7 43 240 M M 1 1 57 240
6 43 13 28 -7 37 0 0.00 M M 6.3 14 80 M M 0 17 80
7 60 22 41 7 24 0 0.00 M M 5.3 28 190 M M 3 38 200
8 25 17 21 -13 44 0 0.00 M M 6.9 15 360 M M 8 19 10
9 20 8 14 -19 51 0 0.10 M M 6.7 15 360 M M 10 1 19 360
10 17 -2 8 -25 57 0 0.01 M M 3.3 9 330 M M 6 18 11 320
11 24 -9 8 -24 57 0 0.00 M M 2.3 8 120 M M 0 9 20
12 28 -7 11 -21 54 0 0.00 M M 2.3 10 40 M M 0 13 40
13 28 -1 14 -17 51 0 0.00 M M 2.4 9 130 M M 4 10 130
14 29 3 16 -15 49 0 0.01 M M 2.9 8 130 M M 6 1 11 350
15 34 17 26 -4 39 0 0.01 M M 4.1 10 320 M M 6 1 14 320
16 37 20 29 -1 36 0 0.02 M M 5.4 22 340 M M 7 1 31 330
17 25 -1 12 -17 53 0 0.00 M M 11.8 23 320 M M 6 32 330
18 19 -10 5 -24 60 0 0.00 M M 2.6 8 200 M M 0 10 190
19 26 -9 9 -19 56 0 0.00 M M 2.8 9 200 M M 0 11 120
20 37 -3 17 -11 48 0 0.00 M M 2.5 10 220 M M 0 12 220
21 38 1 20 -7 45 0 0.00 M M 1.6 8 200 M M 0 9 210
22 42 7 25 -2 40 0 0.00 M M 2.8 9 200 M M 0 10 20
23 39 12 26 0 39 0 T M M 7.6 25 330 M M 7 34 350
24 42 16 29 3 36 0 0.00 M M 4.2 16 320 M M 1 24 320
25 45 11 28 3 37 0 0.00 M M 2.8 9 120 M M 0 12 330
26 36 21 29 4 36 0 0.15 M M 2.8 12 310 M M 7 1 16 300
27 30 17 24 0 41 0 0.00 M M 3.8 15 120 M M 2 12 19 120
28 25 5 15 -9 50 0 0.01 M M 5.8 20 350 M M 8 1 30 350
29 18 -1 9 -14 56 0 T M M 2.8 10 180 M M 6 18 13 170
30 23 -7 8 -15 57 0 0.00 M M 3.0 9 180 M M 0 11 190
================================================================================
SM 1060 274 1275 0 0.35 M 152.0 M 101
================================================================================
AV 35.3 9.1 5.1 FASTST M M 3 MAX(MPH)
MISC ----> 43 240 57 240
================================================================================
NOTES:
# LAST OF SEVERAL OCCURRENCES
COLUMN 17 PEAK WIND IN M.P.H.
PRELIMINARY LOCAL CLIMATOLOGICAL DATA (WS FORM: F-6) , PAGE 2
STATION: WORLAND WY
MONTH: NOVEMBER
YEAR: 2022
LATITUDE: 43 58 N
LONGITUDE: 107 57 W
[TEMPERATURE DATA] [PRECIPITATION DATA] SYMBOLS USED IN COLUMN 16
AVERAGE MONTHLY: 22.2 TOTAL FOR MONTH: 0.35 1 = FOG OR MIST
DPTR FM NORMAL: -7.9 DPTR FM NORMAL: -0.02 2 = FOG REDUCING VISIBILITY
HIGHEST: 66 ON 1 GRTST 24HR 0.15 ON 26-26 TO 1/4 MILE OR LESS
LOWEST: -10 ON 18 3 = THUNDER
SNOW, ICE PELLETS, HAIL 4 = ICE PELLETS
TOTAL MONTH: M 5 = HAIL
GRTST 24HR M ON M 6 = FREEZING RAIN OR DRIZZLE
GRTST DEPTH: M ON M 7 = DUSTSTORM OR SANDSTORM:
VSBY 1/2 MILE OR LESS
8 = SMOKE OR HAZE
[NO. OF DAYS WITH] [WEATHER - DAYS WITH] 9 = BLOWING SNOW
X = TORNADO
MAX 32 OR BELOW: 14 0.01 INCH OR MORE: 9
MAX 90 OR ABOVE: 0 0.10 INCH OR MORE: 2
MIN 32 OR BELOW: 29 0.50 INCH OR MORE: 0
MIN 0 OR BELOW: 10 1.00 INCH OR MORE: 0
[HDD (BASE 65) ]
TOTAL THIS MO. 1275 CLEAR (SCALE 0-3) 16
DPTR FM NORMAL 228 PTCLDY (SCALE 4-7) 11
TOTAL FM JUL 1 1972 CLOUDY (SCALE 8-10) 3
DPTR FM NORMAL 62
[CDD (BASE 65) ]
TOTAL THIS MO. 0
DPTR FM NORMAL 0 [PRESSURE DATA]
TOTAL FM JAN 1 689 HIGHEST SLP 30.73 ON 18
DPTR FM NORMAL 161 LOWEST SLP 29.27 ON 5
[REMARKS]
#FINAL-11-22#