000
CXUS56 KMTR 010900
CF6WVI
PRELIMINARY LOCAL CLIMATOLOGICAL DATA (WS FORM: F-6)
STATION: WATSONVILLE AIRPORT
MONTH: JULY
YEAR: 2021
LATITUDE: 36 55 N
LONGITUDE: 121 47 W
TEMPERATURE IN F: :PCPN: SNOW: WIND :SUNSHINE: SKY :PK WND
================================================================================
1 2 3 4 5 6A 6B 7 8 9 10 11 12 13 14 15 16 17 18
12Z AVG MX 2MIN
DY MAX MIN AVG DEP HDD CDD WTR SNW DPTH SPD SPD DIR MIN PSBL S-S WX SPD DR
================================================================================
1 71 56 64 2 1 0 T M M 4.4 13 240 M M 9 1 18 210
2 71 56 64 2 1 0 0.01 M M 4.9 14 250 M M 8 1 17 220
3 70 56 63 1 2 0 0.05 M M 5.1 14 260 M M 8 1 23 220
4 70 56 63 1 2 0 0.00 M M 5.9 15 260 M M 7 1 29 240
5 72 56 64 2 1 0 0.01 M M 4.8 14 270 M M 8 1 18 270
6 74 55 65 3 0 0 T M M 5.4 13 140 M M 5 1 16 150
7 75 53 64 2 1 0 0.00 M M 4.1 12 200 M M 3 1 24 100
8 73 51 62 0 3 0 0.00 M M 3.5 12 220 M M 3 12 20 190
9 83 53 68 6 0 3 0.00 M M 4.7 13 210 M M 0 25 210
10 78 54 66 4 0 1 0.00 M M 4.1 10 190 M M 0 1 M M
11 72 54 63 1 2 0 0.00 M M 5.1 12 190 M M 0 1 25 130
12 72 54 63 1 2 0 0.00 M M 6.3 13 160 M M 5 1 22 100
13 67 54 61 -1 4 0 0.00 M M 5.3 14 230 M M 10 1 23 230
14 68 55 62 0 3 0 0.00 M M 5.3 14 240 M M 7 27 230
15 68 54 61 -1 4 0 0.00 M M 5.6 13 210 M M 7 1 28 130
16 67 52 60 -2 5 0 0.00 M M 4.4 13 230 M M 8 1 29 220
17 70 53 62 0 3 0 0.00 M M 4.2 13 220 M M 6 1 22 230
18 75 53 64 2 1 0 0.00 M M 4.3 12 210 M M 5 1 15 220
19 74 54 64 1 1 0 0.00 M M 4.6 13 220 M M 6 1 16 220
20 71 54 63 0 2 0 0.00 M M 4.6 12 200 M M 6 1 14 190
21 72 53 63 0 2 0 0.00 M M 4.5 12 140 M M 4 12 15 130
22 67 51 59 -4 6 0 0.00 M M 4.5 12 200 M M 7 1 15 190
23 68 54 61 -2 4 0 0.00 M M 4.1 14 220 M M 6 1 18 220
24 68 53 61 -2 4 0 0.00 M M 4.2 12 220 M M 7 1 15 230
25 69 55 62 -1 3 0 0.00 M M 4.4 13 250 M M 5 1 17 220
26 73 55 64 1 1 0 0.00 M M 4.0 12 240 M M 4 1 16 240
27 M 57 M M M M 0.00 M M 4.5 14 260 M M 3 17 230
28 74 57 66 3 0 1 0.00 M M 4.3 13 240 M M 7 1 17 230
29 74 55 65 2 0 0 0.00 M M 4.4 12 260 M M 6 1 15 230
30 74 55 65 2 0 0 0.00 M M 4.5 13 250 M M 7 1 17 270
31 72 55 64 1 1 0 0.01 M M 5.4 15 260 M M 6 1 20 270
================================================================================
SM 2152 1683 59 5 0.08 M 145.4 M 173
================================================================================
AV 71.7 54.3 4.7 FASTST M M 6 MAX(MPH)
MISC ----> # 15 260 # 29 240
================================================================================
NOTES:
# LAST OF SEVERAL OCCURRENCES
COLUMN 17 PEAK WIND IN M.P.H.
PRELIMINARY LOCAL CLIMATOLOGICAL DATA (WS FORM: F-6) , PAGE 2
STATION: WATSONVILLE AIRPORT
MONTH: JULY
YEAR: 2021
LATITUDE: 36 55 N
LONGITUDE: 121 47 W
[TEMPERATURE DATA] [PRECIPITATION DATA] SYMBOLS USED IN COLUMN 16
AVERAGE MONTHLY: 63.0 TOTAL FOR MONTH: 0.08 1 = FOG OR MIST
DPTR FM NORMAL: 0.5 DPTR FM NORMAL: 0.06 2 = FOG REDUCING VISIBILITY
HIGHEST: 83 ON 9 GRTST 24HR 0.05 ON 3- 3 TO 1/4 MILE OR LESS
LOWEST: 51 ON 22, 8 3 = THUNDER
SNOW, ICE PELLETS, HAIL 4 = ICE PELLETS
TOTAL MONTH: M 5 = HAIL
GRTST 24HR M ON M 6 = FREEZING RAIN OR DRIZZLE
GRTST DEPTH: M ON M 7 = DUSTSTORM OR SANDSTORM:
VSBY 1/2 MILE OR LESS
8 = SMOKE OR HAZE
[NO. OF DAYS WITH] [WEATHER - DAYS WITH] 9 = BLOWING SNOW
X = TORNADO
MAX 32 OR BELOW: 0 0.01 INCH OR MORE: 4
MAX 90 OR ABOVE: 0 0.10 INCH OR MORE: 0
MIN 32 OR BELOW: 0 0.50 INCH OR MORE: 0
MIN 0 OR BELOW: 0 1.00 INCH OR MORE: 0
[HDD (BASE 65) ]
TOTAL THIS MO. 59 CLEAR (SCALE 0-3) 4
DPTR FM NORMAL -32 PTCLDY (SCALE 4-7) 25
TOTAL FM JUL 1 59 CLOUDY (SCALE 8-10) 2
DPTR FM NORMAL -34
[CDD (BASE 65) ]
TOTAL THIS MO. 5
DPTR FM NORMAL -8 [PRESSURE DATA]
TOTAL FM JAN 1 33 HIGHEST SLP M ON M
DPTR FM NORMAL -2 LOWEST SLP 29.84 ON 8
[REMARKS]
#FINAL-07-21#