000
CXUS54 KFWD 010141
CF6XBP
PRELIMINARY LOCAL CLIMATOLOGICAL DATA (WS FORM: F-6)
STATION: BRIDGEPORT
MONTH: DECEMBER
YEAR: 2020
LATITUDE: 33 10 N
LONGITUDE: 96 30 W
TEMPERATURE IN F: :PCPN: SNOW: WIND :SUNSHINE: SKY :PK WND
================================================================================
1 2 3 4 5 6A 6B 7 8 9 10 11 12 13 14 15 16 17 18
12Z AVG MX 2MIN
DY MAX MIN AVG DEP HDD CDD WTR SNW DPTH SPD SPD DIR MIN PSBL S-S WX SPD DR
================================================================================
1 59 22 41 -6 24 0 0.00 M M 7.3 17 180 M M 0 24 180
2 52 37 45 -1 20 0 0.00 M M 8.7 15 280 M M 3 22 290
3 42 37 40 -6 25 0 0.00 M M 9.4 12 320 M M 9 20 300
4 57 28 43 -3 22 0 0.00 M M 2.6 6 310 M M 0 M M
5 62 27 45 -1 20 0 0.01 M M 2.4 8 280 M M 2 M M
6 60 39 50 5 15 0 0.07 M M 5.6 10 340 M M 3 16 340
7 64 33 49 4 16 0 0.00 M M 3.0 6 310 M M 0 M M
8 70 33 52 7 13 0 0.00 M M 3.5 7 250 M M 0 M M
9 77 31 54 10 11 0 0.00 M M 2.9 9 240 M M 0 M M
10 79 35 57 13 8 0 0.00 M M 6.9 15 180 M M 1 23 180
11 66 47 57 13 8 0 0.08 M M 7.8 17 190 M M 5 25 190
12 52 35 44 0 21 0 0.00 M M 4.0 9 330 M M 0 M M
13 41 35 38 -5 27 0 0.27 M M 9.6 20 340 M M 10 13 29 350
14 48 28 38 -5 27 0 0.00 M M 4.3 10 330 M M 2 18 330
15 43 29 36 -7 29 0 M M M 4.2 12 300 M M 8 22 290
16 47 26 37 -6 28 0 0.00 M M 6.1 13 310 M M 4 18 330
17 61 25 43 0 22 0 0.00 M M 3.6 10 160 M M 0 17 170
18 59 40 50 8 15 0 0.00 M M 9.6 16 190 M M 2 27 170
19 57 33 45 3 20 0 0.00 M M 4.5 13 320 M M 4 25 320
20 62 28 45 3 20 0 0.00 M M 3.8 9 310 M M 0 M M
21 72 29 51 9 14 0 0.00 M M 1.1 7 190 M M 0 M M
22 72 30 51 9 14 0 0.00 M M 6.9 16 200 M M 1 25 180
23 64 35 50 8 15 0 0.00 M M 15.9 26 350 M M 0 36 350
24 55 26 41 -1 24 0 0.00 M M 9.5 20 290 M M 0 27 350
25 63 29 46 4 19 0 0.00 M M 2.4 7 200 M M 0 M M
26 70 29 50 8 15 0 0.00 M M 8.8 17 190 M M 0 27 210
27 70 36 53 11 12 0 0.00 M M 8.9 16 190 M M 0 23 200
28 59 35 47 5 18 0 0.00 M M 7.5 14 60 M M 5 18 60
29 66 53 60 18 5 0 M M M 11.6 20 150 M M 9 28 150
30 62 38 50 8 15 0 0.31 M M 11.9 20 350 M M 10 26 360
31 38 33 36 -6 29 0 1.05 M M 10.5 22 10 M M 9 30 10
================================================================================
SM 1849 1021 571 0 1.79 M 204.8 M 87
================================================================================
AV 59.6 32.9 6.6 FASTST M M 3 MAX(MPH)
MISC ----> 26 350 36 350
================================================================================
NOTES:
# LAST OF SEVERAL OCCURRENCES
COLUMN 17 PEAK WIND IN M.P.H.
PRELIMINARY LOCAL CLIMATOLOGICAL DATA (WS FORM: F-6) , PAGE 2
STATION: BRIDGEPORT
MONTH: DECEMBER
YEAR: 2020
LATITUDE: 33 10 N
LONGITUDE: 96 30 W
[TEMPERATURE DATA] [PRECIPITATION DATA] SYMBOLS USED IN COLUMN 16
AVERAGE MONTHLY: 46.3 TOTAL FOR MONTH: 1.79 1 = FOG OR MIST
DPTR FM NORMAL: 3.0 DPTR FM NORMAL: -0.28 2 = FOG REDUCING VISIBILITY
HIGHEST: 79 ON 10 GRTST 24HR 1.05 ON 31-31 TO 1/4 MILE OR LESS
LOWEST: 22 ON 1 3 = THUNDER
SNOW, ICE PELLETS, HAIL 4 = ICE PELLETS
TOTAL MONTH: M 5 = HAIL
GRTST 24HR M ON M 6 = FREEZING RAIN OR DRIZZLE
GRTST DEPTH: M ON M 7 = DUSTSTORM OR SANDSTORM:
VSBY 1/2 MILE OR LESS
8 = SMOKE OR HAZE
[NO. OF DAYS WITH] [WEATHER - DAYS WITH] 9 = BLOWING SNOW
X = TORNADO
MAX 32 OR BELOW: 0 0.01 INCH OR MORE: 6
MAX 90 OR ABOVE: 0 0.10 INCH OR MORE: 3
MIN 32 OR BELOW: 14 0.50 INCH OR MORE: 1
MIN 0 OR BELOW: 0 1.00 INCH OR MORE: 1
[HDD (BASE 65) ]
TOTAL THIS MO. 571 CLEAR (SCALE 0-3) 21
DPTR FM NORMAL -100 PTCLDY (SCALE 4-7) 5
TOTAL FM JUL 1 1014 CLOUDY (SCALE 8-10) 5
DPTR FM NORMAL -160
[CDD (BASE 65) ]
TOTAL THIS MO. 0
DPTR FM NORMAL -1 [PRESSURE DATA]
TOTAL FM JAN 1 2277 HIGHEST SLP M ON M
DPTR FM NORMAL 109 LOWEST SLP M ON M
[REMARKS]
#FINAL-12-20#