000
CXAK56 PAJK 011310
CF6YAK
PRELIMINARY LOCAL CLIMATOLOGICAL DATA (WS FORM: F-6)
STATION: YAKUTAT
MONTH: AUGUST
YEAR: 2022
LATITUDE: 59 31 N
LONGITUDE: 139 40 W
TEMPERATURE IN F: :PCPN: SNOW: WIND :SUNSHINE: SKY :PK WND
================================================================================
1 2 3 4 5 6A 6B 7 8 9 10 11 12 13 14 15 16 17 18
12Z AVG MX 2MIN
DY MAX MIN AVG DEP HDD CDD WTR SNW DPTH SPD SPD DIR MIN PSBL S-S WX SPD DR
================================================================================
1 57 54 56 0 9 0 0.50 M M 4.0 9 110 M M 10 1 14 90
2 62 53 58 2 7 0 0.13 M M 4.2 10 70 M M 10 1 14 60
3 65 47 56 0 9 0 0.00 M M 3.7 12 310 M M 4 2 16 300
4 59 47 53 -3 12 0 0.00 M M 4.5 9 120 M M 10 2 14 160
5 58 55 57 1 8 0 2.00 M M 8.0 22 120 M M 10 1 31 140
6 57 52 55 -1 10 0 0.24 M M 2.7 10 170 M M 9 1 14 260
7 62 51 57 1 8 0 0.14 M M 3.5 12 200 M M 7 1 15 210
8 63 49 56 0 9 0 T M M 4.7 13 230 M M 7 18 220
9 59 50 55 -1 10 0 0.22 M M 3.9 10 180 M M 10 1 14 190
10 59 52 56 0 9 0 2.64 M M 7.3 16 110 M M 10 1 24 100
11 60 54 57 1 8 0 0.42 M M 5.5 9 130 M M 10 1 14 140
12 63 54 59 4 6 0 T M M 1.7 8 210 M M 10 12 10 210
13 59 55 57 2 8 0 1.00 M M 9.2 20 120 M M 10 1 29 110
14 57 53 55 0 10 0 0.67 M M 7.1 17 110 M M 10 1 25 120
15 57 52 55 0 10 0 0.75 M M 5.3 9 70 M M 10 1 15 110
16 60 52 56 1 9 0 0.95 M M 5.6 14 70 M M 10 1 18 70
17 60 55 58 3 7 0 0.75 M M 6.3 21 120 M M 10 1 32 140
18 62 52 57 2 8 0 0.03 M M 3.4 9 70 M M 10 1 11 360
19 64 46 55 1 10 0 0.00 M M 2.2 9 230 M M 3 12 12 230
20 64 50 57 3 8 0 0.00 M M 2.1 8 210 M M 7 11 160
21 69 52 61 7 4 0 0.00 M M 0.9 7 230 M M 7 9 160
22 65 51 58 4 7 0 0.58 M M 6.0 15 110 M M 5 1 22 110
23 59 55 57 3 8 0 1.21 M M 6.3 12 80 M M 10 1 16 100
24 59 52 56 2 9 0 1.11 M M 5.0 23 120 M M 10 1 35 120
25 60 50 55 1 10 0 0.00 M M 2.9 10 240 M M 10 1 13 230
26 56 52 54 1 11 0 0.59 M M 4.5 13 80 M M 10 1 18 100
27 58 51 55 2 10 0 0.26 M M 5.5 15 90 M M 10 1 20 90
28 62 51 57 4 8 0 0.29 M M 2.4 7 90 M M 9 1 9 150
29 60 51 56 3 9 0 0.89 M M 6.3 14 130 M M 10 1 20 150
30 59 50 55 3 10 0 0.45 M M 5.1 12 90 M M 9 1 18 70
31 60 44 52 0 13 0 0.12 M M 4.2 12 110 M M 7 1 17 110
================================================================================
SM 1874 1592 274 0 15.94 M 144.0 M 274
================================================================================
AV 60.5 51.4 4.6 FASTST M M 9 MAX(MPH)
MISC ----> 23 120 35 120
================================================================================
NOTES:
# LAST OF SEVERAL OCCURRENCES
COLUMN 17 PEAK WIND IN M.P.H.
PRELIMINARY LOCAL CLIMATOLOGICAL DATA (WS FORM: F-6) , PAGE 2
STATION: YAKUTAT
MONTH: AUGUST
YEAR: 2022
LATITUDE: 59 31 N
LONGITUDE: 139 40 W
[TEMPERATURE DATA] [PRECIPITATION DATA] SYMBOLS USED IN COLUMN 16
AVERAGE MONTHLY: 55.9 TOTAL FOR MONTH: 15.94 1 = FOG OR MIST
DPTR FM NORMAL: 1.2 DPTR FM NORMAL: 2.03 2 = FOG REDUCING VISIBILITY
HIGHEST: 69 ON 21 GRTST 24HR 2.76 ON 9-10 TO 1/4 MILE OR LESS
LOWEST: 44 ON 31 3 = THUNDER
SNOW, ICE PELLETS, HAIL 4 = ICE PELLETS
TOTAL MONTH: M 5 = HAIL
GRTST 24HR M ON M 6 = FREEZING RAIN OR DRIZZLE
GRTST DEPTH: M ON M 7 = DUSTSTORM OR SANDSTORM:
VSBY 1/2 MILE OR LESS
8 = SMOKE OR HAZE
[NO. OF DAYS WITH] [WEATHER - DAYS WITH] 9 = BLOWING SNOW
X = TORNADO
MAX 32 OR BELOW: 0 0.01 INCH OR MORE: 23
MAX 90 OR ABOVE: 0 0.10 INCH OR MORE: 22
MIN 32 OR BELOW: 0 0.50 INCH OR MORE: 13
MIN 0 OR BELOW: 0 1.00 INCH OR MORE: 5
[HDD (BASE 65) ]
TOTAL THIS MO. 274 CLEAR (SCALE 0-3) 1
DPTR FM NORMAL -47 PTCLDY (SCALE 4-7) 7
TOTAL FM JUL 1 542 CLOUDY (SCALE 8-10) 23
DPTR FM NORMAL -76
[CDD (BASE 65) ]
TOTAL THIS MO. 0
DPTR FM NORMAL 0 [PRESSURE DATA]
TOTAL FM JAN 1 0 HIGHEST SLP 30.27 ON 8
DPTR FM NORMAL 0 LOWEST SLP 29.41 ON 29
[REMARKS]
#FINAL-08-22#