000
CXAK57 PAJK 050817
CLMYAK
NATIONAL WEATHER SERVICE JUNEAU AK
1206 AM AKDT MON JUN 05 2023
...................................
...THE YAKUTAT CLIMATE SUMMARY FOR THE MONTH OF MAY 2023...
CLIMATE NORMAL PERIOD: 1991 TO 2020
CLIMATE RECORD PERIOD: 1917 TO 2023
WEATHER OBSERVED NORMAL DEPART LAST YEAR`S
VALUE DATE(S) VALUE FROM VALUE
NORMAL
..............................................................
TEMPERATURE (F)
RECORD
HIGH 80 05/12/1942
LOW 9 05/05/1945
HIGHEST 77 05/18 65 12
LOWEST 28 05/05 28 0
05/07
AVG. MAXIMUM 52.5 53.7 -1.2
AVG. MINIMUM 38.7 37.6 1.1
MEAN 45.6 45.6 -0.0
DAYS MAX >= 90 0 0.0 0.0
DAYS MAX <= 32 0 0.0 0.0
DAYS MIN <= 32 4 7.4 -3.4
DAYS MIN <= 0 0 0.0 0.0
PRECIPITATION (INCHES)
RECORD
MAXIMUM 18.95 1965
MINIMUM 1.62 2015
TOTALS 10.59 7.85 2.74
DAILY AVG. 0.34 0.25 0.09
DAYS >= .01 19 16.6 2.4
DAYS >= .10 14 11.3 2.7
DAYS >= .50 7 4.9 2.1
DAYS >= 1.00 4 2.4 1.6
GREATEST
24 HR. TOTAL 2.64 05/27 TO 05/28
DEGREE DAYS
HEATING TOTAL 594 600 -6
SINCE 7/1 7870 8314 -444
COOLING TOTAL 0 0 0
SINCE 1/1 0 0 0
FREEZE DATES
EARLIEST 09/28
LATEST 05/22
..............................................................
WIND (MPH)
AVERAGE WIND SPEED 5.6
HIGHEST WIND SPEED/DIRECTION 25/120 DATE 05/19
HIGHEST GUST SPEED/DIRECTION 39/130 DATE 05/19
WEATHER CONDITIONS. NUMBER OF DAYS WITH
THUNDERSTORM 0 MIXED PRECIP 0
HEAVY RAIN 1 RAIN 11
LIGHT RAIN 20 FREEZING RAIN 0
LT FREEZING RAIN 0 HAIL 0
HEAVY SNOW 0 SNOW 0
LIGHT SNOW 0 SLEET 0
FOG 27 FOG W/VIS <= 1/4 MILE 4
HAZE 4
- INDICATES NEGATIVE NUMBERS.
R INDICATES RECORD WAS SET OR TIED.
MM INDICATES DATA IS MISSING.
T INDICATES TRACE AMOUNT.
$$
...ABOVE NORMAL TEMPERATURES AND ABOVE NORMAL PRECIPITATION FOR MOST
CLIMATE SITES IN SE AK FOR MAY...
Around the middle of the month, Southeast Alaska had a warm, dry,
and mostly clear spell that lasted for several days with area
temperatures much above normal values, which ended up breaking daily
high temperature records for several locations on multiple days.
This warm spell skewed the daily average temperatures for the month
of May to either normal or above normal values with values
increasing the farther south you go. Yakutat`s daily average
temperature was exactly normal at 45.6 degrees for the month.
Ketchikan`s daily average temperature was 3.1 degrees above normal
for May with Juneau and Sitka falling between the values from
Ketchikan and Yakutat. If it wasn`t for the warm spell, Ketchikan
would have been around normal for the month and the other locations
would have been more below normal the farther north you went. On May
16th, Sitka tied their record high temperature that was initially
set back in 1969. On the 17th, Juneau reported a high temperature of
73, which broke their old record of 72, which was set in 2014. On
that same day, Ketchikan reported a high temperature of 77, which
broke their old record of 76, which was set in 1913. On May 18th,
Juneau reported a high temperature of 76, which broke the old record
of 74, which was set in 2018. On that same day, Sitka reported 82,
which broke their record of 77, which was set back in 1945. Finally,
also on the 18th, Yakutat reported a high of 77, which broke their
previous record of 72, which was set back in 1963.
The beginning and end of the month were much wetter and cooler as we
were in a much more active weather pattern with frontal system after
frontal system moving over the region, a few of them nearer to the
beginning of the month were associated with long fetches of deep
tropical moisture. A couple of records were broken in the central
and southern Panhandle. On May 12th, Ketchikan reported 2.66 inches
of rainfall, which broke their record of 2.61 inches, which was set
back in 1952. On the 29th, Sitka recorded 0.79 inches of rainfall,
which broke their old record of 0.59 inches, which was set back in
1963. Post-frontal onshore flow with moderate to heavy convective
shower activity is responsible for the late-month record being
broken in Sitka.
Chambers/Fritsch
$$