000
CXUS56 KPDT 011810
CF6YKM
PRELIMINARY LOCAL CLIMATOLOGICAL DATA (WS FORM: F-6)
STATION: YAKIMA WA
MONTH: MAY
YEAR: 2023
LATITUDE: 46 34 N
LONGITUDE: 120 32 W
TEMPERATURE IN F: :PCPN: SNOW: WIND :SUNSHINE: SKY :PK WND
================================================================================
1 2 3 4 5 6A 6B 7 8 9 10 11 12 13 14 15 16 17 18
12Z AVG MX 2MIN
DY MAX MIN AVG DEP HDD CDD WTR SNW DPTH SPD SPD DIR MIN PSBL S-S WX SPD DR
================================================================================
1 62 51 57 3 8 0 T M M 7.8 21 310 M M 5 27 320
2 77 48 63 8 2 0 0.00 M M 6.7 18 150 M M 0 23 150
3 86 50 68 13 0 3 0.00 M M 5.2 14 320 M M 0 21 320
4 79 58 69 14 0 4 T M M 10.4 22 320 M M 1 32 330
5 61 51 56 0 9 0 0.05 M M 6.2 17 320 M M 10 27 330
6 69 47 58 2 7 0 0.00 M M 5.0 16 340 M M 7 23 320
7 69 37 53 -3 12 0 T M M 7.5 16 320 M M 4 22 210
8 69 40 55 -2 10 0 0.00 M M 5.4 17 30 M M 3 3 24 330
9 70 46 58 1 7 0 0.00 M M 5.4 16 220 M M 3 21 230
10 75 39 57 0 8 0 0.00 M M 5.8 12 150 M M 0 23 140
11 79 42 61 3 4 0 0.00 M M 6.2 13 250 M M 0 8 18 240
12 83 43 63 5 2 0 0.00 M M 5.5 12 250 M M 0 16 130
13 90 47 69 11 0 4 0.00 M M 10.7 22 30 M M 0 38 40
14 89 53 71 12 0 6 0.00 M M 9.7 23 30 M M 0 32 30
15 89 58 74 15 0 9 T M M 5.2 16 140 M M 2 22 150
16 83 58 71 12 0 6 0.06 M M 4.9 20 100 M M 4 3 27 100
17 83 53 68 9 0 3 0.00 M M 5.2 9 170 M M 0 13 170
18 89 53 71 11 0 6 0.00 M M 4.6 12 320 M M 0 8 17 80
19 95 60 78 18 0 13 T M M 5.8 13 230 M M 0 3 19 220
20 94 61 78 18 0 13 T M M 6.7 21 320 M M 1 38 27 320
21 85 56 71 11 0 6 0.00 M M 11.9 25 310 M M 0 35 320
22 70 46 58 -2 7 0 0.00 M M 11.6 22 270 M M 0 8 30 280
23 73 39 56 -5 9 0 0.00 M M 6.9 20 320 M M 1 25 320
24 79 51 65 4 0 0 0.00 M M 6.0 20 340 M M 2 30 10
25 78 56 67 6 0 2 0.00 M M 5.4 12 50 M M 6 19 130
26 81 54 68 7 0 3 0.00 M M 5.3 15 360 M M 4 19 360
27 84 49 67 5 0 2 T M M 7.5 26 310 M M 2 3 34 300
28 86 51 69 7 0 4 0.00 M M 6.4 15 340 M M 0 23 350
29 88 52 70 8 0 5 0.00 M M 7.9 17 320 M M 0 26 350
30 83 52 68 6 0 3 0.00 M M 8.1 23 330 M M 0 34 330
31 76 49 63 1 2 0 0.00 M M 12.0 25 330 M M 0 35 350
================================================================================
SM 2474 1550 87 92 0.11 M 218.9 M 55
================================================================================
AV 79.8 50.0 7.1 FASTST M M 2 MAX(MPH)
MISC ----> 26 310 38 40
================================================================================
NOTES:
# LAST OF SEVERAL OCCURRENCES
COLUMN 17 PEAK WIND IN M.P.H.
PRELIMINARY LOCAL CLIMATOLOGICAL DATA (WS FORM: F-6) , PAGE 2
STATION: YAKIMA WA
MONTH: MAY
YEAR: 2023
LATITUDE: 46 34 N
LONGITUDE: 120 32 W
[TEMPERATURE DATA] [PRECIPITATION DATA] SYMBOLS USED IN COLUMN 16
AVERAGE MONTHLY: 64.9 TOTAL FOR MONTH: 0.11 1 = FOG OR MIST
DPTR FM NORMAL: 6.1 DPTR FM NORMAL: -0.63 2 = FOG REDUCING VISIBILITY
HIGHEST: 95 ON 19 GRTST 24HR 0.06 ON 16-16 TO 1/4 MILE OR LESS
LOWEST: 37 ON 7 3 = THUNDER
SNOW, ICE PELLETS, HAIL 4 = ICE PELLETS
TOTAL MONTH: M 5 = HAIL
GRTST 24HR M ON M 6 = FREEZING RAIN OR DRIZZLE
GRTST DEPTH: M ON M 7 = DUSTSTORM OR SANDSTORM:
VSBY 1/2 MILE OR LESS
8 = SMOKE OR HAZE
[NO. OF DAYS WITH] [WEATHER - DAYS WITH] 9 = BLOWING SNOW
X = TORNADO
MAX 32 OR BELOW: 0 0.01 INCH OR MORE: 2
MAX 90 OR ABOVE: 3 0.10 INCH OR MORE: 0
MIN 32 OR BELOW: 0 0.50 INCH OR MORE: 0
MIN 0 OR BELOW: 0 1.00 INCH OR MORE: 0
[HDD (BASE 65) ]
TOTAL THIS MO. 87 CLEAR (SCALE 0-3) 24
DPTR FM NORMAL -132 PTCLDY (SCALE 4-7) 6
TOTAL FM JUL 1 5780 CLOUDY (SCALE 8-10) 1
DPTR FM NORMAL 106
[CDD (BASE 65) ]
TOTAL THIS MO. 92
DPTR FM NORMAL 65 [PRESSURE DATA]
TOTAL FM JAN 1 95 HIGHEST SLP 30.28 ON 13
DPTR FM NORMAL 67 LOWEST SLP 29.49 ON 4
[REMARKS]
#FINAL-05-23#