000
CXUS55 KBOU 220900
CF633V
PRELIMINARY LOCAL CLIMATOLOGICAL DATA (WS FORM: F-6)

                                          STATION:   Walden
                                          MONTH:     JUNE
                                          YEAR:      2018
                                          LATITUDE:   40 45 N
                                          LONGITUDE: 106 16 W

  TEMPERATURE IN F:       :PCPN:    SNOW:  WIND      :SUNSHINE: SKY     :PK WND
================================================================================
1   2   3   4   5  6A  6B    7    8   9   10  11  12  13   14  15   16   17  18
                                     12Z  AVG MX 2MIN
DY MAX MIN AVG DEP HDD CDD  WTR  SNW DPTH SPD SPD DIR MIN PSBL S-S WX    SPD DR
================================================================================

 1  70  39  55   M  10   0    M    M    M 15.2 28 250   M    M   1        44 250
 2  70  30  50   M  15   0    M    M    M  8.5 16 310   M    M   0         M  M
 3  75  32  54   M  11   0    M    M    M  5.3 12 200   M    M   1        18 260
 4  75  34  55   M  10   0    M    M    M  8.7 23 260   M    M   1        30 270
 5  77  37  57   M   8   0    M    M    M  7.5 18 170   M    M   1        27 170
 6  79  34  57   M   8   0    M    M    M  5.8 15 220   M    M   0        21 180
 7  77  37  57   M   8   0    M    M    M  8.2 14 240   M    M   0        25 240
 8  79  36  58   M   7   0    M    M    M  7.3 13 260   M    M   0        23 240
 9  79  34  57   M   8   0    M    M    M  7.5 16 210   M    M   0        27 240
10  77  39  58   M   7   0    M    M    M 13.5 22 250   M    M   0        33 230
11  72  34  53   M  12   0    M    M    M 11.6 20 210   M    M   0        28 240
12  75  32  54   M  11   0    M    M    M  8.5 16 220   M    M   0        28 250
13  81  34  58   M   7   0    M    M    M  8.3 21 250   M    M   0        28 260
14  77  39  58   M   7   0    M    M    M 10.0 23 200   M    M   1        29 210
15  79  45  62   M   3   0    M    M    M 10.6 18 210   M    M   2        25 240
16  75  50  63   M   2   0    M    M    M  6.8 22 130   M    M   7        28 130
17  61  50  56   M   9   0    M    M    M  2.4 10 100   M    M   9         M  M
18  72  43  58   M   7   0    M    M    M  9.0 22 200   M    M   3        30 200
19  70  37  54   M  11   0    M    M    M 10.3 37 360   M    M   2        46 360
20  64  39  52   M  13   0    M    M    M  5.1 13 360   M    M   5        16 360
21  77  37  57   M   8   0    M    M    M  7.1 18 210   M    M   2        33 210
================================================================================
SM 1561  792       182   0    M     M    177.2          M       35
================================================================================
AV 74.3 37.7                               8.4 FASTST   M    M   2    MAX(MPH)
                                 MISC ---->  # 37 360               # 46  360
================================================================================
NOTES:
# LAST OF SEVERAL OCCURRENCES

COLUMN 17 PEAK WIND IN M.P.H.

PRELIMINARY LOCAL CLIMATOLOGICAL DATA (WS FORM: F-6) , PAGE 2

                                          STATION:  Walden
                                          MONTH:    JUNE
                                          YEAR:     2018
                                          LATITUDE:   40 45 N
                                          LONGITUDE: 106 16 W

[TEMPERATURE DATA]      [PRECIPITATION DATA]       SYMBOLS USED IN COLUMN 16

AVERAGE MONTHLY: 56.0   TOTAL FOR MONTH:      M    1 = FOG OR MIST
DPTR FM NORMAL:     M   DPTR FM NORMAL:       M    2 = FOG REDUCING VISIBILITY
HIGHEST:    81 ON 13    GRTST 24HR    M  ON   M        TO 1/4 MILE OR LESS
LOWEST:     30 ON  2                               3 = THUNDER
                        SNOW, ICE PELLETS, HAIL    4 = ICE PELLETS
                        TOTAL MONTH:    M          5 = HAIL
                        GRTST 24HR    M  ON   M    6 = FREEZING RAIN OR DRIZZLE
                        GRTST DEPTH:  M  ON   M    7 = DUSTSTORM OR SANDSTORM:
                                                       VSBY 1/2 MILE OR LESS
                                                   8 = SMOKE OR HAZE
[NO. OF DAYS WITH]      [WEATHER - DAYS WITH]      9 = BLOWING SNOW
                                                   X = TORNADO
MAX 32 OR BELOW:   0    0.01 INCH OR MORE:   0
MAX 90 OR ABOVE:   0    0.10 INCH OR MORE:   0
MIN 32 OR BELOW:   3    0.50 INCH OR MORE:   0
MIN  0 OR BELOW:   0    1.00 INCH OR MORE:   0

[HDD (BASE 65) ]
TOTAL THIS MO.   182    CLEAR  (SCALE 0-3)  17
DPTR FM NORMAL     M    PTCLDY (SCALE 4-7)   3
TOTAL FM JUL 1  8866    CLOUDY (SCALE 8-10)  1
DPTR FM NORMAL     M

[CDD (BASE 65) ]
TOTAL THIS MO.     0
DPTR FM NORMAL     M    [PRESSURE DATA]
TOTAL FM JAN 1     0    HIGHEST SLP M ON M
DPTR FM NORMAL     M    LOWEST  SLP M ON M

[REMARKS]
