000
CXUS54 KFWD 190730
CF6AFW
PRELIMINARY LOCAL CLIMATOLOGICAL DATA (WS FORM: F-6)
STATION: FORT WORTH ALLIANCE
MONTH: APRIL
YEAR: 2024
LATITUDE: 32 58 N
LONGITUDE: 97 19 W
TEMPERATURE IN F: :PCPN: SNOW: WIND :SUNSHINE: SKY :PK WND
================================================================================
1 2 3 4 5 6A 6B 7 8 9 10 11 12 13 14 15 16 17 18
12Z AVG MX 2MIN
DY MAX MIN AVG DEP HDD CDD WTR SNW DPTH SPD SPD DIR MIN PSBL S-S WX SPD DR
================================================================================
1 79 64 72 9 0 7 0.57 M M 14.0 28 330 M M 9 138 37 330
2 65 48 57 -6 8 0 T M M 13.7 25 320 M M 5 34 320
3 71 47 59 -4 6 0 0.00 M M 10.6 23 330 M M 0 29 330
4 81 46 64 0 1 0 0.00 M M 3.9 12 180 M M 0 17 170
5 85 54 70 6 0 5 0.00 M M 9.5 21 170 M M 3 27 160
6 75 62 69 5 0 4 T M M 21.8 32 170 M M 8 43 170
7 77 55 66 2 0 1 0.01 M M 8.4 18 190 M M 3 26 200
8 80 54 67 3 0 2 0.52 M M 9.0 21 180 M M 7 138 28 130
9 69 61 65 1 0 0 0.48 M M 11.6 25 330 M M 9 13 39 70
10 65 50 58 -7 7 0 0.60 M M 13.3 37 350 M M 9 13 49 350
11 72 47 60 -5 5 0 0.00 M M 9.7 23 360 M M 0 29 360
12 78 47 63 -2 2 0 0.00 M M 9.6 22 160 M M 4 30 180
13 81 58 70 5 0 5 0.00 M M 16.7 31 180 M M 4 38 160
14 83 64 74 8 0 9 0.00 M M 15.6 22 150 M M 6 26 160
15 77 69 73 7 0 8 T M M 17.3 29 170 M M 10 38 170
16 85 70 78 12 0 13 0.02 M M 13.6 30 170 M M 8 18 38 160
17 85 71 78 12 0 13 0.00 M M 11.9 23 150 M M 9 18 37 150
18 85 60 73 7 0 8 0.00 M M 13.3 22 360 M M 6 18 30 340
================================================================================
SM 1393 1027 29 75 2.20 M 223.5 M 100
================================================================================
AV 77.4 57.1 12.4 FASTST M M 6 MAX(MPH)
MISC ----> 37 350 49 350
================================================================================
NOTES:
# LAST OF SEVERAL OCCURRENCES
COLUMN 17 PEAK WIND IN M.P.H.
PRELIMINARY LOCAL CLIMATOLOGICAL DATA (WS FORM: F-6) , PAGE 2
STATION: FORT WORTH ALLIANCE
MONTH: APRIL
YEAR: 2024
LATITUDE: 32 58 N
LONGITUDE: 97 19 W
[TEMPERATURE DATA] [PRECIPITATION DATA] SYMBOLS USED IN COLUMN 16
AVERAGE MONTHLY: 67.2 TOTAL FOR MONTH: 2.20 1 = FOG OR MIST
DPTR FM NORMAL: 2.6 DPTR FM NORMAL: 0.02 2 = FOG REDUCING VISIBILITY
HIGHEST: 85 ON 18,17 GRTST 24HR 1.00 ON 8- 9 TO 1/4 MILE OR LESS
LOWEST: 46 ON 4 3 = THUNDER
SNOW, ICE PELLETS, HAIL 4 = ICE PELLETS
TOTAL MONTH: M 5 = HAIL
GRTST 24HR M ON M 6 = FREEZING RAIN OR DRIZZLE
GRTST DEPTH: M ON M 7 = DUSTSTORM OR SANDSTORM:
VSBY 1/2 MILE OR LESS
8 = SMOKE OR HAZE
[NO. OF DAYS WITH] [WEATHER - DAYS WITH] 9 = BLOWING SNOW
X = TORNADO
MAX 32 OR BELOW: 0 0.01 INCH OR MORE: 6
MAX 90 OR ABOVE: 0 0.10 INCH OR MORE: 4
MIN 32 OR BELOW: 0 0.50 INCH OR MORE: 3
MIN 0 OR BELOW: 0 1.00 INCH OR MORE: 0
[HDD (BASE 65) ]
TOTAL THIS MO. 29 CLEAR (SCALE 0-3) 3
DPTR FM NORMAL -35 PTCLDY (SCALE 4-7) 10
TOTAL FM JUL 1 1919 CLOUDY (SCALE 8-10) 5
DPTR FM NORMAL -261
[CDD (BASE 65) ]
TOTAL THIS MO. 75
DPTR FM NORMAL 17 [PRESSURE DATA]
TOTAL FM JAN 1 150 HIGHEST SLP M ON M
DPTR FM NORMAL 38 LOWEST SLP 29.47 ON 1
[REMARKS]