000
CXUS56 KTFX 241205
CF6DLN
PRELIMINARY LOCAL CLIMATOLOGICAL DATA (WS FORM: F-6)

                                          STATION:   DILLON AIRPORT MT
                                          MONTH:     MAY
                                          YEAR:      2018
                                          LATITUDE:   45 15 N
                                          LONGITUDE: 112 33 W

  TEMPERATURE IN F:       :PCPN:    SNOW:  WIND      :SUNSHINE: SKY     :PK WND
================================================================================
1   2   3   4   5  6A  6B    7    8   9   10  11  12  13   14  15   16   17  18
                                     12Z  AVG MX 2MIN
DY MAX MIN AVG DEP HDD CDD  WTR  SNW DPTH SPD SPD DIR MIN PSBL S-S WX    SPD DR
================================================================================

 1  49  36  43  -3  22   0 0.04    M    0  6.7 24 300   M    M   8 1      27 300
 2  56  32  44  -2  21   0 0.00    M    0  3.2 12 140   M    M   3        15 320
 3  64  32  48   1  17   0 0.00    M    0  7.5 21 250   M    M   1        25 250
 4  70  36  53   6  12   0 0.00    M    0 10.5 31 310   M    M   1        42 310
 5  64  46  55   7  10   0    T    M    0  7.5 18 290   M    M   3        21 290
 6  74  43  59  11   6   0 0.01    M    0  7.7 20  50   M    M   2 3      23  50
 7  66  38  52   4  13   0 0.00    M    0  8.8 25 320   M    M   2 8      30 320
 8  73  34  54   6  11   0 0.00    M    0  5.6 17 270   M    M   0        21 270
 9  71  42  57   8   8   0    T    M    0  5.9 26 270   M    M   3        33 280
10  65  38  52   3  13   0 0.23    M    0  8.6 26 250   M    M   3 1      39 250
11  53  38  46  -3  19   0 0.01    M    0 14.8 32  30   M    M   9 1      39  30
12  52  37  45  -5  20   0 0.01    M    0 17.9 26  40   M    M   9        33  40
13  61  37  49  -1  16   0    T    M    0  7.7 25  40   M    M   6        30  40
14  68  34  51   1  14   0 0.00    M    0  6.9 17  30   M    M   2        23  20
15  72  36  54   4  11   0    T    M    0  6.3 22 180   M    M   1 3      27 180
16  65  44  55   5  10   0 0.01    M    0  8.0 21 170   M    M   5 3      27 170
17  63  42  53   2  12   0 0.02    M    0  7.2 21 300   M    M   8        28 300
18  51  41  46  -5  19   0 0.04    M    0 18.4 29  40   M    M  10 1      34  40
19  59  39  49  -2  16   0    T    M    0 10.8 21  50   M    M   6        25  40
20  70  34  52   0  13   0 0.03    M    0  5.8 21 110   M    M   2 3      26 110
21  69  42  56   4   9   0    T    M    0  7.3 23  40   M    M   4 3      29  30
22  70  43  57   5   8   0 0.00    M    0  6.7 22  40   M    M   4        25 350
23  65  41  53   1  12   0    T    M    0  4.0 15  30   M    M   5 1      19  50
================================================================================
SM 1470  885       312   0  0.40    M    193.8          M       97
================================================================================
AV 63.9 38.5                               8.4 FASTST   M    M   4    MAX(MPH)
                                 MISC ---->  # 32  30               # 42  310
================================================================================
NOTES:
# LAST OF SEVERAL OCCURRENCES

COLUMN 17 PEAK WIND IN M.P.H.

PRELIMINARY LOCAL CLIMATOLOGICAL DATA (WS FORM: F-6) , PAGE 2

                                          STATION:  DILLON AIRPORT MT
                                          MONTH:    MAY
                                          YEAR:     2018
                                          LATITUDE:   45 15 N
                                          LONGITUDE: 112 33 W

[TEMPERATURE DATA]      [PRECIPITATION DATA]       SYMBOLS USED IN COLUMN 16

AVERAGE MONTHLY: 51.2   TOTAL FOR MONTH:   0.40    1 = FOG OR MIST
DPTR FM NORMAL:   1.8   DPTR FM NORMAL:   -0.91    2 = FOG REDUCING VISIBILITY
HIGHEST:    74 ON  6    GRTST 24HR  0.23 ON 10-10      TO 1/4 MILE OR LESS
LOWEST:     32 ON  3, 2                            3 = THUNDER
                        SNOW, ICE PELLETS, HAIL    4 = ICE PELLETS
                        TOTAL MONTH:    M          5 = HAIL
                        GRTST 24HR    M  ON   M    6 = FREEZING RAIN OR DRIZZLE
                        GRTST DEPTH:   0           7 = DUSTSTORM OR SANDSTORM:
                                                       VSBY 1/2 MILE OR LESS
                                                   8 = SMOKE OR HAZE
[NO. OF DAYS WITH]      [WEATHER - DAYS WITH]      9 = BLOWING SNOW
                                                   X = TORNADO
MAX 32 OR BELOW:   0    0.01 INCH OR MORE:   9
MAX 90 OR ABOVE:   0    0.10 INCH OR MORE:   1
MIN 32 OR BELOW:   2    0.50 INCH OR MORE:   0
MIN  0 OR BELOW:   0    1.00 INCH OR MORE:   0

[HDD (BASE 65) ]
TOTAL THIS MO.   312    CLEAR  (SCALE 0-3)  10
DPTR FM NORMAL   -48    PTCLDY (SCALE 4-7)   9
TOTAL FM JUL 1  8139    CLOUDY (SCALE 8-10)  4
DPTR FM NORMAL   210

[CDD (BASE 65) ]
TOTAL THIS MO.     0
DPTR FM NORMAL     0    [PRESSURE DATA]
TOTAL FM JAN 1     0    HIGHEST SLP M ON M
DPTR FM NORMAL     0    LOWEST  SLP 29.71 ON 10

[REMARKS]
