000
CXUS51 KLWX 230620
CF6DMH
PRELIMINARY LOCAL CLIMATOLOGICAL DATA (WS FORM: F-6)

                                          STATION:   BALTIMORE INNER HARBOR MD
                                          MONTH:     APRIL
                                          YEAR:      2018
                                          LATITUDE:   39 16 N
                                          LONGITUDE:  76 37 W

  TEMPERATURE IN F:       :PCPN:    SNOW:  WIND      :SUNSHINE: SKY     :PK WND
================================================================================
1   2   3   4   5  6A  6B    7    8   9   10  11  12  13   14  15   16   17  18
                                     12Z  AVG MX 2MIN
DY MAX MIN AVG DEP HDD CDD  WTR  SNW DPTH SPD SPD DIR MIN PSBL S-S WX    SPD DR
================================================================================

 1  66  49  58   6   7   0 0.00    M    M   M   M   M   M    M   M         M  M
 2  54  40  47  -5  18   0 0.08    M    M   M   M   M   M    M   M         M  M
 3  49  44  47  -5  18   0 0.02    M    M   M   M   M   M    M   M         M  M
 4  70  42  56   3   9   0 0.00    M    M   M   M   M   M    M   M         M  M
 5  52  37  45  -8  20   0 0.00    M    M   M   M   M   M    M   M         M  M
 6  73  44  59   6   6   0 0.00    M    M   M   M   M   M    M   M         M  M
 7  61  41  51  -3  14   0 0.00    M    M   M   M   M   M    M   M         M  M
 8  50  35  43 -11  22   0 0.00    M    M   M   M   M   M    M   M         M  M
 9  44  38  41 -13  24   0 0.00    M    M   M   M   M   M    M   M         M  M
10  54  39  47  -8  18   0 0.01    M    M   M   M   M   M    M   M         M  M
11  59  42  51  -4  14   0 0.00    M    M   M   M   M   M    M   M         M  M
12  78  45  62   7   3   0 0.00    M    M   M   M   M   M    M   M         M  M
13  88  65  77  21   0  12 0.00    M    M   M   M   M   M    M   M         M  M
14  87  67  77  21   0  12 0.00    M    M   M   M   M   M    M   M         M  M
15  69  44  57   1   8   0 0.39    M    M   M   M   M   M    M   M         M  M
16  60  46  53  -4  12   0 1.85    M    M   M   M   M   M    M   M         M  M
17  48  41  45 -12  20   0 0.00    M    M   M   M   M   M    M   M         M  M
18  63  37  50  -7  15   0 0.00    M    M   M   M   M   M    M   M         M  M
19  61  43  52  -6  13   0 0.00    M    M   M   M   M   M    M   M         M  M
20  59  38  49  -9  16   0 0.00    M    M   M   M   M   M    M   M         M  M
21  64  44  54  -4  11   0 0.00    M    M   M   M   M   M    M   0         M  M
22  67  50  59   0   6   0 0.00    M    M   M   M   M   M    M   M         M  M
================================================================================
SM 1376  971       274  24  2.35    M        M          M        0
================================================================================
AV 62.6 44.1                                 M FASTST   M    M   0    MAX(MPH)
                                 MISC ---->     M   M                  M    M
================================================================================
NOTES:
# LAST OF SEVERAL OCCURRENCES

COLUMN 17 PEAK WIND IN M.P.H.

PRELIMINARY LOCAL CLIMATOLOGICAL DATA (WS FORM: F-6) , PAGE 2

                                          STATION:  BALTIMORE INNER HARBOR MD
                                          MONTH:    APRIL
                                          YEAR:     2018
                                          LATITUDE:   39 16 N
                                          LONGITUDE:  76 37 W

[TEMPERATURE DATA]      [PRECIPITATION DATA]       SYMBOLS USED IN COLUMN 16

AVERAGE MONTHLY: 53.3   TOTAL FOR MONTH:   2.35    1 = FOG OR MIST
DPTR FM NORMAL:  -1.8   DPTR FM NORMAL:   -0.07    2 = FOG REDUCING VISIBILITY
HIGHEST:    88 ON 13    GRTST 24HR  1.85 ON 16-16      TO 1/4 MILE OR LESS
LOWEST:     35 ON  8                               3 = THUNDER
                        SNOW, ICE PELLETS, HAIL    4 = ICE PELLETS
                        TOTAL MONTH:    M          5 = HAIL
                        GRTST 24HR    M  ON   M    6 = FREEZING RAIN OR DRIZZLE
                        GRTST DEPTH:  M  ON   M    7 = DUSTSTORM OR SANDSTORM:
                                                       VSBY 1/2 MILE OR LESS
                                                   8 = SMOKE OR HAZE
[NO. OF DAYS WITH]      [WEATHER - DAYS WITH]      9 = BLOWING SNOW
                                                   X = TORNADO
MAX 32 OR BELOW:   0    0.01 INCH OR MORE:   5
MAX 90 OR ABOVE:   0    0.10 INCH OR MORE:   2
MIN 32 OR BELOW:   0    0.50 INCH OR MORE:   1
MIN  0 OR BELOW:   0    1.00 INCH OR MORE:   1

[HDD (BASE 65) ]
TOTAL THIS MO.   274    CLEAR  (SCALE 0-3)   1
DPTR FM NORMAL    45    PTCLDY (SCALE 4-7)   0
TOTAL FM JUL 1  3735    CLOUDY (SCALE 8-10)  0
DPTR FM NORMAL  -161

[CDD (BASE 65) ]
TOTAL THIS MO.    24
DPTR FM NORMAL     9    [PRESSURE DATA]
TOTAL FM JAN 1    26    HIGHEST SLP M ON M
DPTR FM NORMAL    10    LOWEST  SLP 29.45 ON 16

[REMARKS]
