000
CXUS55 KDVN 251100
CF6DVN
PRELIMINARY LOCAL CLIMATOLOGICAL DATA (WS FORM: F-6)

                                          STATION:   DAVENPORT IA
                                          MONTH:     MAY
                                          YEAR:      2018
                                          LATITUDE:   41 37 N
                                          LONGITUDE:  90 35 W

  TEMPERATURE IN F:       :PCPN:    SNOW:  WIND      :SUNSHINE: SKY     :PK WND
================================================================================
1   2   3   4   5  6A  6B    7    8   9   10  11  12  13   14  15   16   17  18
                                     12Z  AVG MX 2MIN
DY MAX MIN AVG DEP HDD CDD  WTR  SNW DPTH SPD SPD DIR MIN PSBL S-S WX    SPD DR
================================================================================

 1  84  62  73  17   0   8    T  0.0    0 16.6 28 180   M    M   3        39 200
 2  86  61  74  18   0   9 1.27  0.0    0 13.7 28 230   M    M   2 138    41 190
 3  73  59  66  10   0   1 0.44  0.0    0 12.6 28 200   M    M   5 123    42 190
 4  75  53  64   7   1   0 0.00  0.0    0 12.7 24 300   M    M   2        33 300
 5  82  50  66   9   0   1 0.00  0.0    0  7.7 16 300   M    M   0        25 290
 6  79  57  68  11   0   3 0.01  0.0    0  8.5 17  10   M    M   4        23  20
 7  78  50  64   6   1   0 0.00  0.0    0  5.0 13 180   M    M   0        19 190
 8  83  52  68  10   0   3    T  0.0    0 14.1 28 140   M    M   0        36 130
 9  80  58  69  11   0   4 0.34  0.0    0 16.4 29 280   M    M   5 13     38 290
10  80  54  67   8   0   2 0.00  0.0    0  8.0 17  20   M    M   1        21  30
11  65  48  57  -2   8   0    T  0.0    0 16.8 36 110   M    M   6 38     45 110
12  58  46  52  -8  13   0 0.18  0.0    0 13.4 25  80   M    M  10 13     33  90
13  65  49  57  -3   8   0 0.28  0.0    0  8.7 24 160   M    M   9 138    35 160
14  79  57  68   8   0   3 0.05  0.0    0  7.9 30 340   M    M   5 138    43 340
15  76  59  68   8   0   3 0.00  0.0    0  7.0 16  70   M    M   4 1      23  70
16  80  50  65   4   0   0 0.00  0.0    0  4.5 10  60   M    M   0 1      16  50
17  82  54  68   7   0   3 0.00  0.0    0  7.5 17  90   M    M   0        23  70
18  80  55  68   6   0   3 0.02  0.0    0 11.8 25 100   M    M   4        34  90
19  82  57  70   8   0   5    T  0.0    0  4.2 12 200   M    M   7 18     16 280
20  68  55  62   0   3   0 0.01  0.0    0 13.6 26  30   M    M   7 138    33  20
21  74  52  63   0   2   0 0.54  0.0    0  8.9 17  90   M    M   8 18     22  90
22  76  54  65   2   0   0 0.00  0.0    0  6.9 13 310   M    M   4 1      20 310
23  82  58  70   7   0   5 0.00  0.0    0  6.2 12 130   M    M   1 18     14 140
24  89  60  75  11   0  10 0.00  0.0    0  8.0 17 160   M    M   0        24 160
================================================================================
SM 1856 1310        36  63  3.14     0.0 240.7          M       87
================================================================================
AV 77.3 54.6                              10.0 FASTST   M    M   4    MAX(MPH)
                                 MISC ---->  # 36 110               # 45  110
================================================================================
NOTES:
# LAST OF SEVERAL OCCURRENCES

COLUMN 17 PEAK WIND IN M.P.H.

PRELIMINARY LOCAL CLIMATOLOGICAL DATA (WS FORM: F-6) , PAGE 2

                                          STATION:  DAVENPORT IA
                                          MONTH:    MAY
                                          YEAR:     2018
                                          LATITUDE:   41 37 N
                                          LONGITUDE:  90 35 W

[TEMPERATURE DATA]      [PRECIPITATION DATA]       SYMBOLS USED IN COLUMN 16

AVERAGE MONTHLY: 66.0   TOTAL FOR MONTH:   3.14    1 = FOG OR MIST
DPTR FM NORMAL:   6.3   DPTR FM NORMAL:   -0.16    2 = FOG REDUCING VISIBILITY
HIGHEST:    89 ON 24    GRTST 24HR  1.27 ON  2- 2      TO 1/4 MILE OR LESS
LOWEST:     46 ON 12                               3 = THUNDER
                        SNOW, ICE PELLETS, HAIL    4 = ICE PELLETS
                        TOTAL MONTH:   0.0 INCH    5 = HAIL
                        GRTST 24HR     0.0         6 = FREEZING RAIN OR DRIZZLE
                        GRTST DEPTH:   0           7 = DUSTSTORM OR SANDSTORM:
                                                       VSBY 1/2 MILE OR LESS
                                                   8 = SMOKE OR HAZE
[NO. OF DAYS WITH]      [WEATHER - DAYS WITH]      9 = BLOWING SNOW
                                                   X = TORNADO
MAX 32 OR BELOW:   0    0.01 INCH OR MORE:  10
MAX 90 OR ABOVE:   0    0.10 INCH OR MORE:   6
MIN 32 OR BELOW:   0    0.50 INCH OR MORE:   2
MIN  0 OR BELOW:   0    1.00 INCH OR MORE:   1

[HDD (BASE 65) ]
TOTAL THIS MO.    36    CLEAR  (SCALE 0-3)  10
DPTR FM NORMAL  -126    PTCLDY (SCALE 4-7)  12
TOTAL FM JUL 1  6467    CLOUDY (SCALE 8-10)  2
DPTR FM NORMAL     1

[CDD (BASE 65) ]
TOTAL THIS MO.    63
DPTR FM NORMAL    29    [PRESSURE DATA]
TOTAL FM JAN 1    63    HIGHEST SLP M ON M
DPTR FM NORMAL    23    LOWEST  SLP 29.63 ON  9

[REMARKS]
