000
CXUS52 KRAH 241345
CF6FAY
PRELIMINARY LOCAL CLIMATOLOGICAL DATA (WS FORM: F-6)

                                          STATION:   FAYETTEVILLE REGL AIRPORT NC
                                          MONTH:     APRIL
                                          YEAR:      2018
                                          LATITUDE:   35  0 N
                                          LONGITUDE:  78 53 W

  TEMPERATURE IN F:       :PCPN:    SNOW:  WIND      :SUNSHINE: SKY     :PK WND
================================================================================
1   2   3   4   5  6A  6B    7    8   9   10  11  12  13   14  15   16   17  18
                                     12Z  AVG MX 2MIN
DY MAX MIN AVG DEP HDD CDD  WTR  SNW DPTH SPD SPD DIR MIN PSBL S-S WX    SPD DR
================================================================================

 1  78  41  60   1   5   0 0.00    M    M  7.0 16 220   M    M   0        20 240
 2  85  55  70  11   0   5 0.00    M    0  9.8 20  30   M    M   0        23 250
 3  85  51  68   8   0   3 0.00    M    0  9.2 20 230   M    M   4 1      26 230
 4  81  52  67   7   0   2 0.00  0.0    0 15.6 28 280   M    M   2        39 260
 5  64  41  53  -7  12   0 0.00  0.0    0  6.4 15 360   M    M   0        20 330
 6  77  38  58  -2   7   0 0.00  0.0    0 10.1 22 210   M    M   0        29 210
 7  64  39  52  -9  13   0 0.58    M    M 10.4 29  10   M    M   9 1      36  20
 8  54  36  45 -16  20   0 0.17    M    M  8.6 21  10   M    M   2 1      27  10
 9  51  44  48 -13  17   0 0.01    M    M  5.3 13 120   M    M   8 1      15 120
10  64  44  54  -7  11   0 0.00  0.0    0  7.7 18  20   M    M   2        22  30
11  65  38  52 -10  13   0 0.00  0.0    0  4.6 12 250   M    M   3 18     16 310
12  76  43  60  -2   5   0 0.00    M    0  9.1 20 170   M    M   0        25 190
13  82  51  67   5   0   2 0.00    M    0 11.6 23 200   M    M   1        31 210
14  84  57  71   9   0   6 0.00  0.0    0 10.3 21 240   M    M   2        27 200
15  84  66  75  12   0  10 0.62    M    M 15.0 33 190   M    M   8 13     51 190
16  66  47  57  -6   8   0    T    M    0 17.6 28 230   M    M   7        37 220
17  67  37  52 -11  13   0 0.00    M    0 11.5 24 250   M    M   1        31 260
18  86  50  68   5   0   3 0.00    M    M 11.4 25 230   M    M   0        32 230
19  83  47  65   1   0   0 0.00    M    M 18.0 28 360   M    M   1        38 360
20  68  40  54 -10  11   0 0.00    M    M  6.3 14  10   M    M   0        21  10
21  71  37  54 -10  11   0 0.00    M    M  3.9 13 140   M    M   0        16 150
22  74  41  58  -6   7   0 0.00    M    0  6.4 15 140   M    M   2        19 140
23  67  53  60  -5   5   0 0.27  0.0    0 10.4 24 100   M    M   8 1      32 110
================================================================================
SM 1676 1048       158  31  1.65     0.0 226.2          M       60
================================================================================
AV 72.9 45.6                               9.8 FASTST   M    M   3    MAX(MPH)
                                 MISC ---->  # 33 190               # 51  190
================================================================================
NOTES:
# LAST OF SEVERAL OCCURRENCES

COLUMN 17 PEAK WIND IN M.P.H.

PRELIMINARY LOCAL CLIMATOLOGICAL DATA (WS FORM: F-6) , PAGE 2

                                          STATION:  FAYETTEVILLE REGL AIRPORT NC
                                          MONTH:    APRIL
                                          YEAR:     2018
                                          LATITUDE:   35  0 N
                                          LONGITUDE:  78 53 W

[TEMPERATURE DATA]      [PRECIPITATION DATA]       SYMBOLS USED IN COLUMN 16

AVERAGE MONTHLY: 59.2   TOTAL FOR MONTH:   1.65    1 = FOG OR MIST
DPTR FM NORMAL:  -2.7   DPTR FM NORMAL:   -0.69    2 = FOG REDUCING VISIBILITY
HIGHEST:    86 ON 18    GRTST 24HR  0.62 ON 15-15      TO 1/4 MILE OR LESS
LOWEST:     36 ON  8                               3 = THUNDER
                        SNOW, ICE PELLETS, HAIL    4 = ICE PELLETS
                        TOTAL MONTH:   0.0 INCH    5 = HAIL
                        GRTST 24HR     0.0         6 = FREEZING RAIN OR DRIZZLE
                        GRTST DEPTH:   0           7 = DUSTSTORM OR SANDSTORM:
                                                       VSBY 1/2 MILE OR LESS
                                                   8 = SMOKE OR HAZE
[NO. OF DAYS WITH]      [WEATHER - DAYS WITH]      9 = BLOWING SNOW
                                                   X = TORNADO
MAX 32 OR BELOW:   0    0.01 INCH OR MORE:   5
MAX 90 OR ABOVE:   0    0.10 INCH OR MORE:   4
MIN 32 OR BELOW:   0    0.50 INCH OR MORE:   2
MIN  0 OR BELOW:   0    1.00 INCH OR MORE:   0

[HDD (BASE 65) ]
TOTAL THIS MO.   158    CLEAR  (SCALE 0-3)  16
DPTR FM NORMAL    39    PTCLDY (SCALE 4-7)   6
TOTAL FM JUL 1  2688    CLOUDY (SCALE 8-10)  1
DPTR FM NORMAL     0

[CDD (BASE 65) ]
TOTAL THIS MO.    31
DPTR FM NORMAL   -13    [PRESSURE DATA]
TOTAL FM JAN 1    84    HIGHEST SLP M ON M
DPTR FM NORMAL    24    LOWEST  SLP 29.50 ON 15

[REMARKS]
