000
CXUS52 KMLB 240756
CF6FPR
PRELIMINARY LOCAL CLIMATOLOGICAL DATA (WS FORM: F-6)

                                          STATION:   FORT PIERCE
                                          MONTH:     APRIL
                                          YEAR:      2018
                                          LATITUDE:   27 30 N
                                          LONGITUDE:  80 22 W

  TEMPERATURE IN F:       :PCPN:    SNOW:  WIND      :SUNSHINE: SKY     :PK WND
================================================================================
1   2   3   4   5  6A  6B    7    8   9   10  11  12  13   14  15   16   17  18
                                     12Z  AVG MX 2MIN
DY MAX MIN AVG DEP HDD CDD  WTR  SNW DPTH SPD SPD DIR MIN PSBL S-S WX    SPD DR
================================================================================

 1  79  60  70   1   0   5    T  0.0    0  5.0 15 100   M    M   2 1      21  90
 2  83  59  71   2   0   6 0.00  0.0    0  8.3 17 110   M    M   2 1      22 110
 3  82  62  72   3   0   7 0.00  0.0    0  9.6 18 130   M    M   2        24 100
 4  88  59  74   4   0   9 0.00  0.0    0  5.8 15 130   M    M   2 12     20 290
 5  79  64  72   2   0   7 0.00  0.0    0  7.5 15  20   M    M   1        23 360
 6  81  65  73   3   0   8 0.00  0.0    0 10.8 17 120   M    M   2        22 100
 7  90  64  77   7   0  12 0.70  0.0    0  7.8 25 230   M    M   2 138    37 230
 8  81  66  74   4   0   9 0.31  0.0    0  6.2 14 270   M    M   7 1      18 270
 9  91  69  80  10   0  15 0.00  0.0    0  7.5 18 230   M    M   3 18     25 220
10  87  65  76   6   0  11 0.47  0.0    0  5.6 30 300   M    M   4 13     37 300
11  75  64  70   0   0   5    T  0.0    0  8.1 17  10   M    M   4        25  10
12  79  55  67  -4   0   2 0.00  0.0    0 10.5 21 110   M    M   4        24 110
13  80  67  74   3   0   9 0.00  0.0    0 10.2 17 120   M    M   2        22 120
14  84  64  74   3   0   9 0.01  0.0    0 12.2 26 130   M    M   3        35 130
15  88  66  77   6   0  12 0.57  0.0    0 13.2 29 140   M    M   5 138    36 130
16  75  54  65  -6   0   0 0.00  0.0    0  9.2 20 300   M    M   2        26 290
17  74  49  62  -9   3   0 0.00  0.0    0  4.9 12  20   M    M   0 1      17  40
18  81  47  64  -8   1   0 0.00  0.0    0  5.2 15 110   M    M   0 1      18 100
19  87  56  72   0   0   7 0.00  0.0    0  6.0 16 130   M    M   0 1      20 130
20  81  60  71  -1   0   6 0.00  0.0    0  5.7 13  80   M    M   0 1      16  70
21  82  71  77   5   0  12 0.29  0.0    0 13.4 25  90   M    M   6 1      33 110
22  80  70  75   3   0  10 0.56  0.0    0 13.7 26 140   M    M   6 13     32 150
23  86  69  78   6   0  13 0.75  0.0    0  8.6 32 120   M    M   3 13     42 110
================================================================================
SM 1893 1425         4 174  3.66     0.0 195.0          M       62
================================================================================
AV 82.3 62.0                               8.5 FASTST   M    M   3    MAX(MPH)
                                 MISC ---->  # 32 120               # 42  110
================================================================================
NOTES:
# LAST OF SEVERAL OCCURRENCES

COLUMN 17 PEAK WIND IN M.P.H.

PRELIMINARY LOCAL CLIMATOLOGICAL DATA (WS FORM: F-6) , PAGE 2

                                          STATION:  FORT PIERCE
                                          MONTH:    APRIL
                                          YEAR:     2018
                                          LATITUDE:   27 30 N
                                          LONGITUDE:  80 22 W

[TEMPERATURE DATA]      [PRECIPITATION DATA]       SYMBOLS USED IN COLUMN 16

AVERAGE MONTHLY: 72.1   TOTAL FOR MONTH:   3.66    1 = FOG OR MIST
DPTR FM NORMAL:   1.5   DPTR FM NORMAL:    1.60    2 = FOG REDUCING VISIBILITY
HIGHEST:    91 ON  9    GRTST 24HR  0.75 ON 23-23      TO 1/4 MILE OR LESS
LOWEST:     47 ON 18                               3 = THUNDER
                        SNOW, ICE PELLETS, HAIL    4 = ICE PELLETS
                        TOTAL MONTH:   0.0 INCH    5 = HAIL
                        GRTST 24HR     0.0         6 = FREEZING RAIN OR DRIZZLE
                        GRTST DEPTH:   0           7 = DUSTSTORM OR SANDSTORM:
                                                       VSBY 1/2 MILE OR LESS
                                                   8 = SMOKE OR HAZE
[NO. OF DAYS WITH]      [WEATHER - DAYS WITH]      9 = BLOWING SNOW
                                                   X = TORNADO
MAX 32 OR BELOW:   0    0.01 INCH OR MORE:   8
MAX 90 OR ABOVE:   2    0.10 INCH OR MORE:   7
MIN 32 OR BELOW:   0    0.50 INCH OR MORE:   4
MIN  0 OR BELOW:   0    1.00 INCH OR MORE:   0

[HDD (BASE 65) ]
TOTAL THIS MO.     4    CLEAR  (SCALE 0-3)  14
DPTR FM NORMAL    -9    PTCLDY (SCALE 4-7)   9
TOTAL FM JUL 1   387    CLOUDY (SCALE 8-10)  0
DPTR FM NORMAL   -54

[CDD (BASE 65) ]
TOTAL THIS MO.   174
DPTR FM NORMAL    33    [PRESSURE DATA]
TOTAL FM JAN 1   521    HIGHEST SLP M ON M
DPTR FM NORMAL   135    LOWEST  SLP 29.74 ON  7

[REMARKS]
