000
CXUS55 KGJT 290910
CF6GJT
PRELIMINARY LOCAL CLIMATOLOGICAL DATA (WS FORM: F-6)
STATION: GRAND JUNCTION CO
MONTH: MARCH
YEAR: 2024
LATITUDE: 39 7 N
LONGITUDE: 108 32 W
TEMPERATURE IN F: :PCPN: SNOW: WIND :SUNSHINE: SKY :PK WND
================================================================================
1 2 3 4 5 6A 6B 7 8 9 10 11 12 13 14 15 16 17 18
12Z AVG MX 2MIN
DY MAX MIN AVG DEP HDD CDD WTR SNW DPTH SPD SPD DIR MIN PSBL S-S WX SPD DR
================================================================================
1 63 30 47 7 18 0 0.00 0.0 0 10.0 23 190 M M 2 29 180
2 65 35 50 9 15 0 T T 0 20.2 41 230 M M 4 60 210
3 47 28 38 -3 27 0 0.42 4.4 3 7.1 25 320 M M 8 1 33 290
4 44 27 36 -6 29 0 0.07 2.0 3 5.5 15 300 M M 8 1 20 300
5 53 34 44 2 21 0 0.00 0.0 0 4.4 12 110 M M 5 17 330
6 58 34 46 4 19 0 T T 0 6.5 22 110 M M 3 27 110
7 55 37 46 3 19 0 T 0.0 0 6.1 21 140 M M 7 25 140
8 52 34 43 0 22 0 0.00 0.0 0 7.4 26 40 M M 6 8 34 30
9 55 25 40 -3 25 0 0.00 0.0 M 4.4 14 120 M M 0 18 130
10 59 29 44 0 21 0 0.00 0.0 0 9.4 21 130 M M 0 27 110
11 65 37 51 7 14 0 0.00 0.0 0 11.8 25 120 M M 3 29 120
12 59 33 46 2 19 0 T M M 6.7 21 300 M M 5 27 300
13 46 36 41 -3 24 0 0.18 T 0 7.1 18 300 M M 8 1 26 250
14 51 33 42 -3 23 0 T T 0 3.8 13 230 M M 7 16 250
15 55 37 46 1 19 0 T 0.0 0 5.3 17 140 M M 6 23 140
16 52 30 41 -4 24 0 0.09 0.0 0 4.9 15 350 M M 6 1 17 300
17 60 35 48 2 17 0 T 0.0 0 3.5 13 20 M M 3 1 16 30
18 62 32 47 1 18 0 0.00 0.0 0 6.1 14 130 M M 0 17 270
19 65 34 50 4 15 0 0.00 0.0 0 6.9 15 300 M M 0 21 300
20 68 36 52 6 13 0 0.00 0.0 0 6.5 17 300 M M 0 23 300
21 70 34 52 6 13 0 0.00 0.0 0 7.4 33 330 M M 1 42 330
22 68 35 52 5 13 0 0.00 0.0 0 5.5 15 310 M M 1 22 310
23 66 47 57 10 8 0 0.00 0.0 0 13.1 33 190 M M 3 43 210
24 53 39 46 -1 19 0 0.06 0.0 0 10.5 25 290 M M 9 34 300
25 48 33 41 -6 24 0 T 0.0 0 7.5 18 20 M M 7 27 20
26 50 33 42 -6 23 0 T T 0 6.9 30 320 M M 7 36 320
27 56 28 42 -6 23 0 0.00 0.0 0 5.2 20 260 M M 3 27 260
28 66 39 53 5 12 0 0.00 0.0 0 12.7 26 120 M M 4 31 120
================================================================================
SM 1611 944 537 0 0.82 6.4 212.4 M 116
================================================================================
AV 57.5 33.7 7.6 FASTST M M 4 MAX(MPH)
MISC ----> 41 230 60 210
================================================================================
NOTES:
# LAST OF SEVERAL OCCURRENCES
COLUMN 17 PEAK WIND IN M.P.H.
PRELIMINARY LOCAL CLIMATOLOGICAL DATA (WS FORM: F-6) , PAGE 2
STATION: GRAND JUNCTION CO
MONTH: MARCH
YEAR: 2024
LATITUDE: 39 7 N
LONGITUDE: 108 32 W
[TEMPERATURE DATA] [PRECIPITATION DATA] SYMBOLS USED IN COLUMN 16
AVERAGE MONTHLY: 45.6 TOTAL FOR MONTH: 0.82 1 = FOG OR MIST
DPTR FM NORMAL: 1.0 DPTR FM NORMAL: 0.11 2 = FOG REDUCING VISIBILITY
HIGHEST: 70 ON 21 GRTST 24HR 0.42 ON 3- 3 TO 1/4 MILE OR LESS
LOWEST: 25 ON 9 3 = THUNDER
SNOW, ICE PELLETS, HAIL 4 = ICE PELLETS
TOTAL MONTH: 6.4 INCHES 5 = HAIL
GRTST 24HR 4.4 ON 3- 3 6 = FREEZING RAIN OR DRIZZLE
GRTST DEPTH: 3 ON 4, 3 7 = DUSTSTORM OR SANDSTORM:
VSBY 1/2 MILE OR LESS
8 = SMOKE OR HAZE
[NO. OF DAYS WITH] [WEATHER - DAYS WITH] 9 = BLOWING SNOW
X = TORNADO
MAX 32 OR BELOW: 0 0.01 INCH OR MORE: 5
MAX 90 OR ABOVE: 0 0.10 INCH OR MORE: 2
MIN 32 OR BELOW: 8 0.50 INCH OR MORE: 0
MIN 0 OR BELOW: 0 1.00 INCH OR MORE: 0
[HDD (BASE 65) ]
TOTAL THIS MO. 537 CLEAR (SCALE 0-3) 10
DPTR FM NORMAL -33 PTCLDY (SCALE 4-7) 15
TOTAL FM JUL 1 4107 CLOUDY (SCALE 8-10) 3
DPTR FM NORMAL -777
[CDD (BASE 65) ]
TOTAL THIS MO. 0
DPTR FM NORMAL 0 [PRESSURE DATA]
TOTAL FM JAN 1 0 HIGHEST SLP M ON M
DPTR FM NORMAL 0 LOWEST SLP 29.25 ON 24
[REMARKS]