000
CXUS55 KMSO 280900
CF6GPI
PRELIMINARY LOCAL CLIMATOLOGICAL DATA (WS FORM: F-6)
STATION: KALISPELL MT
MONTH: MARCH
YEAR: 2024
LATITUDE: 48 17 N
LONGITUDE: 114 16 W
TEMPERATURE IN F: :PCPN: SNOW: WIND :SUNSHINE: SKY :PK WND
================================================================================
1 2 3 4 5 6A 6B 7 8 9 10 11 12 13 14 15 16 17 18
12Z AVG MX 2MIN
DY MAX MIN AVG DEP HDD CDD WTR SNW DPTH SPD SPD DIR MIN PSBL S-S WX SPD DR
================================================================================
1 39 26 33 3 32 0 0.01 T 0 8.0 18 150 M M 4 1 30 120
2 32 17 25 -5 40 0 0.11 1.0 0 10.8 26 30 M M 5 128 35 30
3 38 15 27 -3 38 0 T 0.1 1 5.4 13 150 M M 7 8 22 230
4 39 21 30 -1 35 0 T T 1 7.7 23 220 M M 8 18 31 220
5 39 21 30 -1 35 0 0.00 0.0 0 7.1 20 230 M M 5 29 210
6 38 15 27 -4 38 0 0.00 0.0 0 2.8 14 140 M M 3 18 220
7 38 12 25 -7 40 0 0.00 0.0 0 2.9 12 170 M M 0 15 170
8 42 14 28 -4 37 0 0.00 0.0 0 2.8 13 160 M M 1 18 160
9 48 20 34 2 31 0 0.00 0.0 0 4.5 15 220 M M 1 19 220
10 43 35 39 6 26 0 0.01 0.0 0 5.2 17 150 M M 9 8 23 150
11 50 34 42 9 23 0 T 0.0 0 6.5 20 180 M M 8 27 200
12 50 34 42 9 23 0 0.09 T 0 6.7 17 210 M M 8 23 220
13 45 26 36 2 29 0 0.00 0.0 0 4.8 13 150 M M 7 21 100
14 48 21 35 1 30 0 0.00 0.0 0 1.3 9 120 M M 2 14 160
15 55 22 39 5 26 0 0.00 0.0 0 1.6 8 30 M M 0 10 40
16 64 24 44 9 21 0 0.00 0.0 0 1.7 7 70 M M 0 11 60
17 63 26 45 10 20 0 0.00 0.0 0 3.3 10 170 M M 0 14 180
18 65 24 45 10 20 0 0.00 0.0 0 3.5 14 160 M M 0 20 200
19 65 25 45 9 20 0 0.00 0.0 0 4.6 18 20 M M 1 24 30
20 65 31 48 12 17 0 0.00 0.0 0 7.0 16 230 M M 2 23 10
21 53 32 43 7 22 0 T 0.0 0 11.6 26 20 M M 8 36 10
22 45 29 37 0 28 0 T T T 15.0 25 10 M M 7 1 35 20
23 36 25 31 -6 34 0 0.15 1.2 0 19.4 28 10 M M 8 128 41 10
24 34 22 28 -9 37 0 T T 1 15.3 24 10 M M 7 8 32 10
25 37 14 26 -11 39 0 0.00 0.0 1 3.6 15 360 M M 7 19 350
26 46 29 38 0 27 0 T T 0 5.1 15 150 M M 8 1 18 150
27 51 29 40 2 25 0 0.07 0.0 0 8.9 17 170 M M 7 26 190
================================================================================
SM 1268 643 793 0 0.44 2.3 177.1 M 123
================================================================================
AV 47.0 23.8 6.6 FASTST M M 5 MAX(MPH)
MISC ----> 28 10 41 10
================================================================================
NOTES:
# LAST OF SEVERAL OCCURRENCES
COLUMN 17 PEAK WIND IN M.P.H.
PRELIMINARY LOCAL CLIMATOLOGICAL DATA (WS FORM: F-6) , PAGE 2
STATION: KALISPELL MT
MONTH: MARCH
YEAR: 2024
LATITUDE: 48 17 N
LONGITUDE: 114 16 W
[TEMPERATURE DATA] [PRECIPITATION DATA] SYMBOLS USED IN COLUMN 16
AVERAGE MONTHLY: 35.4 TOTAL FOR MONTH: 0.44 1 = FOG OR MIST
DPTR FM NORMAL: 1.4 DPTR FM NORMAL: -0.52 2 = FOG REDUCING VISIBILITY
HIGHEST: 65 ON 20,19 GRTST 24HR 0.15 ON 22-23 TO 1/4 MILE OR LESS
LOWEST: 12 ON 7 3 = THUNDER
SNOW, ICE PELLETS, HAIL 4 = ICE PELLETS
TOTAL MONTH: 2.3 INCHES 5 = HAIL
GRTST 24HR 1.2 ON 23-23 6 = FREEZING RAIN OR DRIZZLE
GRTST DEPTH: 4 ON M 7 = DUSTSTORM OR SANDSTORM:
VSBY 1/2 MILE OR LESS
8 = SMOKE OR HAZE
[NO. OF DAYS WITH] [WEATHER - DAYS WITH] 9 = BLOWING SNOW
X = TORNADO
MAX 32 OR BELOW: 1 0.01 INCH OR MORE: 6
MAX 90 OR ABOVE: 0 0.10 INCH OR MORE: 2
MIN 32 OR BELOW: 24 0.50 INCH OR MORE: 0
MIN 0 OR BELOW: 0 1.00 INCH OR MORE: 0
[HDD (BASE 65) ]
TOTAL THIS MO. 793 CLEAR (SCALE 0-3) 11
DPTR FM NORMAL -45 PTCLDY (SCALE 4-7) 15
TOTAL FM JUL 1 6263 CLOUDY (SCALE 8-10) 1
DPTR FM NORMAL -420
[CDD (BASE 65) ]
TOTAL THIS MO. 0
DPTR FM NORMAL 0 [PRESSURE DATA]
TOTAL FM JAN 1 0 HIGHEST SLP M ON M
DPTR FM NORMAL 0 LOWEST SLP 29.29 ON 2
[REMARKS]