000
CXUS54 KJAN 241414
CF6GWO
PRELIMINARY LOCAL CLIMATOLOGICAL DATA (WS FORM: F-6)

                                          STATION:   GREENWOOD
                                          MONTH:     MAY
                                          YEAR:      2018
                                          LATITUDE:   33 30 N
                                          LONGITUDE:  90  5 W

  TEMPERATURE IN F:       :PCPN:    SNOW:  WIND      :SUNSHINE: SKY     :PK WND
================================================================================
1   2   3   4   5  6A  6B    7    8   9   10  11  12  13   14  15   16   17  18
                                     12Z  AVG MX 2MIN
DY MAX MIN AVG DEP HDD CDD  WTR  SNW DPTH SPD SPD DIR MIN PSBL S-S WX    SPD DR
================================================================================

 1  84  52  68   0   0   3 0.00  0.0    0  7.6 20 210   M    M   1        23 190
 2  88  65  77   9   0  12 0.00  0.0    0 10.5 21 170   M    M   1        28 210
 3  88  64  76   8   0  11 0.00  0.0    M  9.4 20 170   M    M   0        23 170
 4  83  65  74   5   0   9 0.05  0.0    0  4.6 17 180   M    M   6 13     22 190
 5  78  60  69   0   0   4 1.23  0.0    0  3.6 16  10   M    M   7 13     23 330
 6  85  56  71   2   0   6 0.00  0.0    0  2.3 10 350   M    M   0 1      13 350
 7  87  57  72   3   0   7 0.00  0.0    0  2.3  7 360   M    M   0        11 340
 8  90  60  75   5   0  10 0.00  0.0    0  3.1  8 130   M    M   1 1      11 130
 9  90  66  78   8   0  13 0.00  0.0    0  6.4 17 190   M    M   0 8      20 190
10  90  65  78   8   0  13 0.00  0.0    0  5.5 14 180   M    M   1        18 210
11  89  63  76   5   0  11 0.00  0.0    0  7.3 17 190   M    M   0        22 200
12  90  65  78   7   0  13 0.00  0.0    0  4.6 14 190   M    M   0        19 190
13  91  64  78   7   0  13 0.00  0.0    0  4.7 15 190   M    M   0 1      19  M
14  94  66  80   9   0  15 0.00  0.0    0  1.6  8 120   M    M   1 1      10 120
15  94  68  81   9   0  16 0.27  0.0    0  3.8 25 220   M    M   1 13     33 240
16  91  68  80   8   0  15 0.25  0.0    0  2.4 21 350   M    M   2 138    28 360
17  83  67  75   3   0  10 0.57  0.0    0  3.7 16  20   M    M   5 13     19  20
18  85  65  75   3   0  10 0.00  0.0    0  2.3  9 200   M    M   4 1      14 240
19  91  70  81   8   0  16 0.00  0.0    0  5.6 12 200   M    M   1        17 210
20  92  70  81   8   0  16 1.07  0.0    0  4.9 32 210   M    M   0 13     38 200
21  87  70  79   6   0  14 0.43  0.0    0  3.8 20  30   M    M   3 13     25  30
22  88  67  78   5   0  13 0.00  0.0    0  2.3 10 120   M    M   0 18     12 140
23  91  69  80   6   0  15 0.86  0.0    0  2.9 26  20   M    M   1 13     33 360
================================================================================
SM 2029 1482         0 265  4.73     0.0 105.2          M       35
================================================================================
AV 88.2 64.4                               4.6 FASTST   M    M   2    MAX(MPH)
                                 MISC ---->  # 32 210               # 38  200
================================================================================
NOTES:
# LAST OF SEVERAL OCCURRENCES

COLUMN 17 PEAK WIND IN M.P.H.

PRELIMINARY LOCAL CLIMATOLOGICAL DATA (WS FORM: F-6) , PAGE 2

                                          STATION:  GREENWOOD
                                          MONTH:    MAY
                                          YEAR:     2018
                                          LATITUDE:   33 30 N
                                          LONGITUDE:  90  5 W

[TEMPERATURE DATA]      [PRECIPITATION DATA]       SYMBOLS USED IN COLUMN 16

AVERAGE MONTHLY: 76.3   TOTAL FOR MONTH:   4.73    1 = FOG OR MIST
DPTR FM NORMAL:   5.5   DPTR FM NORMAL:    0.95    2 = FOG REDUCING VISIBILITY
HIGHEST:    94 ON 15,14 GRTST 24HR  1.23 ON  5- 5      TO 1/4 MILE OR LESS
LOWEST:     52 ON  1                               3 = THUNDER
                        SNOW, ICE PELLETS, HAIL    4 = ICE PELLETS
                        TOTAL MONTH:   0.0 INCH    5 = HAIL
                        GRTST 24HR     0.0         6 = FREEZING RAIN OR DRIZZLE
                        GRTST DEPTH:   0           7 = DUSTSTORM OR SANDSTORM:
                                                       VSBY 1/2 MILE OR LESS
                                                   8 = SMOKE OR HAZE
[NO. OF DAYS WITH]      [WEATHER - DAYS WITH]      9 = BLOWING SNOW
                                                   X = TORNADO
MAX 32 OR BELOW:   0    0.01 INCH OR MORE:   8
MAX 90 OR ABOVE:  11    0.10 INCH OR MORE:   7
MIN 32 OR BELOW:   0    0.50 INCH OR MORE:   4
MIN  0 OR BELOW:   0    1.00 INCH OR MORE:   2

[HDD (BASE 65) ]
TOTAL THIS MO.     0    CLEAR  (SCALE 0-3)  19
DPTR FM NORMAL   -15    PTCLDY (SCALE 4-7)   4
TOTAL FM JUL 1  2501    CLOUDY (SCALE 8-10)  0
DPTR FM NORMAL  -185

[CDD (BASE 65) ]
TOTAL THIS MO.   265
DPTR FM NORMAL   117    [PRESSURE DATA]
TOTAL FM JAN 1   350    HIGHEST SLP M ON M
DPTR FM NORMAL   100    LOWEST  SLP 29.77 ON 17

[REMARKS]
