000
CXUS54 KEWX 230910
CF6HDO
PRELIMINARY LOCAL CLIMATOLOGICAL DATA (WS FORM: F-6)

                                          STATION:   HONDO
                                          MONTH:     APRIL
                                          YEAR:      2018
                                          LATITUDE:   29 21 N
                                          LONGITUDE:  99 10 W

  TEMPERATURE IN F:       :PCPN:    SNOW:  WIND      :SUNSHINE: SKY     :PK WND
================================================================================
1   2   3   4   5  6A  6B    7    8   9   10  11  12  13   14  15   16   17  18
                                     12Z  AVG MX 2MIN
DY MAX MIN AVG DEP HDD CDD  WTR  SNW DPTH SPD SPD DIR MIN PSBL S-S WX    SPD DR
================================================================================

 1  88  64  76  11   0  11 0.00    M    M   M   M   M   M    M   5         M  M
 2  89  70  80  14   0  15 0.00    M    M 14.3 22 120   M    M   8        27 120
 3  82  65  74   8   0   9 0.00    M    M  9.0 30  30   M    M   7        37  30
 4  74  55  65  -1   0   0 0.00    M    M 14.5 29  30   M    M   6        35  30
 5  78  59  69   3   0   4 0.00    M    M  7.0 17 150   M    M   9        22 140
 6  89  68  79  13   0  14 0.01    M    M  7.6 17 150   M    M   6 1      23 170
 7  74  46  60  -7   5   0 0.00    M    M 17.1 29  30   M    M   7        36  30
 8  74  45  60  -7   5   0 0.00    M    M  7.2 15 180   M    M   5        20 150
 9  73  55  64  -3   1   0    T    M    M  9.5 20  70   M    M   8 12     34  70
10  80  52  66  -1   0   1 0.00    M    M  9.4 20  50   M    M   0        25  50
11  85  48  67  -1   0   2 0.00    M    M  9.4 21 170   M    M   0        26 160
12  90  59  75   7   0  10 0.00    M    M 12.6 25 130   M    M   4        31 130
13  90  64  77   9   0  12 0.05    M    M 10.4 29 350   M    M   6 3      38 350
14  77  47  62  -6   3   0 0.00    M    M 14.5 33  10   M    M   1        40  10
15  79  40  60  -9   5   0 0.00    M    M  6.6 15 150   M    M   0        21 180
16  88  47  68  -1   0   3 0.00    M    M 12.0 25 170   M    M   0        33 160
17  91  53  72   3   0   7 0.00    M    M 11.3 20 130   M    M   0        25 150
18  87  56  72   3   0   7 0.00    M    M  8.9 18  70   M    M   5        24  40
19  81  53  67  -3   0   2 0.00    M    M 11.4 22  70   M    M   0        27  70
20  69  60  65  -5   0   0    T    M    M 12.7 23 110   M    M   6        29 120
21  84  61  73   3   0   8    T    M    M  7.6 21  20   M    M   7 1      25 360
22  85  54  70   0   0   5 0.00  0.0    0  8.3 24  20   M    M   0        29  20
================================================================================
SM 1807 1221        19 110  0.06     0.0 221.3          M       90
================================================================================
AV 82.1 55.5                              10.5 FASTST   M    M   4    MAX(MPH)
                                 MISC ---->  # 33  10               # 40   10
================================================================================
NOTES:
# LAST OF SEVERAL OCCURRENCES

COLUMN 17 PEAK WIND IN M.P.H.

PRELIMINARY LOCAL CLIMATOLOGICAL DATA (WS FORM: F-6) , PAGE 2

                                          STATION:  HONDO
                                          MONTH:    APRIL
                                          YEAR:     2018
                                          LATITUDE:   29 21 N
                                          LONGITUDE:  99 10 W

[TEMPERATURE DATA]      [PRECIPITATION DATA]       SYMBOLS USED IN COLUMN 16

AVERAGE MONTHLY: 68.8   TOTAL FOR MONTH:   0.06    1 = FOG OR MIST
DPTR FM NORMAL:   1.0   DPTR FM NORMAL:   -1.26    2 = FOG REDUCING VISIBILITY
HIGHEST:    91 ON 17    GRTST 24HR  0.05 ON 13-13      TO 1/4 MILE OR LESS
LOWEST:     40 ON 15                               3 = THUNDER
                        SNOW, ICE PELLETS, HAIL    4 = ICE PELLETS
                        TOTAL MONTH:   0.0 INCH    5 = HAIL
                        GRTST 24HR     0.0         6 = FREEZING RAIN OR DRIZZLE
                        GRTST DEPTH:   0           7 = DUSTSTORM OR SANDSTORM:
                                                       VSBY 1/2 MILE OR LESS
                                                   8 = SMOKE OR HAZE
[NO. OF DAYS WITH]      [WEATHER - DAYS WITH]      9 = BLOWING SNOW
                                                   X = TORNADO
MAX 32 OR BELOW:   0    0.01 INCH OR MORE:   2
MAX 90 OR ABOVE:   3    0.10 INCH OR MORE:   0
MIN 32 OR BELOW:   0    0.50 INCH OR MORE:   0
MIN  0 OR BELOW:   0    1.00 INCH OR MORE:   0

[HDD (BASE 65) ]
TOTAL THIS MO.    19    CLEAR  (SCALE 0-3)   8
DPTR FM NORMAL   -20    PTCLDY (SCALE 4-7)  12
TOTAL FM JUL 1  1148    CLOUDY (SCALE 8-10)  2
DPTR FM NORMAL  -433

[CDD (BASE 65) ]
TOTAL THIS MO.   110
DPTR FM NORMAL    10    [PRESSURE DATA]
TOTAL FM JAN 1   332    HIGHEST SLP M ON M
DPTR FM NORMAL   154    LOWEST  SLP 29.51 ON 13

[REMARKS]
