925
CXUS55 KRIW 270902
CF6JAC
PRELIMINARY LOCAL CLIMATOLOGICAL DATA (WS FORM: F-6)

                                          STATION:   JACKSON  WY
                                          MONTH:     APRIL
                                          YEAR:      2018
                                          LATITUDE:   43 35 N
                                          LONGITUDE: 110 44 W

  TEMPERATURE IN F:       :PCPN:    SNOW:  WIND      :SUNSHINE: SKY     :PK WND
================================================================================
1   2   3   4   5  6A  6B    7    8   9   10  11  12  13   14  15   16   17  18
                                     12Z  AVG MX 2MIN
DY MAX MIN AVG DEP HDD CDD  WTR  SNW DPTH SPD SPD DIR MIN PSBL S-S WX    SPD DR
================================================================================

 1  43  28  36   4  29   0 0.03    M    M 10.0 22 190   M    M  10 12     40 240
 2  39  15  27  -6  38   0 0.18    M    M 13.9 29 240   M    M  10 1      45 230
 3  35   9  22 -11  43   0 0.00  0.0    M  9.2 18 190   M    M   3        16 210
 4  40  29  35   2  30   0    T    M    M 13.1 20 200   M    M  10 1      28 190
 5  46  36  41   7  24   0 0.09    M    M  8.4 14 210   M    M  10         M  M
 6  50  34  42   8  23   0 0.17    M    M  5.9 14 190   M    M  10         M  M
 7  43  32  38   4  27   0 0.21    M    M  7.1 17 200   M    M  10 13     32 230
 8  35  31  33  -2  32   0 0.10    M    M  9.0 18 200   M    M  10 13     30 190
 9  45  25  35   0  30   0    T    M    M  6.0 14 240   M    M   5        20 240
10  52  21  37   2  28   0    T    M    M  7.3 16 200   M    M   2         M  M
11  51  36  44   8  21   0 0.21    M    M 11.0 20 210   M    M   7        29 220
12  37  25  31  -5  34   0 0.30    M    M 11.6 20 200   M    M   8 1      30 210
13  37  22  30  -6  35   0    T    M    M  6.1 15 270   M    M   6        24 300
14  43  17  30  -6  35   0    T    M    M  4.5 10 210   M    M   6         M  M
15  52  29  41   4  24   0 0.00  0.0    M  3.2 13 190   M    M   5         M  M
16  62  23  43   6  22   0 0.00  0.0    M 10.3 27 240   M    M   3        43 180
17  34  25  30  -7  35   0 0.03    M    M  6.2 12 280   M    M   7 18     18 280
18  46  11  29  -9  36   0    T    M    M  5.8 10  20   M    M   3         M  M
19  55  27  41   3  24   0 0.00    M    M  9.6 17  20   M    M   1 8      16 350
20  61  34  48  10  17   0 0.00    M    M 15.9 24  20   M    M   0        25  20
21  62  24  43   4  22   0 0.00    M    M  6.3 12 250   M    M   0        21 250
22  65  25  45   6  20   0 0.00    M    M  6.0 14 190   M    M   2        24 190
23  50  33  42   2  23   0 0.10    M    M  9.8 17  10   M    M   8 1      22 220
24  53  26  40   0  25   0 0.00    M    M  9.2 17  20   M    M   4        22  20
25  61  20  41   1  24   0 0.00    M    M  6.8 16 260   M    M   1        23 260
26  65  27  46   6  19   0 0.00    M    M  7.3 13  10   M    M   0         M  M
================================================================================
SM 1262  664       720   0  1.42     0.0 219.5          M      141
================================================================================
AV 48.5 25.5                               8.4 FASTST   M    M   5    MAX(MPH)
                                 MISC ---->  # 29 240               # 45  230
================================================================================
NOTES:
# LAST OF SEVERAL OCCURRENCES

COLUMN 17 PEAK WIND IN M.P.H.

PRELIMINARY LOCAL CLIMATOLOGICAL DATA (WS FORM: F-6) , PAGE 2

                                          STATION:  JACKSON  WY
                                          MONTH:    APRIL
                                          YEAR:     2018
                                          LATITUDE:   43 35 N
                                          LONGITUDE: 110 44 W

[TEMPERATURE DATA]      [PRECIPITATION DATA]       SYMBOLS USED IN COLUMN 16

AVERAGE MONTHLY: 37.0   TOTAL FOR MONTH:   1.42    1 = FOG OR MIST
DPTR FM NORMAL:   0.7   DPTR FM NORMAL:    0.15    2 = FOG REDUCING VISIBILITY
HIGHEST:    65 ON 26,22 GRTST 24HR  0.30 ON 12-12      TO 1/4 MILE OR LESS
LOWEST:      9 ON  3                               3 = THUNDER
                        SNOW, ICE PELLETS, HAIL    4 = ICE PELLETS
                        TOTAL MONTH:   0.0 INCH    5 = HAIL
                        GRTST 24HR     0.0         6 = FREEZING RAIN OR DRIZZLE
                        GRTST DEPTH:  M  ON   M    7 = DUSTSTORM OR SANDSTORM:
                                                       VSBY 1/2 MILE OR LESS
                                                   8 = SMOKE OR HAZE
[NO. OF DAYS WITH]      [WEATHER - DAYS WITH]      9 = BLOWING SNOW
                                                   X = TORNADO
MAX 32 OR BELOW:   0    0.01 INCH OR MORE:  10
MAX 90 OR ABOVE:   0    0.10 INCH OR MORE:   7
MIN 32 OR BELOW:  21    0.50 INCH OR MORE:   0
MIN  0 OR BELOW:   0    1.00 INCH OR MORE:   0

[HDD (BASE 65) ]
TOTAL THIS MO.   720    CLEAR  (SCALE 0-3)  10
DPTR FM NORMAL   -24    PTCLDY (SCALE 4-7)   8
TOTAL FM JUL 1  8238    CLOUDY (SCALE 8-10)  8
DPTR FM NORMAL  -797

[CDD (BASE 65) ]
TOTAL THIS MO.     0
DPTR FM NORMAL     0    [PRESSURE DATA]
TOTAL FM JAN 1     0    HIGHEST SLP M ON M
DPTR FM NORMAL     0    LOWEST  SLP M ON M

[REMARKS]
