000
CXUS54 KSJT 241000
CF6JCT
PRELIMINARY LOCAL CLIMATOLOGICAL DATA (WS FORM: F-6)

                                          STATION:   JUNCTION
                                          MONTH:     APRIL
                                          YEAR:      2018
                                          LATITUDE:   30 18 N
                                          LONGITUDE:  99 28 W

  TEMPERATURE IN F:       :PCPN:    SNOW:  WIND      :SUNSHINE: SKY     :PK WND
================================================================================
1   2   3   4   5  6A  6B    7    8   9   10  11  12  13   14  15   16   17  18
                                     12Z  AVG MX 2MIN
DY MAX MIN AVG DEP HDD CDD  WTR  SNW DPTH SPD SPD DIR MIN PSBL S-S WX    SPD DR
================================================================================

 1  84  57  71   8   0   6 0.00  0.0    0  6.6 15 170   M    M   1        22 160
 2  82  52  67   4   0   2 0.01  0.0    0  7.5 18 160   M    M   8 18     24 160
 3  91  56  74  11   0   9 0.00  0.0    0 11.4 30  10   M    M   5 18     35  20
 4  73  46  60  -4   5   0 0.00  0.0    0 10.6 21  60   M    M   2        27  20
 5  79  55  67   3   0   2 0.00  0.0    0  9.1 22 190   M    M   3        31 190
 6  90  54  72   8   0   7 0.00  0.0    0 10.2 26  10   M    M   3 8      34  10
 7  54  37  46 -18  19   0 0.00  0.0    0 13.6 21  40   M    M   8        26  20
 8  85  39  62  -2   3   0 0.00  0.0    0  7.2 18 210   M    M   4        27 200
 9  70  51  61  -4   4   0 0.00  0.0    0  7.7 18  30   M    M   6 18     24  40
10  78  42  60  -5   5   0 0.00  0.0    0  5.8 17  60   M    M   0 18     22  60
11  84  50  67   2   0   2 0.00  0.0    0  9.7 22 180   M    M   0        30 150
12  96  62  79  14   0  14 0.00  0.0    0 12.7 26 170   M    M   0 8      31 160
13  95  65  80  14   0  15 0.00  0.0    0 13.8 33 310   M    M   5 8      47 310
14  70  43  57  -9   8   0 0.00  0.0    0 13.5 26 350   M    M   0        33 340
15  81  33  57  -9   8   0 0.00  0.0    0  5.0 17  60   M    M   0 8      21  60
16  86  48  67   1   0   2 0.00  0.0    0 10.9 25 170   M    M   0        33 170
17  94  55  75   9   0  10 0.00  0.0    0 10.0 22 170   M    M   0        28 170
18  82  53  68   1   0   3 0.00  0.0    0  8.9 24  30   M    M   1 18     31  30
19  78  42  60  -7   5   0 0.00  0.0    M  9.3 20  80   M    M   0        25  90
20  71  54  63  -4   2   0 0.00  0.0    0 13.6 25 130   M    M   6 18     31 130
21  86  58  72   5   0   7 0.04  0.0    0  9.7 28  10   M    M   5 1      36  10
22  80  47  64  -4   1   0 0.00  0.0    0  6.5 17  20   M    M   1        21  10
23  87  44  66  -2   0   1 0.00  0.0    0  3.2 12  10   M    M   0 8      14  10
================================================================================
SM 1876 1143        60  80  0.05     0.0 216.5          M       58
================================================================================
AV 81.6 49.7                               9.4 FASTST   M    M   3    MAX(MPH)
                                 MISC ---->  # 33 310               # 47  310
================================================================================
NOTES:
# LAST OF SEVERAL OCCURRENCES

COLUMN 17 PEAK WIND IN M.P.H.

PRELIMINARY LOCAL CLIMATOLOGICAL DATA (WS FORM: F-6) , PAGE 2

                                          STATION:  JUNCTION
                                          MONTH:    APRIL
                                          YEAR:     2018
                                          LATITUDE:   30 18 N
                                          LONGITUDE:  99 28 W

[TEMPERATURE DATA]      [PRECIPITATION DATA]       SYMBOLS USED IN COLUMN 16

AVERAGE MONTHLY: 65.6   TOTAL FOR MONTH:   0.05    1 = FOG OR MIST
DPTR FM NORMAL:   0.3   DPTR FM NORMAL:   -1.53    2 = FOG REDUCING VISIBILITY
HIGHEST:    96 ON 12    GRTST 24HR  0.04 ON 21-21      TO 1/4 MILE OR LESS
LOWEST:     33 ON 15                               3 = THUNDER
                        SNOW, ICE PELLETS, HAIL    4 = ICE PELLETS
                        TOTAL MONTH:   0.0 INCH    5 = HAIL
                        GRTST 24HR     0.0         6 = FREEZING RAIN OR DRIZZLE
                        GRTST DEPTH:   0           7 = DUSTSTORM OR SANDSTORM:
                                                       VSBY 1/2 MILE OR LESS
                                                   8 = SMOKE OR HAZE
[NO. OF DAYS WITH]      [WEATHER - DAYS WITH]      9 = BLOWING SNOW
                                                   X = TORNADO
MAX 32 OR BELOW:   0    0.01 INCH OR MORE:   2
MAX 90 OR ABOVE:   5    0.10 INCH OR MORE:   0
MIN 32 OR BELOW:   0    0.50 INCH OR MORE:   0
MIN  0 OR BELOW:   0    1.00 INCH OR MORE:   0

[HDD (BASE 65) ]
TOTAL THIS MO.    60    CLEAR  (SCALE 0-3)  14
DPTR FM NORMAL    -6    PTCLDY (SCALE 4-7)   9
TOTAL FM JUL 1  1796    CLOUDY (SCALE 8-10)  0
DPTR FM NORMAL  -405

[CDD (BASE 65) ]
TOTAL THIS MO.    80
DPTR FM NORMAL     8    [PRESSURE DATA]
TOTAL FM JAN 1   173    HIGHEST SLP M ON M
DPTR FM NORMAL    61    LOWEST  SLP 29.49 ON 13

[REMARKS]
